{"id":749,"date":"2020-05-05T16:31:03","date_gmt":"2020-05-05T14:31:03","guid":{"rendered":"https:\/\/gymnasium-eckhorst.de\/homepage\/?page_id=749"},"modified":"2022-11-11T16:16:12","modified_gmt":"2022-11-11T15:16:12","slug":"ausbildung","status":"publish","type":"page","link":"https:\/\/gymnasium-eckhorst.de\/homepage\/ausbildung\/","title":{"rendered":"Ausbildung"},"content":{"rendered":"\n<div class=\"wp-block-columns alignwide is-layout-flex wp-container-core-columns-is-layout-9d6595d7 wp-block-columns-is-layout-flex\">\n<div class=\"wp-block-column is-layout-flow wp-block-column-is-layout-flow\" style=\"flex-basis:66.66%\">\n<p>Das Gymnasium Eckhorst bildet Referendar*innen in fast allen F\u00e4chern aus und betreut in begrenztem Umfang auch Praktikant*innen im Bachelor- und Masterstudiengang.<\/p>\n\n\n\n<p>Uns ist es wichtig, dass unsere LiVs (Lehrkr\u00e4fte im Vorbereitungsdienst) und Praktikant*innen optimal betreut und begleitet werden sowie gleichzeitig gleichberechtigt ins Kollegium integriert sind. Um eine reibungslose und effektive Betreuung zu gew\u00e4hrleisten, sind die Beratungsstunden mit den Mentor*innen in den Stundenplan integriert, Stundenverlegungen und\/oder Raumw\u00fcnsche aufgrund von Lehrproben werden problemlos umgesetzt und auf W\u00fcnsche bez\u00fcglich der Klassenverteilung wird im Rahmen der Machbarkeit eingegangen. W\u00f6chentlich findet eine Besprechungsstunde mit allen LiVs, Praktikant*innen und der Ausbildungskoordinatorin im &#8222;oval office&#8220; statt. In angenehmer Atmosph\u00e4re werden didaktische und p\u00e4dagogische Themen vertieft oder sich \u00fcber Aktuelles ausgetauscht.<\/p>\n\n\n\n<p>Unsere LiVs und Praktikant*innen werden vom gesamten Kollegium getragen, so dass auch problemlos Hospitationen bei anderen Fachkolleg*innen m\u00f6glich sind.<\/p>\n\n\n\n<p>Wir freuen uns, wenn unser Team durch neue, junge Ausbildungslehrkr\u00e4fte bereichert wird.<\/p>\n\n\n\n<p>Sie k\u00f6nnen sich hier unser Ausbildungskonzept herunterladen:<\/p>\n\n\n\n<div class=\"wp-block-file aligncenter\"><a id=\"wp-block-file--media-6a902ffd-6962-4305-9b86-f993c614d71d\" href=\"https:\/\/gymnasium-eckhorst.de\/homepage\/wp-content\/uploads\/2020\/05\/2017_02_10_Ausbildungskonzept_Gymnasium_Eckhorst.pdf\" target=\"_blank\" rel=\"noreferrer noopener\">Ausbildungskonzept<\/a><\/div>\n<\/div>\n\n\n\n<div class=\"wp-block-column is-layout-flow wp-block-column-is-layout-flow\" style=\"flex-basis:33.33%\"><\/div>\n<\/div>\n\n\n\n<p><\/p>\n","protected":false},"excerpt":{"rendered":"<p>Das Gymnasium Eckhorst bildet Referendar*innen in fast allen F\u00e4chern aus und betreut in begrenztem Umfang auch Praktikant*innen im Bachelor- und Masterstudiengang. Uns ist es wichtig, dass unsere LiVs (Lehrkr\u00e4fte im Vorbereitungsdienst) und Praktikant*innen optimal betreut und begleitet werden sowie gleichzeitig gleichberechtigt ins Kollegium integriert sind. Um eine reibungslose und effektive Betreuung zu gew\u00e4hrleisten, sind die [&hellip;]<\/p>\n","protected":false},"author":17,"featured_media":0,"parent":0,"menu_order":0,"comment_status":"closed","ping_status":"closed","template":"","meta":{"footnotes":""},"class_list":["post-749","page","type-page","status-publish","hentry"],"_links":{"self":[{"href":"https:\/\/gymnasium-eckhorst.de\/homepage\/wp-json\/wp\/v2\/pages\/749","targetHints":{"allow":["GET"]}}],"collection":[{"href":"https:\/\/gymnasium-eckhorst.de\/homepage\/wp-json\/wp\/v2\/pages"}],"about":[{"href":"https:\/\/gymnasium-eckhorst.de\/homepage\/wp-json\/wp\/v2\/types\/page"}],"author":[{"embeddable":true,"href":"https:\/\/gymnasium-eckhorst.de\/homepage\/wp-json\/wp\/v2\/users\/17"}],"replies":[{"embeddable":true,"href":"https:\/\/gymnasium-eckhorst.de\/homepage\/wp-json\/wp\/v2\/comments?post=749"}],"version-history":[{"count":6,"href":"https:\/\/gymnasium-eckhorst.de\/homepage\/wp-json\/wp\/v2\/pages\/749\/revisions"}],"predecessor-version":[{"id":5337,"href":"https:\/\/gymnasium-eckhorst.de\/homepage\/wp-json\/wp\/v2\/pages\/749\/revisions\/5337"}],"wp:attachment":[{"href":"https:\/\/gymnasium-eckhorst.de\/homepage\/wp-json\/wp\/v2\/media?parent=749"}],"curies":[{"name":"wp","href":"https:\/\/api.w.org\/{rel}","templated":true}]}}

<div class="wp-block-columns alignwide is-layout-flex wp-container-core-columns-is-layout-9d6595d7 wp-block-columns-is-layout-flex">
<div class="wp-block-column is-layout-flow wp-block-column-is-layout-flow" style="flex-basis:66.66%">
<p>Das Gymnasium Eckhorst bildet Referendar*innen in fast allen Fächern aus und betreut in begrenztem Umfang auch Praktikant*innen im Bachelor- und Masterstudiengang.</p>



<p>Uns ist es wichtig, dass unsere LiVs (Lehrkräfte im Vorbereitungsdienst) und Praktikant*innen optimal betreut und begleitet werden sowie gleichzeitig gleichberechtigt ins Kollegium integriert sind. Um eine reibungslose und effektive Betreuung zu gewährleisten, sind die Beratungsstunden mit den Mentor*innen in den Stundenplan integriert, Stundenverlegungen und/oder Raumwünsche aufgrund von Lehrproben werden problemlos umgesetzt und auf Wünsche bezüglich der Klassenverteilung wird im Rahmen der Machbarkeit eingegangen. Wöchentlich findet eine Besprechungsstunde mit allen LiVs, Praktikant*innen und der Ausbildungskoordinatorin im &#8222;oval office&#8220; statt. In angenehmer Atmosphäre werden didaktische und pädagogische Themen vertieft oder sich über Aktuelles ausgetauscht.</p>



<p>Unsere LiVs und Praktikant*innen werden vom gesamten Kollegium getragen, so dass auch problemlos Hospitationen bei anderen Fachkolleg*innen möglich sind.</p>



<p>Wir freuen uns, wenn unser Team durch neue, junge Ausbildungslehrkräfte bereichert wird.</p>



<p>Sie können sich hier unser Ausbildungskonzept herunterladen:</p>



<div class="wp-block-file aligncenter"><a id="wp-block-file--media-6a902ffd-6962-4305-9b86-f993c614d71d" href="https://gymnasium-eckhorst.de/homepage/wp-content/uploads/2020/05/2017_02_10_Ausbildungskonzept_Gymnasium_Eckhorst.pdf" target="_blank" rel="noreferrer noopener">Ausbildungskonzept</a></div>
</div>



<div class="wp-block-column is-layout-flow wp-block-column-is-layout-flow" style="flex-basis:33.33%"></div>
</div>



<p></p>

<p>Das Gymnasium Eckhorst bildet Referendar*innen in fast allen Fächern aus und betreut in begrenztem Umfang auch Praktikant*innen im Bachelor- und Masterstudiengang. Uns ist es wichtig, dass unsere LiVs (Lehrkräfte im Vorbereitungsdienst) und Praktikant*innen optimal betreut und begleitet werden sowie gleichzeitig gleichberechtigt ins Kollegium integriert sind. Um eine reibungslose und effektive Betreuung zu gewährleisten, sind die [&hellip;]</p>
