{"id":699,"date":"2020-05-05T15:05:02","date_gmt":"2020-05-05T13:05:02","guid":{"rendered":"https:\/\/gymnasium-eckhorst.de\/homepage\/?page_id=699"},"modified":"2022-11-11T16:49:54","modified_gmt":"2022-11-11T15:49:54","slug":"juniorstudium-uhh","status":"publish","type":"page","link":"https:\/\/gymnasium-eckhorst.de\/homepage\/juniorstudium-uhh\/","title":{"rendered":"Juniorstudium UHH"},"content":{"rendered":"\n<p><br><br>Ein Juniorstudium oder Fr\u00fchstudium wird von Universit\u00e4ten in Schleswig-Holstein und Hamburg angeboten und erm\u00f6glicht es Sch\u00fcler*innen neben dem regul\u00e4ren Unterricht Veranstaltungen an der Universit\u00e4t zu besuchen.<\/p>\n\n\n\n<p>In Q1 habe ich zum Wintersemester begonnen, Sozial\u00f6konomie im Juniorstudium an der Universit\u00e4t Hamburg zu studieren und habe im ersten Semester die Vorlesung \u201eGrundkurs Rechtswissenschaft\u201c und im zweiten Semester die Vorlesung \u201eGrundkurs Soziologie\u201c an jeweils einem Tag in der Woche f\u00fcr drei Stunden besucht. Nun, zu Anfang von Q2 habe ich das Studienfach gewechselt, um Rechtswissenschaften zu studieren und belege einen Kurs zur Einf\u00fchrung in das rechtswissenschaftliche Arbeiten, den ich an Samstagen absolviere.<\/p>\n\n\n\n<p>Das Juniorstudium hat mir pers\u00f6nlich viele Chancen und M\u00f6glichkeiten f\u00fcr neue Erfahrungen gegeben. Schon der Einblick in die H\u00f6rs\u00e4le und das Studium sind sehr besonders und bieten einen Vorgeschmack auf das Studienleben. Durch die freie Wahlm\u00f6glichkeit des Studienfachs konnte ich eigenen Pr\u00e4ferenzen nachgehen, aber auch Studieng\u00e4nge ausprobieren, die ich f\u00fcr eine richtige Studienfachentscheidung nicht ausgew\u00e4hlt h\u00e4tte, aber trotzdem sehr interessant finde. Au\u00dferdem erh\u00e4lt man einen neuen Blickwinkel auf das Lernen im Klassenzimmer im Vergleich zum H\u00f6rsaal, sowie die Menge an Wissen, die vermittelt wird. Auch der Kontakt und Austausch mit Studierenden und anderen Juniorstudent*innen war sehr lohnenswert. Neben den vielen Vorteilen existierten trotzdem auch Belastungen, da der verpasste Unterricht nachgeholt werden muss, w\u00e4hrend der Schultag durch die Vorlesung quasi bis halb sechs verl\u00e4ngert wurde. Der verh\u00e4ltnism\u00e4\u00dfig lange Anfahrtsweg nach Hamburg schr\u00e4nkt zudem die Veranstaltungswahl deutlich ein, da bei einer Vormittagsvorlesung fast der gesamte Schultag nicht wahrgenommen werden k\u00f6nnte.<\/p>\n\n\n\n<p>Aus meiner pers\u00f6nlichen Erfahrung heraus w\u00fcrde ich ein Juniorstudium jedem empfehlen, der interessiert und motiviert ist, Neues kennenzulernen und auch mit dem zus\u00e4tzlichem Aufwand zurechtkommt.<\/p>\n\n\n\n<p><em>Johanna Martens, Abi 2019, 27.09.2019<\/em><\/p>\n","protected":false},"excerpt":{"rendered":"<p>Ein Juniorstudium oder Fr\u00fchstudium wird von Universit\u00e4ten in Schleswig-Holstein und Hamburg angeboten und erm\u00f6glicht es Sch\u00fcler*innen neben dem regul\u00e4ren Unterricht Veranstaltungen an der Universit\u00e4t zu besuchen. In Q1 habe ich zum Wintersemester begonnen, Sozial\u00f6konomie im Juniorstudium an der Universit\u00e4t Hamburg zu studieren und habe im ersten Semester die Vorlesung \u201eGrundkurs Rechtswissenschaft\u201c und im zweiten Semester [&hellip;]<\/p>\n","protected":false},"author":17,"featured_media":0,"parent":0,"menu_order":0,"comment_status":"closed","ping_status":"closed","template":"","meta":{"footnotes":""},"class_list":["post-699","page","type-page","status-publish","hentry"],"_links":{"self":[{"href":"https:\/\/gymnasium-eckhorst.de\/homepage\/wp-json\/wp\/v2\/pages\/699","targetHints":{"allow":["GET"]}}],"collection":[{"href":"https:\/\/gymnasium-eckhorst.de\/homepage\/wp-json\/wp\/v2\/pages"}],"about":[{"href":"https:\/\/gymnasium-eckhorst.de\/homepage\/wp-json\/wp\/v2\/types\/page"}],"author":[{"embeddable":true,"href":"https:\/\/gymnasium-eckhorst.de\/homepage\/wp-json\/wp\/v2\/users\/17"}],"replies":[{"embeddable":true,"href":"https:\/\/gymnasium-eckhorst.de\/homepage\/wp-json\/wp\/v2\/comments?post=699"}],"version-history":[{"count":3,"href":"https:\/\/gymnasium-eckhorst.de\/homepage\/wp-json\/wp\/v2\/pages\/699\/revisions"}],"predecessor-version":[{"id":5396,"href":"https:\/\/gymnasium-eckhorst.de\/homepage\/wp-json\/wp\/v2\/pages\/699\/revisions\/5396"}],"wp:attachment":[{"href":"https:\/\/gymnasium-eckhorst.de\/homepage\/wp-json\/wp\/v2\/media?parent=699"}],"curies":[{"name":"wp","href":"https:\/\/api.w.org\/{rel}","templated":true}]}}