{"id":635,"date":"2020-05-05T10:30:34","date_gmt":"2020-05-05T08:30:34","guid":{"rendered":"https:\/\/gymnasium-eckhorst.de\/homepage\/?page_id=635"},"modified":"2022-11-11T16:35:20","modified_gmt":"2022-11-11T15:35:20","slug":"foerdern-und-fordern","status":"publish","type":"page","link":"https:\/\/gymnasium-eckhorst.de\/homepage\/foerdern-und-fordern\/","title":{"rendered":"F\u00f6rdern und Fordern &#8211; Orientierungsstufe"},"content":{"rendered":"\n<p><br><br>Nat\u00fcrlich kommt es vor, dass Kinder mal \u201enicht mitkommen\u201c und L\u00fccken im Lernstoff aufbauen. Auch aufgrund besonderer Umst\u00e4nde kann eine F\u00f6rderung sinnvoll sein. <strong>Wir bieten folgende Hilfen an:<\/strong><\/p>\n\n\n\n<ul class=\"wp-block-list\">\n<li>Hausaufgabenbetreuung, Sch\u00fclertraining<\/li>\n\n\n\n<li>gezielte Lernpl\u00e4ne, in die die Eltern mit eingebunden werden<\/li>\n\n\n\n<li>Vermittlung von geeigneten Oberstufensch\u00fclerinnen\/-sch\u00fclern f\u00fcr eine gezielte Nachhilfe<\/li>\n\n\n\n<li>F\u00f6rderung bei Lese-Rechtschreib-Schw\u00e4che (LRS)<\/li>\n\n\n\n<li>DaZ-Unterricht (Deutsch als Zweitsprache) <\/li>\n<\/ul>\n\n\n\n<p class=\"has-text-align-justify\">Allerdings meinen wir auch, dass F\u00f6rderung kein \u201eDauerzustand\u201c sein sollte.<\/p>\n\n\n\n<p><strong>F\u00fcr die starken Sch\u00fcler bieten wir an:<\/strong><\/p>\n\n\n\n<ul class=\"wp-block-list\">\n<li>zus\u00e4tzliche Arbeitsgemeinschaften (Enrichment)<\/li>\n\n\n\n<li>Dreht\u00fcrmodell<\/li>\n\n\n\n<li>Sprachdiplome (Englisch, Franz\u00f6sisch und Spanisch)<\/li>\n\n\n\n<li>Teilnahme an Wettbewerben (Big Challenge, Mathe-Olympiade, u.a.)<\/li>\n\n\n\n<li>Zus\u00e4tzliche Aufgaben oder gezielte Einbindung in den Unterricht als \u201eFachmann\/Fachfrau\u201c<\/li>\n\n\n\n<li>Informationen f\u00fcr die Eltern \u00fcber weiterreichende au\u00dferschulische Angebote<\/li>\n<\/ul>\n\n\n\n<p><em>20.1.2020, Hoffmann<\/em><\/p>\n\n\n\n<p>weiter zu: <a href=\"https:\/\/gymnasium-eckhorst.de\/homepage\/bereit-gymnasium\/\" data-type=\"page\" data-id=\"642\">Ist mein Kind bereit f\u00fcr das Gymnasium?<\/a><\/p>\n","protected":false},"excerpt":{"rendered":"<p>Nat\u00fcrlich kommt es vor, dass Kinder mal \u201enicht mitkommen\u201c und L\u00fccken im Lernstoff aufbauen. Auch aufgrund besonderer Umst\u00e4nde kann eine F\u00f6rderung sinnvoll sein. Wir bieten folgende Hilfen an: Allerdings meinen wir auch, dass F\u00f6rderung kein \u201eDauerzustand\u201c sein sollte. F\u00fcr die starken Sch\u00fcler bieten wir an: 20.1.2020, Hoffmann weiter zu: Ist mein Kind bereit f\u00fcr das [&hellip;]<\/p>\n","protected":false},"author":17,"featured_media":0,"parent":0,"menu_order":0,"comment_status":"closed","ping_status":"closed","template":"","meta":{"footnotes":""},"class_list":["post-635","page","type-page","status-publish","hentry"],"_links":{"self":[{"href":"https:\/\/gymnasium-eckhorst.de\/homepage\/wp-json\/wp\/v2\/pages\/635","targetHints":{"allow":["GET"]}}],"collection":[{"href":"https:\/\/gymnasium-eckhorst.de\/homepage\/wp-json\/wp\/v2\/pages"}],"about":[{"href":"https:\/\/gymnasium-eckhorst.de\/homepage\/wp-json\/wp\/v2\/types\/page"}],"author":[{"embeddable":true,"href":"https:\/\/gymnasium-eckhorst.de\/homepage\/wp-json\/wp\/v2\/users\/17"}],"replies":[{"embeddable":true,"href":"https:\/\/gymnasium-eckhorst.de\/homepage\/wp-json\/wp\/v2\/comments?post=635"}],"version-history":[{"count":11,"href":"https:\/\/gymnasium-eckhorst.de\/homepage\/wp-json\/wp\/v2\/pages\/635\/revisions"}],"predecessor-version":[{"id":5369,"href":"https:\/\/gymnasium-eckhorst.de\/homepage\/wp-json\/wp\/v2\/pages\/635\/revisions\/5369"}],"wp:attachment":[{"href":"https:\/\/gymnasium-eckhorst.de\/homepage\/wp-json\/wp\/v2\/media?parent=635"}],"curies":[{"name":"wp","href":"https:\/\/api.w.org\/{rel}","templated":true}]}}

Fördern und Fordern &#8211; Orientierungsstufe

<p><br><br>Natürlich kommt es vor, dass Kinder mal „nicht mitkommen“ und Lücken im Lernstoff aufbauen. Auch aufgrund besonderer Umstände kann eine Förderung sinnvoll sein. <strong>Wir bieten folgende Hilfen an:</strong></p>



<ul class="wp-block-list">
<li>Hausaufgabenbetreuung, Schülertraining</li>



<li>gezielte Lernpläne, in die die Eltern mit eingebunden werden</li>



<li>Vermittlung von geeigneten Oberstufenschülerinnen/-schülern für eine gezielte Nachhilfe</li>



<li>Förderung bei Lese-Rechtschreib-Schwäche (LRS)</li>



<li>DaZ-Unterricht (Deutsch als Zweitsprache) </li>
</ul>



<p class="has-text-align-justify">Allerdings meinen wir auch, dass Förderung kein „Dauerzustand“ sein sollte.</p>



<p><strong>Für die starken Schüler bieten wir an:</strong></p>



<ul class="wp-block-list">
<li>zusätzliche Arbeitsgemeinschaften (Enrichment)</li>



<li>Drehtürmodell</li>



<li>Sprachdiplome (Englisch, Französisch und Spanisch)</li>



<li>Teilnahme an Wettbewerben (Big Challenge, Mathe-Olympiade, u.a.)</li>



<li>Zusätzliche Aufgaben oder gezielte Einbindung in den Unterricht als „Fachmann/Fachfrau“</li>



<li>Informationen für die Eltern über weiterreichende außerschulische Angebote</li>
</ul>



<p><em>20.1.2020, Hoffmann</em></p>



<p>weiter zu: <a href="https://gymnasium-eckhorst.de/homepage/bereit-gymnasium/" data-type="page" data-id="642">Ist mein Kind bereit für das Gymnasium?</a></p>

<p>Natürlich kommt es vor, dass Kinder mal „nicht mitkommen“ und Lücken im Lernstoff aufbauen. Auch aufgrund besonderer Umstände kann eine Förderung sinnvoll sein. Wir bieten folgende Hilfen an: Allerdings meinen wir auch, dass Förderung kein „Dauerzustand“ sein sollte. Für die starken Schüler bieten wir an: 20.1.2020, Hoffmann weiter zu: Ist mein Kind bereit für das [&hellip;]</p>
