{"id":6109,"date":"2023-02-04T12:36:22","date_gmt":"2023-02-04T11:36:22","guid":{"rendered":"https:\/\/gymnasium-eckhorst.de\/homepage\/?page_id=6109"},"modified":"2025-09-09T13:15:59","modified_gmt":"2025-09-09T11:15:59","slug":"schulsozialarbeit","status":"publish","type":"page","link":"https:\/\/gymnasium-eckhorst.de\/homepage\/schulsozialarbeit\/","title":{"rendered":"Schulsozialarbeit"},"content":{"rendered":"<div class=\"wp-block-image\">\n<figure class=\"aligncenter size-large\"><img fetchpriority=\"high\" decoding=\"async\" width=\"1024\" height=\"683\" src=\"https:\/\/gymnasium-eckhorst.de\/homepage\/wp-content\/uploads\/2023\/09\/Ute-und-ich-fuer-die-Internetseite-2-1024x683.png\" alt=\"\" class=\"wp-image-6911\" srcset=\"https:\/\/gymnasium-eckhorst.de\/homepage\/wp-content\/uploads\/2023\/09\/Ute-und-ich-fuer-die-Internetseite-2-1024x683.png 1024w, https:\/\/gymnasium-eckhorst.de\/homepage\/wp-content\/uploads\/2023\/09\/Ute-und-ich-fuer-die-Internetseite-2-300x200.png 300w, https:\/\/gymnasium-eckhorst.de\/homepage\/wp-content\/uploads\/2023\/09\/Ute-und-ich-fuer-die-Internetseite-2-768x512.png 768w, https:\/\/gymnasium-eckhorst.de\/homepage\/wp-content\/uploads\/2023\/09\/Ute-und-ich-fuer-die-Internetseite-2-1536x1024.png 1536w, https:\/\/gymnasium-eckhorst.de\/homepage\/wp-content\/uploads\/2023\/09\/Ute-und-ich-fuer-die-Internetseite-2-1200x800.png 1200w, https:\/\/gymnasium-eckhorst.de\/homepage\/wp-content\/uploads\/2023\/09\/Ute-und-ich-fuer-die-Internetseite-2.png 1885w\" sizes=\"(max-width: 1024px) 100vw, 1024px\" \/><\/figure>\n<\/div>\n\n\n<p>Wir sind das Schulsozialarbeitsteam Ute Schild (links) und Hanna Feddern (rechts) des Gymnasium Eckhorst.<\/p>\n\n\n\n<p>Ein Schwerpunkt unserer Arbeit liegt darin, die individuelle Pers\u00f6nlichkeitsentwicklung von Sch\u00fcler*innen zu st\u00e4rken. Hierbei geht es darum, sie bei der Entwicklung neuer Lebensbew\u00e4ltigungsstrategien zu unterst\u00fctzen, sodass sie bef\u00e4higt werden pers\u00f6nliche Krisen am Lebens- und Bildungsort Schule zu bew\u00e4ltigen. Wir vermitteln bei Konflikten und helfen bei der Lebensorientierung. \u00dcberdies informieren wir \u00fcber externe Hilfsangebote und unterst\u00fctzen bei Bedarf bei der Anbindung an diese.<\/p>\n\n\n\n<p>Neben Sch\u00fcler*innen k\u00f6nnen sich auch Eltern, Erziehungs- und Sorgeberechtigte sowie Lehrer*innen bei uns melden.<\/p>\n\n\n\n<p>Schulsozialarbeit ist ein niedrigschwelliges Angebot und beruht unter anderem auf den Grunds\u00e4tzen der Freiwilligkeit, Vertraulichkeit und Allparteilichkeit.<\/p>\n\n\n\n<p>Anzutreffen sind wir im <strong>Raum der Schulsozialarbeit in E9<\/strong>.<\/p>\n\n\n\n<p>Bei Interesse, Fragen oder Problemen sind wir in der Regel w\u00e4hrend des Schulbetriebs folgenderma\u00dfen erreichbar:<\/p>\n\n\n\n<div class=\"wp-block-columns is-not-stacked-on-mobile is-layout-flex wp-container-core-columns-is-layout-9d6595d7 wp-block-columns-is-layout-flex\">\n<div class=\"wp-block-column is-layout-flow wp-block-column-is-layout-flow\">\n<p class=\"has-text-align-center\"><strong>Hanna Feddern<\/strong><br>Montag:<br>08:00 \u2013 13:00 Uhr<br>Dienstag:<br>09:15 \u2013 13:00 Uhr<br>Mittwoch:<br>08:00 \u2013 13:00 Uhr<br>Donnerstag:<br>12:00 \u2013 16:30 Uhr<br>Freitag:<br>08:00 \u2013 13:00 Uhr<\/p>\n\n\n\n<p class=\"has-text-align-center\">via <strong>E-Mail<\/strong>: <a href=\"mailto:feddern@bargteheide-jat.de\" target=\"_blank\" rel=\"noreferrer noopener\">feddern@bargteheide-jat.de<\/a><br>per <strong>Telefon<\/strong>: 04532 \/ 4047965<\/p>\n<\/div>\n\n\n\n<div class=\"wp-block-column is-layout-flow wp-block-column-is-layout-flow\">\n<p class=\"has-text-align-center\"><strong>Ute Schild<\/strong><br>Montag:<br>08:15 \u2013 13:00 Uhr<br>Dienstag:<br>08:15 \u2013 13:00 Uhr<br>Mittwoch:<br>08:15 \u2013 13:00 Uhr<br>Donnerstag:<br>08:15 \u2013 13:00 Uhr<\/p>\n\n\n\n<p class=\"has-text-align-center\">via <strong>E-Mail<\/strong>: <a href=\"mailto:schild@bargteheide-jat.de\" target=\"_blank\" rel=\"noreferrer noopener\">schild@bargteheide-jat.de<\/a><br>per <strong>Telefon<\/strong>: 04532 \/ 4047962<\/p>\n<\/div>\n<\/div>\n\n\n<div class=\"wp-block-image\">\n<figure class=\"aligncenter size-full\"><img decoding=\"async\" width=\"157\" height=\"154\" src=\"https:\/\/gymnasium-eckhorst.de\/homepage\/wp-content\/uploads\/2023\/07\/jat.jpg\" alt=\"\" class=\"wp-image-6667\"\/><\/figure>\n<\/div>\n\n\n<p class=\"has-text-align-center\">Homepage: <a rel=\"noreferrer noopener\" href=\"http:\/\/www.bargteheide-jat.de\/\" target=\"_blank\">www.bargteheide-jat.de<\/a><\/p>\n","protected":false},"excerpt":{"rendered":"<p>Wir sind das Schulsozialarbeitsteam Ute Schild (links) und Hanna Feddern (rechts) des Gymnasium Eckhorst. Ein Schwerpunkt unserer Arbeit liegt darin, die individuelle Pers\u00f6nlichkeitsentwicklung von Sch\u00fcler*innen zu st\u00e4rken. Hierbei geht es darum, sie bei der Entwicklung neuer Lebensbew\u00e4ltigungsstrategien zu unterst\u00fctzen, sodass sie bef\u00e4higt werden pers\u00f6nliche Krisen am Lebens- und Bildungsort Schule zu bew\u00e4ltigen. Wir vermitteln bei [&hellip;]<\/p>\n","protected":false},"author":17,"featured_media":0,"parent":0,"menu_order":0,"comment_status":"closed","ping_status":"closed","template":"","meta":{"footnotes":""},"class_list":["post-6109","page","type-page","status-publish","hentry"],"_links":{"self":[{"href":"https:\/\/gymnasium-eckhorst.de\/homepage\/wp-json\/wp\/v2\/pages\/6109","targetHints":{"allow":["GET"]}}],"collection":[{"href":"https:\/\/gymnasium-eckhorst.de\/homepage\/wp-json\/wp\/v2\/pages"}],"about":[{"href":"https:\/\/gymnasium-eckhorst.de\/homepage\/wp-json\/wp\/v2\/types\/page"}],"author":[{"embeddable":true,"href":"https:\/\/gymnasium-eckhorst.de\/homepage\/wp-json\/wp\/v2\/users\/17"}],"replies":[{"embeddable":true,"href":"https:\/\/gymnasium-eckhorst.de\/homepage\/wp-json\/wp\/v2\/comments?post=6109"}],"version-history":[{"count":19,"href":"https:\/\/gymnasium-eckhorst.de\/homepage\/wp-json\/wp\/v2\/pages\/6109\/revisions"}],"predecessor-version":[{"id":17406,"href":"https:\/\/gymnasium-eckhorst.de\/homepage\/wp-json\/wp\/v2\/pages\/6109\/revisions\/17406"}],"wp:attachment":[{"href":"https:\/\/gymnasium-eckhorst.de\/homepage\/wp-json\/wp\/v2\/media?parent=6109"}],"curies":[{"name":"wp","href":"https:\/\/api.w.org\/{rel}","templated":true}]}}