{"id":512,"date":"2020-04-29T16:38:30","date_gmt":"2020-04-29T14:38:30","guid":{"rendered":"http:\/\/gymnasium-eckhorst.de\/homepage\/?page_id=512"},"modified":"2026-04-27T09:45:56","modified_gmt":"2026-04-27T07:45:56","slug":"downloads","status":"publish","type":"page","link":"https:\/\/gymnasium-eckhorst.de\/homepage\/downloads\/","title":{"rendered":"Downloads"},"content":{"rendered":"\n<div class=\"wp-block-columns alignwide is-layout-flex wp-container-core-columns-is-layout-9d6595d7 wp-block-columns-is-layout-flex\">\n<div class=\"wp-block-column is-layout-flow wp-block-column-is-layout-flow\">\n<h3 class=\"wp-block-heading\" id=\"sekretariat\">Sekretariat<\/h3>\n\n\n\n<h5 class=\"wp-block-heading\"><strong>Anmeldung<\/strong><\/h5>\n\n\n\n<p>F\u00fcr die Anmeldung an unserer Schule ben\u00f6tigen Sie die folgenden Dokumente:<br>&#8211; <strong>Anmeldeschein <\/strong>zur Anmeldung an einer weiterf\u00fchrenden Schule (im Original, lag dem Grundschulzeugnis bei)<br>&#8211; <strong><a href=\"https:\/\/gymnasium-eckhorst.de\/homepage\/wp-content\/uploads\/2024\/06\/Schuelerbogen-1.-und-2.-Seite-Anmeldung.pdf\" data-type=\"attachment\" data-id=\"7518\" target=\"_blank\" rel=\"noreferrer noopener\">Sch\u00fclerbogen Anmeldung<\/a><\/strong> (Antrag auf Aufnahme am Gymnasium Eckhorst)<br>&#8211; <a href=\"https:\/\/gymnasium-eckhorst.de\/homepage\/wp-content\/uploads\/2023\/02\/Entbindung-von-der-Schweigepflicht.pdf\" target=\"_blank\" rel=\"noreferrer noopener\"><strong>Entbindung von der Schweigepflicht<\/strong><\/a><br>&#8211; <strong><a href=\"https:\/\/gymnasium-eckhorst.de\/homepage\/wp-content\/uploads\/2025\/11\/Verhaltenskodex-SuS-Formular-1.pdf\" target=\"_blank\" rel=\"noreferrer noopener\">Verhaltenskodex<\/a><\/strong><br>&#8211; <a href=\"https:\/\/gymnasium-eckhorst.de\/homepage\/wp-content\/uploads\/2025\/11\/Unterweisung-Sportunterricht.pdf\" data-type=\"attachment\" data-id=\"17633\"><strong>Unterweisung Sportunterricht<\/strong><\/a><br>&#8211; <strong><a href=\"https:\/\/gymnasium-eckhorst.de\/homepage\/wp-content\/uploads\/2025\/03\/Einwilligung-Videokonferenz-Distanzlernen.pdf\" target=\"_blank\" rel=\"noreferrer noopener\">Einwilligungserkl\u00e4rung Videokonferenzsystem<\/a><\/strong><br>&#8211; eine <strong>Kopie des letzten Zeugnisses<\/strong><br>&#8211; ggf. F\u00f6rderpl\u00e4ne aus der Grundschule<br>&#8211; ggf. LRS-Nachweis<\/p>\n\n\n\n<h5 class=\"wp-block-heading\"><strong>Busfahrkarte<\/strong><\/h5>\n\n\n\n<p><a href=\"http:\/\/www.ticket-olav.de\" target=\"_blank\" rel=\"noreferrer noopener\"><strong>Online-Antrag Busfahrkarte<\/strong> und aktuelle Informationen zum OLAV-Ticket mit FAQ (www.ticket-olav.de)<\/a><\/p>\n\n\n\n<h5 class=\"wp-block-heading\"><strong>Anmeldung im DaZ-Zentrum<\/strong><\/h5>\n\n\n\n<p>F\u00fcr die Neuanmeldung ben\u00f6tigen wir folgende Unterlagen:<br>&#8211; <strong>Meldebescheinigung <\/strong>f\u00fcr das <strong>Schulkind <\/strong>sowie von den <strong>Eltern<\/strong><br><strong>&#8211; Kopie <\/strong>vom letzten <strong>Zeugnis<\/strong><br><strong>&#8211; Kopien <\/strong>der <strong>Ausweise<\/strong> von <strong>Sch\u00fcler <\/strong>und <strong>Eltern<\/strong><br><strong>&#8211; Impfpass im Original<\/strong> zur Vorlage im Schulb\u00fcro: <br>Dieser <strong>Nachweis des Masernimpfschutzes mit zwei Kreuzen<\/strong> in der Spalte \u201eMasernimpfung\u201c ist Voraussetzung f\u00fcr den Schulbesuch. Sollte noch keine Masernimpfung vorliegen, empfehlen wir daher, zeitnah einen Termin hierf\u00fcr beim Arzt zu vereinbaren.<br>&#8211; Bitte vereinbaren Sie f\u00fcr das <strong>Anmeldegespr\u00e4ch<\/strong> einen <strong>Termin<\/strong> \u00fcber das Schulsekretariat unter der Telefonnummer 04532 \u2013 4047 600 mit unserer Koordinatorin des DaZ-Zentrums, Frau Steinmetz. Wir senden Ihnen dann einen Anmeldebogen per Mail zu, den Sie bereits ausgef\u00fcllt zum Anmeldegespr\u00e4ch mitbringen k\u00f6nnen.<br>&#8211; Wenn die Anmeldung von Frau Steinmetz best\u00e4tigt wurde, kann eine <strong>Busfahrkarte <\/strong>unter dem Link <a href=\"https:\/\/www.ticket-olav.de\/Formular-Start\" target=\"_blank\" rel=\"noreferrer noopener\">OLAV (ticket-olav.de)<\/a> f\u00fcr Ihr Kind bestellt werden, wenn der Wohnort nicht Bargteheide ist.<\/p>\n\n\n\n<h5 class=\"wp-block-heading\"><strong>Masernschutz<\/strong><\/h5>\n\n\n\n<p><a href=\"https:\/\/gymnasium-eckhorst.de\/homepage\/wp-content\/uploads\/2025\/01\/Masernschutzgesetz-13-DSGVO-1.pdf\" target=\"_blank\" rel=\"noreferrer noopener\"><strong>Informationen zur Datenverarbeitung<\/strong> zur Umsetzung des Masernschutzgesetzes<\/a><br><a href=\"https:\/\/gymnasium-eckhorst.de\/homepage\/wp-content\/uploads\/2020\/11\/Anlage-4-Merkblatt-Masernschutzgesetz-Masernimpfung.pdf\" target=\"_blank\" rel=\"noreferrer noopener\"><strong>Merkblatt<\/strong> &#8211; Wie weise ich Masern-Impfungen oder Masern-Immunit\u00e4t nach?<\/a><\/p>\n\n\n\n<h5 class=\"wp-block-heading\"><strong>Weitere Formulare und Dokumente<\/strong><\/h5>\n\n\n\n<p><a href=\"https:\/\/gymnasium-eckhorst.de\/homepage\/wp-content\/uploads\/2023\/01\/Schulverein-Beitrittserklaerung.pdf\" target=\"_blank\" rel=\"noreferrer noopener\">Beitrittserkl\u00e4rung Schulverein<\/a><\/p>\n\n\n\n<p><a href=\"https:\/\/gymnasium-eckhorst.de\/homepage\/wp-content\/uploads\/2021\/09\/WLAN-Formular.pdf\" target=\"_blank\" rel=\"noreferrer noopener\">Formular f\u00fcr WLAN-Zugang<\/a> (Mittel- und Oberstufe)<\/p>\n\n\n\n<p><a href=\"https:\/\/gymnasium-eckhorst.de\/homepage\/wp-content\/uploads\/2025\/01\/Unfallanzeige-neu-.pdf\" target=\"_blank\" rel=\"noreferrer noopener\">Unfallanzeige<\/a><\/p>\n\n\n\n<p><a href=\"https:\/\/gymnasium-eckhorst.de\/homepage\/wp-content\/uploads\/2022\/04\/Schuelerbogen-1.-und-2.-Seite-Gastschueler.pdf\" target=\"_blank\" rel=\"noreferrer noopener\">Antrag auf Aufnahme als Schulgast<\/a><\/p>\n\n\n\n<p><a href=\"https:\/\/gymnasium-eckhorst.de\/homepage\/wp-content\/uploads\/2025\/01\/Abmeldung.pdf\" data-type=\"link\" data-id=\"https:\/\/gymnasium-eckhorst.de\/homepage\/wp-content\/uploads\/2024\/02\/Abmeldung.pdf\" target=\"_blank\" rel=\"noreferrer noopener\">Abmeldung<\/a><\/p>\n<\/div>\n\n\n\n<div class=\"wp-block-column is-layout-flow wp-block-column-is-layout-flow\">\n<h3 class=\"wp-block-heading\" id=\"allgemeines\">Allgemeines<\/h3>\n\n\n\n<p><a href=\"https:\/\/gymnasium-eckhorst.de\/homepage\/wp-content\/uploads\/2026\/01\/Regelung-mobile-Endgeraete.pdf\" data-type=\"attachment\" data-id=\"17865\" target=\"_blank\" rel=\"noreferrer noopener\">Regelung zur Nutzung mobiler Endger\u00e4te<\/a><\/p>\n\n\n\n<p><a href=\"https:\/\/gymnasium-eckhorst.de\/homepage\/wp-content\/uploads\/2020\/05\/2017_02_10_Ausbildungskonzept_Gymnasium_Eckhorst.pdf\" target=\"_blank\" rel=\"noreferrer noopener\">Ausbildungskonzept<\/a><\/p>\n\n\n\n<p><a rel=\"noreferrer noopener\" href=\"https:\/\/gymnasium-eckhorst.de\/homepage\/wp-content\/uploads\/2020\/08\/Vereinbarungen-fuer-die-Kommunikation-per-E-Mail.pdf\" target=\"_blank\">Vereinbarungen f\u00fcr die Kommunikation per E-Mail<\/a><\/p>\n\n\n\n<p><a href=\"https:\/\/gymnasium-eckhorst.de\/homepage\/wp-content\/uploads\/2022\/08\/Verhalten-bei-Feueralarm.pdf\" target=\"_blank\" rel=\"noreferrer noopener\">Verhalten bei Feueralarm und Sammelstellen<\/a><\/p>\n<\/div>\n<\/div>\n\n\n\n<div class=\"wp-block-columns alignwide is-layout-flex wp-container-core-columns-is-layout-9d6595d7 wp-block-columns-is-layout-flex\">\n<div class=\"wp-block-column is-layout-flow wp-block-column-is-layout-flow\">\n<h3 class=\"wp-block-heading\" id=\"orientierungsstufe\">Orientierungsstufe<\/h3>\n\n\n\n<p><a href=\"https:\/\/gymnasium-eckhorst.de\/homepage\/wp-content\/uploads\/2022\/08\/wuff-anmeldung.pdf\">WUFF Anmeldung<\/a><\/p>\n\n\n\n<p><a href=\"https:\/\/gymnasium-eckhorst.de\/homepage\/wp-content\/uploads\/2020\/04\/SAVOGym_2019-1.pdf\" target=\"_blank\" rel=\"noreferrer noopener\"><\/a><a href=\"https:\/\/gymnasium-eckhorst.de\/homepage\/wp-content\/uploads\/2025\/09\/GymVO-2024.pdf\" data-type=\"attachment\" data-id=\"17379\">GymVO 2024<\/a><\/p>\n<\/div>\n\n\n\n<div class=\"wp-block-column is-layout-flow wp-block-column-is-layout-flow\">\n<h3 class=\"wp-block-heading\" id=\"mittelstufe\">Mittelstufe<\/h3>\n\n\n\n<p><a rel=\"noreferrer noopener\" href=\"http:\/\/gymnasium-eckhorst.de\/homepage\/wp-content\/uploads\/2020\/04\/Curriculum_Berufsorientierung.pdf\" target=\"_blank\">Curriculum Berufsorientierung<\/a><\/p>\n\n\n\n<p><a href=\"https:\/\/gymnasium-eckhorst.de\/homepage\/wp-content\/uploads\/2025\/10\/Vertrag-Betriebspraktikum-2026-27.pdf\" target=\"_blank\" rel=\"noreferrer noopener\">Vertrag Betriebspraktikum 2026-27<\/a><\/p>\n\n\n\n<p><a href=\"https:\/\/gymnasium-eckhorst.de\/homepage\/wp-content\/uploads\/2026\/04\/Vertrag-Betriebspraktikum-2027-28.pdf\">Vertrag Betriebspraktikum 2027-28<\/a><\/p>\n\n\n\n<p><a href=\"https:\/\/gymnasium-eckhorst.de\/homepage\/wp-content\/uploads\/2022\/08\/wuff-anmeldung.pdf\">WUFF Anmeldung<\/a><\/p>\n\n\n\n<p><a href=\"https:\/\/gymnasium-eckhorst.de\/homepage\/wp-content\/uploads\/2026\/01\/Antrag-auf-Freitstellung-vom-Unterricht.pdf\" target=\"_blank\" rel=\"noreferrer noopener\">Antrag auf Freistellung vom Unterricht f\u00fcr Girls&#8217;Day und Boys&#8217;Day<\/a><\/p>\n\n\n\n<p><a href=\"https:\/\/gymnasium-eckhorst.de\/homepage\/wp-content\/uploads\/2026\/01\/Bescheinigung-Girls-Day.pdf\" target=\"_blank\" rel=\"noreferrer noopener\">Bescheinigung Girls&#8217;Day<\/a><\/p>\n\n\n\n<p><a href=\"https:\/\/gymnasium-eckhorst.de\/homepage\/wp-content\/uploads\/2026\/01\/Bescheinigung-Boys-Day.pdf\">Bescheinigung Boys&#8217;Day<\/a><\/p>\n\n\n\n<p><a href=\"https:\/\/gymnasium-eckhorst.de\/homepage\/wp-content\/uploads\/2025\/09\/GymVO-2024.pdf\" data-type=\"attachment\" data-id=\"17379\">GymVO 2024<\/a><\/p>\n<\/div>\n\n\n\n<div class=\"wp-block-column is-layout-flow wp-block-column-is-layout-flow\">\n<h3 class=\"wp-block-heading\" id=\"oberstufe\">Oberstufe<\/h3>\n\n\n\n<p><a href=\"https:\/\/gymnasium-eckhorst.de\/homepage\/wp-content\/uploads\/2025\/10\/Wirtschaftspraktikum_2027_Vertrag.pdf\" target=\"_blank\" rel=\"noreferrer noopener\">Vertrag Wirtschaftspraktikum 2027<\/a><\/p>\n\n\n\n<p><a href=\"https:\/\/gymnasium-eckhorst.de\/homepage\/wp-content\/uploads\/2025\/05\/Wirtschaftspraktikum_2026_Vertrag.pdf\" data-type=\"link\" data-id=\"https:\/\/gymnasium-eckhorst.de\/homepage\/wp-content\/uploads\/2025\/05\/Wirtschaftspraktikum_2026_Vertrag.pdf\" target=\"_blank\" rel=\"noreferrer noopener\">Vertrag Wirtschaftspraktikum 2026<\/a><\/p>\n\n\n\n<p><\/p>\n<\/div>\n<\/div>\n\n\n\n<p><\/p>\n","protected":false},"excerpt":{"rendered":"<p>Sekretariat Anmeldung F\u00fcr die Anmeldung an unserer Schule ben\u00f6tigen Sie die folgenden Dokumente:&#8211; Anmeldeschein zur Anmeldung an einer weiterf\u00fchrenden Schule (im Original, lag dem Grundschulzeugnis bei)&#8211; Sch\u00fclerbogen Anmeldung (Antrag auf Aufnahme am Gymnasium Eckhorst)&#8211; Entbindung von der Schweigepflicht&#8211; Verhaltenskodex&#8211; Unterweisung Sportunterricht&#8211; Einwilligungserkl\u00e4rung Videokonferenzsystem&#8211; eine Kopie des letzten Zeugnisses&#8211; ggf. F\u00f6rderpl\u00e4ne aus der Grundschule&#8211; ggf. LRS-Nachweis [&hellip;]<\/p>\n","protected":false},"author":17,"featured_media":0,"parent":0,"menu_order":0,"comment_status":"closed","ping_status":"closed","template":"","meta":{"footnotes":""},"class_list":["post-512","page","type-page","status-publish","hentry"],"_links":{"self":[{"href":"https:\/\/gymnasium-eckhorst.de\/homepage\/wp-json\/wp\/v2\/pages\/512","targetHints":{"allow":["GET"]}}],"collection":[{"href":"https:\/\/gymnasium-eckhorst.de\/homepage\/wp-json\/wp\/v2\/pages"}],"about":[{"href":"https:\/\/gymnasium-eckhorst.de\/homepage\/wp-json\/wp\/v2\/types\/page"}],"author":[{"embeddable":true,"href":"https:\/\/gymnasium-eckhorst.de\/homepage\/wp-json\/wp\/v2\/users\/17"}],"replies":[{"embeddable":true,"href":"https:\/\/gymnasium-eckhorst.de\/homepage\/wp-json\/wp\/v2\/comments?post=512"}],"version-history":[{"count":119,"href":"https:\/\/gymnasium-eckhorst.de\/homepage\/wp-json\/wp\/v2\/pages\/512\/revisions"}],"predecessor-version":[{"id":18215,"href":"https:\/\/gymnasium-eckhorst.de\/homepage\/wp-json\/wp\/v2\/pages\/512\/revisions\/18215"}],"wp:attachment":[{"href":"https:\/\/gymnasium-eckhorst.de\/homepage\/wp-json\/wp\/v2\/media?parent=512"}],"curies":[{"name":"wp","href":"https:\/\/api.w.org\/{rel}","templated":true}]}}