{"id":492,"date":"2020-04-29T16:19:19","date_gmt":"2020-04-29T14:19:19","guid":{"rendered":"http:\/\/gymnasium-eckhorst.de\/homepage\/?page_id=492"},"modified":"2026-04-28T20:40:21","modified_gmt":"2026-04-28T18:40:21","slug":"berufsorientierung","status":"publish","type":"page","link":"https:\/\/gymnasium-eckhorst.de\/homepage\/berufsorientierung\/","title":{"rendered":"Berufsorientierung"},"content":{"rendered":"\n<div class=\"wp-block-columns alignwide is-layout-flex wp-container-core-columns-is-layout-9d6595d7 wp-block-columns-is-layout-flex\">\n<div class=\"wp-block-column is-layout-flow wp-block-column-is-layout-flow\" style=\"flex-basis:66.66%\">\n<p><br><br>Die Vorbereitung der Sch\u00fcler*innen auf ihr sp\u00e4teres Berufsleben ist ein zentrales Anliegen des Gymnasiums Eckhorst. Wir wollen ein St\u00fcck Lebenshilfe geben und Perspektiven aufzeigen, auf dass sich unsere Sch\u00fcler*innen ihrer F\u00e4higkeiten bewusst werden und sie damit bei der Wahl ihres zuk\u00fcnftigen beruflichen Werdeganges unterst\u00fctzen. Deshalb wurde in enger Zusammenarbiet mit der Fachschaft Wirtschaft\/ Politik (WiPo) ein Curriculum &#8222;Berufsorientierung&#8220; (s.u.) entwickelt, in dem Bausteine zur Berufsfindung schriftlich fixiert worden sind.<br>Eine wichtige Rolle nimmt hierbei das Projekt &#8222;Begegnung mit der Arbeitswelt&#8220; ein.<\/p>\n\n\n\n<div class=\"wp-block-file\"><a id=\"wp-block-file--media-130f14fa-4b87-48ad-9ef1-31de05202357\" href=\"https:\/\/gymnasium-eckhorst.de\/homepage\/wp-content\/uploads\/2020\/04\/Curriculum_Berufsorientierung.pdf\" target=\"_blank\" rel=\"noreferrer noopener\">Curriculum Berufsorientierung<\/a><\/div>\n<\/div>\n\n\n\n<div class=\"wp-block-column is-layout-flow wp-block-column-is-layout-flow\" style=\"flex-basis:33.33%\"><div class=\"wp-block-image is-style-default\">\n<figure class=\"aligncenter size-large\"><img decoding=\"async\" width=\"281\" height=\"159\" src=\"https:\/\/gymnasium-eckhorst.de\/homepage\/wp-content\/uploads\/2020\/04\/haendedruck.jpg\" alt=\"\" class=\"wp-image-493\"\/><\/figure>\n<\/div><\/div>\n<\/div>\n\n\n\n<div class=\"wp-block-columns alignwide is-layout-flex wp-container-core-columns-is-layout-9d6595d7 wp-block-columns-is-layout-flex\">\n<div class=\"wp-block-column is-layout-flow wp-block-column-is-layout-flow\" style=\"flex-basis:66.66%\">\n<h4 class=\"wp-block-heading\">Begegnung mit der Arbeitswelt in der Mittelstufe<\/h4>\n\n\n\n<p>Zentrale Stationen sind u.a.:<\/p>\n\n\n\n<ul class=\"wp-block-list\">\n<li>Besuch des Berufsinformationszentrums (BIZ), Bad Oldesloe (fakultativ),<\/li>\n\n\n\n<li>Vorbereitung auf das Betriebspraktikum (Verteilung notwendiger Dokumente, \u00dcben von Bewerbungsschreiben usw.),<\/li>\n\n\n\n<li>Besuch der Berufs- und Ausbildungsmesse an der Anne-Frank-Schule (fakultativ)<\/li>\n<\/ul>\n\n\n\n<p><strong>Betriebspraktikum<\/strong><\/p>\n\n\n\n<ul class=\"wp-block-list\">\n<li>findet in der 10. Klasse statt,<\/li>\n\n\n\n<li>im Schuljahr 2025\/26 in den vierzehn Tagen vor den Osterferien, ab dem Schuljahr 2026\/27 in den vierzehn Tagen nach den Herbstferien<\/li>\n\n\n\n<li>die Durchf\u00fchrung findet in einem von der Fachschaft WiPo festgelegten Bereich um Bargteheide statt<\/li>\n<\/ul>\n\n\n\n<p>Die <strong>Vertr\u00e4ge f\u00fcr das Betriebspraktikum<\/strong> finden Sie zum Herunterladen im Bereich <a href=\"https:\/\/gymnasium-eckhorst.de\/homepage\/downloads#mittelstufe\">Downloads<\/a><\/p>\n<\/div>\n\n\n\n<div class=\"wp-block-column is-layout-flow wp-block-column-is-layout-flow\" style=\"flex-basis:33.33%\"><\/div>\n<\/div>\n\n\n\n<div class=\"wp-block-columns alignwide is-layout-flex wp-container-core-columns-is-layout-9d6595d7 wp-block-columns-is-layout-flex\">\n<div class=\"wp-block-column is-layout-flow wp-block-column-is-layout-flow\" style=\"flex-basis:66.66%\">\n<h4 class=\"wp-block-heading\">Begegnung mit der Arbeitswelt in der Oberstufe<\/h4>\n\n\n\n<p class=\"has-text-align-justify\">Auch in der Oberstufe werden vielf\u00e4ltige Ma\u00dfnahmen durchgef\u00fchrt, um die Sch\u00fcler*innen auf die Berufswelt vorzubereiten. Hierzu geh\u00f6ren u.a.:<\/p>\n\n\n\n<ul class=\"wp-block-list\">\n<li>Professionell gestaltete Seminare mit Vorstellungs- und Bewerbungstraining im Einf\u00fchrungsjahr,<\/li>\n\n\n\n<li>Berufsinformation durch die Bundesagentur f\u00fcr Arbeit, Bad Oldesloe,<\/li>\n\n\n\n<li>individuelle Berufsberatung in der Schule durch die Bundesagentur f\u00fcr Arbeit, Bad Oldesloe,<\/li>\n\n\n\n<li>M\u00f6glichkeit zur Teilnahme an &#8222;Schnuppertagen&#8220; der Universit\u00e4ten (z.B. Hamburg, L\u00fcbeck, Kiel)<\/li>\n\n\n\n<li>Besuch von zwei Jobmessen in Hamburg und L\u00fcbeck<\/li>\n<\/ul>\n\n\n\n<p><strong>Wirtschaftspraktikum<\/strong><\/p>\n\n\n\n<ul class=\"wp-block-list\">\n<li>findet im Einf\u00fchrungsjahrgang statt,<\/li>\n\n\n\n<li>in der Regel in den vierzehn Tagen vor den Osterferien,<\/li>\n\n\n\n<li>das Unternehmen muss in Konkurrenz zu anderen stehen (Gewinnorientierung)<\/li>\n<\/ul>\n\n\n\n<p class=\"has-text-align-justify\">Unter anderem sollen folgende Ma\u00dfnahmen das Praktikum optimieren und die Auseinandersetzung der Sch\u00fcler*innen mit dem Thema &#8222;Wirtschaft&#8220; f\u00f6rdern:<\/p>\n\n\n\n<ul class=\"wp-block-list\">\n<li>intensive Vor- und Nachbereitung des Wirtschaftspraktikums,<\/li>\n\n\n\n<li>Informationsveranstaltung der Handwerkskammer L\u00fcbeck (&#8222;Handwerk ist mehr&#8220;)<\/li>\n<\/ul>\n\n\n\n<p>Die <strong>Vertr\u00e4ge f\u00fcr das Wirtschaftspraktikum<\/strong> finden Sie zum Herunterladen im Bereich <a href=\"https:\/\/gymnasium-eckhorst.de\/homepage\/downloads#oberstufe\">Downloads<\/a><\/p>\n<\/div>\n\n\n\n<div class=\"wp-block-column is-layout-flow wp-block-column-is-layout-flow\" style=\"flex-basis:33.33%\">\n<p><br><br>Unter folgendem Link <a href=\"https:\/\/www.arbeitsagentur.de\/vor-ort\/bad-oldesloe\/gymnasium-eckhorst-bargteheide\" target=\"_blank\" rel=\"noreferrer noopener\">https:\/\/www.arbeitsagentur.de\/vor-ort\/bad-oldesloe\/gymnasium-eckhorst-bargteheide <\/a>kann die Berufsberatung auch au\u00dferhalb der Sprechstunden an der Schule erreicht werden.<\/p>\n\n\n\n<p>Weitere Kontaktm\u00f6glichkeiten:<br>E-Mail: <a href=\"mailto:Svenja.von-Horn@Arbeitsagentur.de\" target=\"_blank\" rel=\"noreferrer noopener\">Svenja.von-Horn@Arbeitsagentur.de<\/a><br>oder: <a href=\"mailto:BadOldesloe.Berufsberatung@arbeitsagentur.de\" target=\"_blank\" rel=\"noreferrer noopener\"><u>BadOldesloe.Berufsberatung@arbeitsagentur.de<\/u><\/a><br>Internet: <a href=\"http:\/\/www.arbeitsagentur.de\/\" target=\"_blank\" rel=\"noreferrer noopener\"><u>www.arbeitsagentur.de<\/u><\/a><\/p>\n\n\n\n<p>Hilfreiche Seiten:<br><a href=\"https:\/\/www.jobb%C3%B6rse-stellenangebote.de\" target=\"_blank\" rel=\"noreferrer noopener\">https:\/\/www.jobb\u00f6rse-stellenangebote.de<\/a><br><a href=\"http:\/\/www.schuelerpraktikum-hamburg.de\" target=\"_blank\" rel=\"noreferrer noopener\">www.dein-ausbildungsplatz.de<\/a><br><a href=\"http:\/\/www.praktikum.info\/schuelerpraktikum\/stadt\/luebeck\" target=\"_blank\" rel=\"noreferrer noopener\">www.praktikum.info\/schuelerpraktikum\/stadt\/luebeck<\/a><br><a href=\"http:\/\/www.planet-beruf.de\" target=\"_blank\" rel=\"noreferrer noopener\">www.planet-beruf.de<\/a><br><a href=\"http:\/\/www.berufe.tv\" target=\"_blank\" rel=\"noreferrer noopener\">www.berufe.tv<\/a><br><a href=\"http:\/\/www.jobboerse.arbeitsagentur.de\" target=\"_blank\" rel=\"noreferrer noopener\">www.jobboerse.arbeitsagentur.de<\/a><br><a href=\"http:\/\/www.neuvoo.de\" target=\"_blank\" rel=\"noreferrer noopener\">www.praktikumsh.de<\/a><br><a href=\"https:\/\/de.jooble.org\/\" target=\"_blank\" rel=\"noreferrer noopener\">jooble.org<\/a><\/p>\n<\/div>\n<\/div>\n\n\n\n<div class=\"wp-block-columns alignwide is-layout-flex wp-container-core-columns-is-layout-9d6595d7 wp-block-columns-is-layout-flex\">\n<div class=\"wp-block-column is-layout-flow wp-block-column-is-layout-flow\" style=\"flex-basis:66.66%\">\n<h4 class=\"wp-block-heading\">Hinweise zur Vorbereitung bzw. Durchf\u00fchrung der Praktika<\/h4>\n\n\n\n<ul class=\"wp-block-list\">\n<li><strong>Vorlage der Praktikumsvertr\u00e4ge <\/strong>sp\u00e4testens bis zu den Sommerferien (Mittelstufe) bzw. zwei Wochen vor den Weihnachtsferien (Oberstufe) vor Praktikumsbeginn beim entsprechenden WiPo-Lehrer,<\/li>\n\n\n\n<li><strong>Versicherung<\/strong> der Sch\u00fclerinnen und Sch\u00fcler w\u00e4hrend des Praktikums \u00fcber die Schule,<\/li>\n\n\n\n<li><strong>Einzelfragen und Probleme<\/strong> werden im laufenden WiPo-Unterricht besprochen,<\/li>\n\n\n\n<li>Erwartungen an die zu erbringende <strong>Lernleistung<\/strong>, die mit dem Praktikum verbunden ist, werden kurz vor Antritt des Praktikums im WiPo-Unterricht vermittelt,<\/li>\n\n\n\n<li>der <strong>Besuch der Sch\u00fcler*innen<\/strong> w\u00e4hrend des Praktikums erfolgt durch den WiPo-Lehrer, ggf. auch eines anderen Klassen- oder Fachkollegen,<\/li>\n\n\n\n<li><strong>nach dem Praktikum:<\/strong> Sch\u00fcler*innen pr\u00e4sentieren in Vortr\u00e4gen oder Praktikumsberichten ihre Erfahrungen im Betrieb. Diese Vortr\u00e4ge bzw. Berichte werden nach \u00fcbereinstimmenden Ma\u00dfst\u00e4ben beurteilt und flie\u00dfen nach einem vorher von der WiPo-Fachschaft festgelegten Prozentsatz in die Gesamtnote des Faches WiPo in Klasse 9 bzw. in der Qualifikationsphase ein.<\/li>\n<\/ul>\n\n\n\n<p><em>I. Wulfmeyer, Mittelstufenleiterin,<br>P. Harting, f\u00fcr die Fachschaft WiPo, 19.03.2026<\/em><\/p>\n<\/div>\n\n\n\n<div class=\"wp-block-column is-layout-flow wp-block-column-is-layout-flow\" style=\"flex-basis:33.33%\"><\/div>\n<\/div>\n\n\n\n<p><\/p>\n","protected":false},"excerpt":{"rendered":"<p>Die Vorbereitung der Sch\u00fcler*innen auf ihr sp\u00e4teres Berufsleben ist ein zentrales Anliegen des Gymnasiums Eckhorst. Wir wollen ein St\u00fcck Lebenshilfe geben und Perspektiven aufzeigen, auf dass sich unsere Sch\u00fcler*innen ihrer F\u00e4higkeiten bewusst werden und sie damit bei der Wahl ihres zuk\u00fcnftigen beruflichen Werdeganges unterst\u00fctzen. Deshalb wurde in enger Zusammenarbiet mit der Fachschaft Wirtschaft\/ Politik (WiPo) [&hellip;]<\/p>\n","protected":false},"author":17,"featured_media":0,"parent":0,"menu_order":0,"comment_status":"closed","ping_status":"closed","template":"","meta":{"footnotes":""},"class_list":["post-492","page","type-page","status-publish","hentry"],"_links":{"self":[{"href":"https:\/\/gymnasium-eckhorst.de\/homepage\/wp-json\/wp\/v2\/pages\/492","targetHints":{"allow":["GET"]}}],"collection":[{"href":"https:\/\/gymnasium-eckhorst.de\/homepage\/wp-json\/wp\/v2\/pages"}],"about":[{"href":"https:\/\/gymnasium-eckhorst.de\/homepage\/wp-json\/wp\/v2\/types\/page"}],"author":[{"embeddable":true,"href":"https:\/\/gymnasium-eckhorst.de\/homepage\/wp-json\/wp\/v2\/users\/17"}],"replies":[{"embeddable":true,"href":"https:\/\/gymnasium-eckhorst.de\/homepage\/wp-json\/wp\/v2\/comments?post=492"}],"version-history":[{"count":20,"href":"https:\/\/gymnasium-eckhorst.de\/homepage\/wp-json\/wp\/v2\/pages\/492\/revisions"}],"predecessor-version":[{"id":18240,"href":"https:\/\/gymnasium-eckhorst.de\/homepage\/wp-json\/wp\/v2\/pages\/492\/revisions\/18240"}],"wp:attachment":[{"href":"https:\/\/gymnasium-eckhorst.de\/homepage\/wp-json\/wp\/v2\/media?parent=492"}],"curies":[{"name":"wp","href":"https:\/\/api.w.org\/{rel}","templated":true}]}}

<div class="wp-block-columns alignwide is-layout-flex wp-container-core-columns-is-layout-9d6595d7 wp-block-columns-is-layout-flex">
<div class="wp-block-column is-layout-flow wp-block-column-is-layout-flow" style="flex-basis:66.66%">
<p><br><br>Die Vorbereitung der Schüler*innen auf ihr späteres Berufsleben ist ein zentrales Anliegen des Gymnasiums Eckhorst. Wir wollen ein Stück Lebenshilfe geben und Perspektiven aufzeigen, auf dass sich unsere Schüler*innen ihrer Fähigkeiten bewusst werden und sie damit bei der Wahl ihres zukünftigen beruflichen Werdeganges unterstützen. Deshalb wurde in enger Zusammenarbiet mit der Fachschaft Wirtschaft/ Politik (WiPo) ein Curriculum &#8222;Berufsorientierung&#8220; (s.u.) entwickelt, in dem Bausteine zur Berufsfindung schriftlich fixiert worden sind.<br>Eine wichtige Rolle nimmt hierbei das Projekt &#8222;Begegnung mit der Arbeitswelt&#8220; ein.</p>



<div class="wp-block-file"><a id="wp-block-file--media-130f14fa-4b87-48ad-9ef1-31de05202357" href="https://gymnasium-eckhorst.de/homepage/wp-content/uploads/2020/04/Curriculum_Berufsorientierung.pdf" target="_blank" rel="noreferrer noopener">Curriculum Berufsorientierung</a></div>
</div>



<div class="wp-block-column is-layout-flow wp-block-column-is-layout-flow" style="flex-basis:33.33%"><div class="wp-block-image is-style-default">
<figure class="aligncenter size-large"><img decoding="async" width="281" height="159" src="https://gymnasium-eckhorst.de/homepage/wp-content/uploads/2020/04/haendedruck.jpg" alt="" class="wp-image-493"/></figure>
</div></div>
</div>



<div class="wp-block-columns alignwide is-layout-flex wp-container-core-columns-is-layout-9d6595d7 wp-block-columns-is-layout-flex">
<div class="wp-block-column is-layout-flow wp-block-column-is-layout-flow" style="flex-basis:66.66%">
<h4 class="wp-block-heading">Begegnung mit der Arbeitswelt in der Mittelstufe</h4>



<p>Zentrale Stationen sind u.a.:</p>



<ul class="wp-block-list">
<li>Besuch des Berufsinformationszentrums (BIZ), Bad Oldesloe (fakultativ),</li>



<li>Vorbereitung auf das Betriebspraktikum (Verteilung notwendiger Dokumente, Üben von Bewerbungsschreiben usw.),</li>



<li>Besuch der Berufs- und Ausbildungsmesse an der Anne-Frank-Schule (fakultativ)</li>
</ul>



<p><strong>Betriebspraktikum</strong></p>



<ul class="wp-block-list">
<li>findet in der 10. Klasse statt,</li>



<li>im Schuljahr 2025/26 in den vierzehn Tagen vor den Osterferien, ab dem Schuljahr 2026/27 in den vierzehn Tagen nach den Herbstferien</li>



<li>die Durchführung findet in einem von der Fachschaft WiPo festgelegten Bereich um Bargteheide statt</li>
</ul>



<p>Die <strong>Verträge für das Betriebspraktikum</strong> finden Sie zum Herunterladen im Bereich <a href="https://gymnasium-eckhorst.de/homepage/downloads#mittelstufe">Downloads</a></p>
</div>



<div class="wp-block-column is-layout-flow wp-block-column-is-layout-flow" style="flex-basis:33.33%"></div>
</div>



<div class="wp-block-columns alignwide is-layout-flex wp-container-core-columns-is-layout-9d6595d7 wp-block-columns-is-layout-flex">
<div class="wp-block-column is-layout-flow wp-block-column-is-layout-flow" style="flex-basis:66.66%">
<h4 class="wp-block-heading">Begegnung mit der Arbeitswelt in der Oberstufe</h4>



<p class="has-text-align-justify">Auch in der Oberstufe werden vielfältige Maßnahmen durchgeführt, um die Schüler*innen auf die Berufswelt vorzubereiten. Hierzu gehören u.a.:</p>



<ul class="wp-block-list">
<li>Professionell gestaltete Seminare mit Vorstellungs- und Bewerbungstraining im Einführungsjahr,</li>



<li>Berufsinformation durch die Bundesagentur für Arbeit, Bad Oldesloe,</li>



<li>individuelle Berufsberatung in der Schule durch die Bundesagentur für Arbeit, Bad Oldesloe,</li>



<li>Möglichkeit zur Teilnahme an &#8222;Schnuppertagen&#8220; der Universitäten (z.B. Hamburg, Lübeck, Kiel)</li>



<li>Besuch von zwei Jobmessen in Hamburg und Lübeck</li>
</ul>



<p><strong>Wirtschaftspraktikum</strong></p>



<ul class="wp-block-list">
<li>findet im Einführungsjahrgang statt,</li>



<li>in der Regel in den vierzehn Tagen vor den Osterferien,</li>



<li>das Unternehmen muss in Konkurrenz zu anderen stehen (Gewinnorientierung)</li>
</ul>



<p class="has-text-align-justify">Unter anderem sollen folgende Maßnahmen das Praktikum optimieren und die Auseinandersetzung der Schüler*innen mit dem Thema &#8222;Wirtschaft&#8220; fördern:</p>



<ul class="wp-block-list">
<li>intensive Vor- und Nachbereitung des Wirtschaftspraktikums,</li>



<li>Informationsveranstaltung der Handwerkskammer Lübeck (&#8222;Handwerk ist mehr&#8220;)</li>
</ul>



<p>Die <strong>Verträge für das Wirtschaftspraktikum</strong> finden Sie zum Herunterladen im Bereich <a href="https://gymnasium-eckhorst.de/homepage/downloads#oberstufe">Downloads</a></p>
</div>



<div class="wp-block-column is-layout-flow wp-block-column-is-layout-flow" style="flex-basis:33.33%">
<p><br><br>Unter folgendem Link <a href="https://www.arbeitsagentur.de/vor-ort/bad-oldesloe/gymnasium-eckhorst-bargteheide" target="_blank" rel="noreferrer noopener">https://www.arbeitsagentur.de/vor-ort/bad-oldesloe/gymnasium-eckhorst-bargteheide </a>kann die Berufsberatung auch außerhalb der Sprechstunden an der Schule erreicht werden.</p>



<p>Weitere Kontaktmöglichkeiten:<br>E-Mail: <a href="mailto:Svenja.von-Horn@Arbeitsagentur.de" target="_blank" rel="noreferrer noopener">Svenja.von-Horn@Arbeitsagentur.de</a><br>oder: <a href="mailto:BadOldesloe.Berufsberatung@arbeitsagentur.de" target="_blank" rel="noreferrer noopener"><u>BadOldesloe.Berufsberatung@arbeitsagentur.de</u></a><br>Internet: <a href="http://www.arbeitsagentur.de/" target="_blank" rel="noreferrer noopener"><u>www.arbeitsagentur.de</u></a></p>



<p>Hilfreiche Seiten:<br><a href="https://www.jobb%C3%B6rse-stellenangebote.de" target="_blank" rel="noreferrer noopener">https://www.jobbörse-stellenangebote.de</a><br><a href="http://www.schuelerpraktikum-hamburg.de" target="_blank" rel="noreferrer noopener">www.dein-ausbildungsplatz.de</a><br><a href="http://www.praktikum.info/schuelerpraktikum/stadt/luebeck" target="_blank" rel="noreferrer noopener">www.praktikum.info/schuelerpraktikum/stadt/luebeck</a><br><a href="http://www.planet-beruf.de" target="_blank" rel="noreferrer noopener">www.planet-beruf.de</a><br><a href="http://www.berufe.tv" target="_blank" rel="noreferrer noopener">www.berufe.tv</a><br><a href="http://www.jobboerse.arbeitsagentur.de" target="_blank" rel="noreferrer noopener">www.jobboerse.arbeitsagentur.de</a><br><a href="http://www.neuvoo.de" target="_blank" rel="noreferrer noopener">www.praktikumsh.de</a><br><a href="https://de.jooble.org/" target="_blank" rel="noreferrer noopener">jooble.org</a></p>
</div>
</div>



<div class="wp-block-columns alignwide is-layout-flex wp-container-core-columns-is-layout-9d6595d7 wp-block-columns-is-layout-flex">
<div class="wp-block-column is-layout-flow wp-block-column-is-layout-flow" style="flex-basis:66.66%">
<h4 class="wp-block-heading">Hinweise zur Vorbereitung bzw. Durchführung der Praktika</h4>



<ul class="wp-block-list">
<li><strong>Vorlage der Praktikumsverträge </strong>spätestens bis zu den Sommerferien (Mittelstufe) bzw. zwei Wochen vor den Weihnachtsferien (Oberstufe) vor Praktikumsbeginn beim entsprechenden WiPo-Lehrer,</li>



<li><strong>Versicherung</strong> der Schülerinnen und Schüler während des Praktikums über die Schule,</li>



<li><strong>Einzelfragen und Probleme</strong> werden im laufenden WiPo-Unterricht besprochen,</li>



<li>Erwartungen an die zu erbringende <strong>Lernleistung</strong>, die mit dem Praktikum verbunden ist, werden kurz vor Antritt des Praktikums im WiPo-Unterricht vermittelt,</li>



<li>der <strong>Besuch der Schüler*innen</strong> während des Praktikums erfolgt durch den WiPo-Lehrer, ggf. auch eines anderen Klassen- oder Fachkollegen,</li>



<li><strong>nach dem Praktikum:</strong> Schüler*innen präsentieren in Vorträgen oder Praktikumsberichten ihre Erfahrungen im Betrieb. Diese Vorträge bzw. Berichte werden nach übereinstimmenden Maßstäben beurteilt und fließen nach einem vorher von der WiPo-Fachschaft festgelegten Prozentsatz in die Gesamtnote des Faches WiPo in Klasse 9 bzw. in der Qualifikationsphase ein.</li>
</ul>



<p><em>I. Wulfmeyer, Mittelstufenleiterin,<br>P. Harting, für die Fachschaft WiPo, 19.03.2026</em></p>
</div>



<div class="wp-block-column is-layout-flow wp-block-column-is-layout-flow" style="flex-basis:33.33%"></div>
</div>



<p></p>

<p>Die Vorbereitung der Schüler*innen auf ihr späteres Berufsleben ist ein zentrales Anliegen des Gymnasiums Eckhorst. Wir wollen ein Stück Lebenshilfe geben und Perspektiven aufzeigen, auf dass sich unsere Schüler*innen ihrer Fähigkeiten bewusst werden und sie damit bei der Wahl ihres zukünftigen beruflichen Werdeganges unterstützen. Deshalb wurde in enger Zusammenarbiet mit der Fachschaft Wirtschaft/ Politik (WiPo) [&hellip;]</p>
