{"id":489,"date":"2020-04-29T16:10:24","date_gmt":"2020-04-29T14:10:24","guid":{"rendered":"http:\/\/gymnasium-eckhorst.de\/homepage\/?page_id=489"},"modified":"2023-03-17T11:28:45","modified_gmt":"2023-03-17T10:28:45","slug":"fremdsprachen","status":"publish","type":"page","link":"https:\/\/gymnasium-eckhorst.de\/homepage\/fremdsprachen\/","title":{"rendered":"Fremdsprachen"},"content":{"rendered":"\n<p><br><br>Am Gymnasium Eckhorst werden Fremdsprachen durchg\u00e4ngig von Klasse 5 bis Klasse 13 unterrichtet, und zwar in folgenden Klassenstufen:<\/p>\n\n\n\n<p>ab Jahrgang 5: ENGLISCH (obligatorisch)<\/p>\n\n\n\n<p>ab Jahrgang 7: FRANZ\u00d6SISCH, SPANISCH oder LATEIN (obligatorisch)<\/p>\n\n\n\n<p>ab Jahrgang 9: LATEIN oder FRANZ\u00d6SISCH (fakultativ)<\/p>\n\n\n\n<p>Die Sch\u00fcler*innen des Gymnasiums Eckhorst werden in neun Jahren zum Abitur gef\u00fchrt (G9). Daher erfolgt die Belegung der zweiten und der dritten Fremdsprache ab Jahrgang 7 (2. Fremdsprache) bzw. ab Jahrgang 9 (3. Fremdsprache \u2013 sie wird als Wahlpflichtkurs angeboten).<br>Als Europaschule ist es uns ein Anliegen, in Klassenstufe 7 f\u00fcr alle Sprachen eine Klasse einzurichten. Deshalb geben die Sch\u00fcler*innen am Ende der 6. Klasse auf ihrem Fremdsprachenwahlzettel einen Erst- und Zweitwunsch an. Sollte eine Sprache \u00fcberm\u00e4\u00dfig angew\u00e4hlt werden (mehr W\u00fcnsche als Pl\u00e4tze in der Klasse), entscheidet das Los. Die Sch\u00fcler*innen, die nicht ihren Erstwunsch bekommen, erhalten dann automatisch ihren Zweitwunsch.<\/p>\n\n\n\n<p>Die einmal verpflichtend gew\u00e4hlten Sprachen werden mindestens bis zum Ende der Mittelstufe belegt.<\/p>\n\n\n\n<p>Zu Beginn der Oberstufe kann ebenfalls eine neu aufzunehmende Fremdsprache gew\u00e4hlt werden, was die M\u00f6glichkeit der Sch\u00fcler*innen, sich f\u00fcr das Sprachprofil zu entscheiden, erh\u00f6ht.<\/p>\n\n\n\n<p>Eine ausf\u00fchrlichere Erl\u00e4uterung zur Wahl der 2. Fremdsprache f\u00fcr Klasse 7 k\u00f6nnen Sie sich in diesem Video ansehen. Im Video genannte Termine sind nicht mehr aktuell.<\/p>\n\n\n<div  id=\"_ytid_38716\" class=\"__youtube_prefs__  __youtube_prefs_gdpr__ \" allowfullscreen data-no-lazy=\"1\" data-skipgform_ajax_framebjll=\"\"><p><strong>Wir ben\u00f6tigen Ihre Zustimmung, um Ihnen dieses Video zeigen zu k\u00f6nnen.<\/strong><\/p>\n<p>Wenn Sie dieses Video ansehen, erkl\u00e4ren Sie sich damit einverstanden, Cookies und Daten von Youtube\/Google zu laden, was die \u00dcbermittlung Ihrer IP-Adresse voraussetzt. Genauere Informationen finden Sie hier:<\/p>\n<p><a href=\"https:\/\/policies.google.com\/privacy\" target=\"_blank\" rel=\"noopener\">YouTube\/Google Datenschutzerkl\u00e4rung<\/a><\/p>\n<p>Wenn Sie akzeptieren, wird Ihre Zustimmung \u00fcber einen Cookie gespeichert und die Seite wird neu geladen.<\/p>\n<button type=\"button\" class=\"__youtube_prefs_gdpr__\">Akzeptieren<img decoding=\"async\" src=\"https:\/\/gymnasium-eckhorst.de\/homepage\/wp-content\/plugins\/youtube-embed-plus\/images\/icon-check.png\" alt=\"accept\" data-no-lazy=\"1\" data-skipgform_ajax_framebjll=\"\" \/><\/button><\/div>\n\n\n<p>Je nach Lehrkr\u00e4fteversorgung k\u00f6nnen wir im AG-Bereich zus\u00e4tzliche Fremdsprachen anbieten, z.B. Italienisch oder Chinesisch.<\/p>\n\n\n\n<p><em>I. Wulfmeyer, Leiterin der Mittelstufe, Juli 2022<\/em><\/p>\n","protected":false},"excerpt":{"rendered":"<p>Am Gymnasium Eckhorst werden Fremdsprachen durchg\u00e4ngig von Klasse 5 bis Klasse 13 unterrichtet, und zwar in folgenden Klassenstufen: ab Jahrgang 5: ENGLISCH (obligatorisch) ab Jahrgang 7: FRANZ\u00d6SISCH, SPANISCH oder LATEIN (obligatorisch) ab Jahrgang 9: LATEIN oder FRANZ\u00d6SISCH (fakultativ) Die Sch\u00fcler*innen des Gymnasiums Eckhorst werden in neun Jahren zum Abitur gef\u00fchrt (G9). Daher erfolgt die Belegung [&hellip;]<\/p>\n","protected":false},"author":17,"featured_media":0,"parent":0,"menu_order":0,"comment_status":"closed","ping_status":"closed","template":"","meta":{"footnotes":""},"class_list":["post-489","page","type-page","status-publish","hentry"],"_links":{"self":[{"href":"https:\/\/gymnasium-eckhorst.de\/homepage\/wp-json\/wp\/v2\/pages\/489","targetHints":{"allow":["GET"]}}],"collection":[{"href":"https:\/\/gymnasium-eckhorst.de\/homepage\/wp-json\/wp\/v2\/pages"}],"about":[{"href":"https:\/\/gymnasium-eckhorst.de\/homepage\/wp-json\/wp\/v2\/types\/page"}],"author":[{"embeddable":true,"href":"https:\/\/gymnasium-eckhorst.de\/homepage\/wp-json\/wp\/v2\/users\/17"}],"replies":[{"embeddable":true,"href":"https:\/\/gymnasium-eckhorst.de\/homepage\/wp-json\/wp\/v2\/comments?post=489"}],"version-history":[{"count":8,"href":"https:\/\/gymnasium-eckhorst.de\/homepage\/wp-json\/wp\/v2\/pages\/489\/revisions"}],"predecessor-version":[{"id":6296,"href":"https:\/\/gymnasium-eckhorst.de\/homepage\/wp-json\/wp\/v2\/pages\/489\/revisions\/6296"}],"wp:attachment":[{"href":"https:\/\/gymnasium-eckhorst.de\/homepage\/wp-json\/wp\/v2\/media?parent=489"}],"curies":[{"name":"wp","href":"https:\/\/api.w.org\/{rel}","templated":true}]}}

<p><br><br>Am Gymnasium Eckhorst werden Fremdsprachen durchgängig von Klasse 5 bis Klasse 13 unterrichtet, und zwar in folgenden Klassenstufen:</p>



<p>ab Jahrgang 5: ENGLISCH (obligatorisch)</p>



<p>ab Jahrgang 7: FRANZÖSISCH, SPANISCH oder LATEIN (obligatorisch)</p>



<p>ab Jahrgang 9: LATEIN oder FRANZÖSISCH (fakultativ)</p>



<p>Die Schüler*innen des Gymnasiums Eckhorst werden in neun Jahren zum Abitur geführt (G9). Daher erfolgt die Belegung der zweiten und der dritten Fremdsprache ab Jahrgang 7 (2. Fremdsprache) bzw. ab Jahrgang 9 (3. Fremdsprache – sie wird als Wahlpflichtkurs angeboten).<br>Als Europaschule ist es uns ein Anliegen, in Klassenstufe 7 für alle Sprachen eine Klasse einzurichten. Deshalb geben die Schüler*innen am Ende der 6. Klasse auf ihrem Fremdsprachenwahlzettel einen Erst- und Zweitwunsch an. Sollte eine Sprache übermäßig angewählt werden (mehr Wünsche als Plätze in der Klasse), entscheidet das Los. Die Schüler*innen, die nicht ihren Erstwunsch bekommen, erhalten dann automatisch ihren Zweitwunsch.</p>



<p>Die einmal verpflichtend gewählten Sprachen werden mindestens bis zum Ende der Mittelstufe belegt.</p>



<p>Zu Beginn der Oberstufe kann ebenfalls eine neu aufzunehmende Fremdsprache gewählt werden, was die Möglichkeit der Schüler*innen, sich für das Sprachprofil zu entscheiden, erhöht.</p>



<p>Eine ausführlichere Erläuterung zur Wahl der 2. Fremdsprache für Klasse 7 können Sie sich in diesem Video ansehen. Im Video genannte Termine sind nicht mehr aktuell.</p>


<div  id="_ytid_38716" class="__youtube_prefs__  __youtube_prefs_gdpr__ " allowfullscreen data-no-lazy="1" data-skipgform_ajax_framebjll=""><p><strong>Wir benötigen Ihre Zustimmung, um Ihnen dieses Video zeigen zu können.</strong></p>
<p>Wenn Sie dieses Video ansehen, erklären Sie sich damit einverstanden, Cookies und Daten von Youtube/Google zu laden, was die Übermittlung Ihrer IP-Adresse voraussetzt. Genauere Informationen finden Sie hier:</p>
<p><a href="https://policies.google.com/privacy" target="_blank" rel="noopener">YouTube/Google Datenschutzerklärung</a></p>
<p>Wenn Sie akzeptieren, wird Ihre Zustimmung über einen Cookie gespeichert und die Seite wird neu geladen.</p>
<button type="button" class="__youtube_prefs_gdpr__">Akzeptieren<img decoding="async" src="https://gymnasium-eckhorst.de/homepage/wp-content/plugins/youtube-embed-plus/images/icon-check.png" alt="accept" data-no-lazy="1" data-skipgform_ajax_framebjll="" /></button></div>


<p>Je nach Lehrkräfteversorgung können wir im AG-Bereich zusätzliche Fremdsprachen anbieten, z.B. Italienisch oder Chinesisch.</p>



<p><em>I. Wulfmeyer, Leiterin der Mittelstufe, Juli 2022</em></p>

<p>Am Gymnasium Eckhorst werden Fremdsprachen durchgängig von Klasse 5 bis Klasse 13 unterrichtet, und zwar in folgenden Klassenstufen: ab Jahrgang 5: ENGLISCH (obligatorisch) ab Jahrgang 7: FRANZÖSISCH, SPANISCH oder LATEIN (obligatorisch) ab Jahrgang 9: LATEIN oder FRANZÖSISCH (fakultativ) Die Schüler*innen des Gymnasiums Eckhorst werden in neun Jahren zum Abitur geführt (G9). Daher erfolgt die Belegung [&hellip;]</p>
