{"id":305,"date":"2020-04-24T14:06:52","date_gmt":"2020-04-24T12:06:52","guid":{"rendered":"http:\/\/gymnasium-eckhorst.de\/homepage\/?page_id=305"},"modified":"2025-07-23T13:05:11","modified_gmt":"2025-07-23T11:05:11","slug":"schulverein","status":"publish","type":"page","link":"https:\/\/gymnasium-eckhorst.de\/homepage\/schulverein\/","title":{"rendered":"Schulverein Gymnasium Eckhorst e.V. Bargteheide"},"content":{"rendered":"\n<blockquote class=\"wp-block-quote is-layout-flow wp-block-quote-is-layout-flow\">\n<p>Gymnasium Eckhorst &#8211; Wir sind eine Gemeinschaft<\/p>\n<\/blockquote>\n\n\n\n<p>Seit Bestehen unserer Schule &#8211; also seit 1983 &#8211; gibt es auch unseren <strong>Schulverein<\/strong>.<\/p>\n\n\n\n<h4 class=\"wp-block-heading\"><strong>Ansprechpartner:<\/strong><\/h4>\n\n\n\n<figure class=\"wp-block-table aligncenter is-style-regular\"><table><tbody><tr><td class=\"has-text-align-right\" data-align=\"right\">1. Vorsitzender:<\/td><td>Herr Meyer (Antr\u00e4ge, Fragen, OGS)<\/td><\/tr><tr><td class=\"has-text-align-right\" data-align=\"right\">stellv. Vorsitzender:<\/td><td>Herr Finke (Aktivit\u00e4ten)<\/td><\/tr><tr><td class=\"has-text-align-right\" data-align=\"right\">Kassenwart:<\/td><td>Herr Abrell (Finanzen, Mitgliederverwaltung)<\/td><\/tr><tr><td class=\"has-text-align-right\" data-align=\"right\">Beir\u00e4te:<\/td><td>Herr Schwarz (f\u00fcr FSJ, Zukunftsschule)<\/td><\/tr><tr><td class=\"has-text-align-right\" data-align=\"right\">&nbsp;<\/td><td>Herr Wolfk\u00fchler (Anschaffungsw\u00fcnsche FS und Schule, Klassenaktivit\u00e4ten, Unterst\u00fctzung AGs)<\/td><\/tr><tr><td class=\"has-text-align-right\" data-align=\"right\">&nbsp;<\/td><td>Herr L\u00fcdemann (Unterst\u00fctzung von Familien)<\/td><\/tr><\/tbody><\/table><\/figure>\n\n\n\n<h4 class=\"wp-block-heading\"><strong>Kontakt:<\/strong><\/h4>\n\n\n\n<p>F\u00fcr Fragen: <a href=\"mailto:hermann.meyer@schule-sh.de\">hermann.meyer@schule-sh.de<\/a><\/p>\n\n\n\n<h4 class=\"wp-block-heading\"><strong>Wer ist der Schulverein?<\/strong><\/h4>\n\n\n\n<p>Es sind Lehrer, Eltern, ehemalige Sch\u00fclerinnen und Sch\u00fcler und Freunde der Schule. Jeder kann Mitglied werden und so den Schulverein und seine Arbeit unterst\u00fctzen.<\/p>\n\n\n\n<h4 class=\"wp-block-heading\"><strong>Wir m\u00f6chten Sie bitten: Werden Sie Mitglied!<\/strong><\/h4>\n\n\n\n<p>Schon ab einem Jahresbeitrag von \u20ac 18,- k\u00f6nnen Sie uns, den Schulverein und damit unsere Schule, unterst\u00fctzen.<\/p>\n\n\n\n<p>In Zeiten knapper Kassen und Etats kann der Schulverein helfen, Vieles m\u00f6glich zu machen. Selbstverst\u00e4ndlich k\u00f6nnen Sie den Schulverein auch mit Spenden f\u00f6rdern.<\/p>\n\n\n\n<p>Unsere Konto-Nr. ist <strong>IBAN: DE24 2019 0109 0005 3970 80<\/strong> bei der Raiffeisenbank, BIC: GENODEF1HH4.<\/p>\n\n\n\n<p>Mitgliedsbeitrag und Spenden sind steuerlich absetzbar, bei Spenden bis \u20ac 100,- reicht der Zahlungsbeleg, dar\u00fcber hinaus stellen wir gern eine Spendenquittung aus.<\/p>\n\n\n\n<p>Das Beitrittsformular finden Sie hier: <a href=\"http:\/\/www.schulverein-eckhorst.de\/\">http:\/\/www.schulverein-eckhorst.de\/<\/a><\/p>\n\n\n\n<h4 class=\"wp-block-heading\"><strong>Warum ein Schulverein?<\/strong><\/h4>\n\n\n\n<p>Unser Satzungsziel ist es, den Unterricht und die au\u00dferschulischen Veranstaltungen unserer Schule zu unterst\u00fctzen und zu f\u00f6rdern, z.B.:<\/p>\n\n\n\n<ul class=\"wp-block-list\">\n<li>durch au\u00dferordentliche Anschaffungen, die der Schuletat nicht erm\u00f6glichen kann<\/li>\n\n\n\n<li>durch die finanzielle Unterst\u00fctzung von schulischen Veranstaltungen<\/li>\n\n\n\n<li>durch die finanzielle Unterst\u00fctzung von Sch\u00fclerinnen\/Sch\u00fclern, die sonst nicht an Klassenfahrten und Ausfl\u00fcgen teilnehmen zu k\u00f6nnten<\/li>\n\n\n\n<li>durch die \u00dcbernahme der au\u00dferunterrichtlichen Betreuung (OGS) von Sch\u00fclerinnen und Sch\u00fclern am Nachmittag<\/li>\n\n\n\n<li>die finanzielle Unterst\u00fctzung des F\u00f6rderangebots der Schule<\/li>\n<\/ul>\n\n\n\n<p>Neben diesen \u201eHauptt\u00e4tigkeitsfeldern\u201c des Schulvereins gibt es eine Vielzahl an weiteren Aktivit\u00e4ten und F\u00f6rderungen. Hier ein paar Ma\u00dfnahmen\/Projekte, die der Schulverein finan-ziell unterst\u00fctzt hat:<\/p>\n\n\n\n<ul class=\"wp-block-list\">\n<li>Zusch\u00fcsse f\u00fcr Klassen und Studienfahrten (Einzelf\u00f6rderung)<\/li>\n\n\n\n<li>Zusch\u00fcsse f\u00fcr kulturelle Veranstaltungen<\/li>\n\n\n\n<li>Beschaffung von Unterrichtsmaterialien<\/li>\n\n\n\n<li>Unterst\u00fctzung f\u00fcr den externen Sexualkundeunterricht<\/li>\n\n\n\n<li>Zuschuss zu Pr\u00e4ventionsprojekten unserer Schule<\/li>\n\n\n\n<li>Mitfinanzierung unseres neuen Lern- und Medienzentrums<\/li>\n\n\n\n<li>Mitfinanzierung unseres neuen Radiostudios<\/li>\n\n\n\n<li>Finanzielle Unterst\u00fctzung der Theater- und Musikveranstaltungen unserer Schule incl. des \u201eChorwochenendes\u201c<\/li>\n\n\n\n<li>Kostenbeteiligung an den Veranstaltungen f\u00fcr \u201eJugend trainiert f\u00fcr Olympia\u201c<\/li>\n\n\n\n<li>Anschaffung von digitalen Endger\u00e4ten<\/li>\n\n\n\n<li>Finanzierung der Lions Quest Ausbildung unserer Lehrerinnen\/Lehrer<\/li>\n\n\n\n<li>Anschaffungen von TT-Platten, Tischkicker und Kletterger\u00fcst f\u00fcr den Pausenhof<\/li>\n\n\n\n<li>Anschaffungen f\u00fcr die Fachschaft Sport (neue Matten, Trikots, H\u00fcrden u.v.m)<\/li>\n<\/ul>\n\n\n\n<p>Wenn Sie f\u00fcr Ihr Kind Zusch\u00fcsse in Anspruch nehmen m\u00f6chten, wenden Sie sich bitte an Ihren Klassenlehrer. Die Angelegenheit wird unkompliziert und vertraulich behandelt.<\/p>\n\n\n\n<p><em>Stand: Juni 2025<\/em><\/p>\n\n\n\n<hr class=\"wp-block-separator has-alpha-channel-opacity\"\/>\n\n\n\n<p>Die <strong>Protokolle<\/strong> der letzten Sitzungen des Schulvereins finden Sie hier:<\/p>\n\n\n\n<div class=\"wp-block-file\"><a id=\"wp-block-file--media-7f674867-fe4c-407d-a096-150a5260ec52\" href=\"https:\/\/gymnasium-eckhorst.de\/homepage\/wp-content\/uploads\/2025\/07\/Protokoll-JHV-2025.pdf\" target=\"_blank\" rel=\"noreferrer noopener\">Protokoll JHV 2025-07-17<\/a><a href=\"https:\/\/gymnasium-eckhorst.de\/homepage\/wp-content\/uploads\/2025\/07\/Protokoll-JHV-2025.pdf\" class=\"wp-block-file__button wp-element-button\" download aria-describedby=\"wp-block-file--media-7f674867-fe4c-407d-a096-150a5260ec52\">Herunterladen<\/a><\/div>\n\n\n\n<div class=\"wp-block-file\"><a id=\"wp-block-file--media-65b62079-b1b2-43be-878f-f259e4ab9189\" href=\"https:\/\/gymnasium-eckhorst.de\/homepage\/wp-content\/uploads\/2024\/07\/Protokoll-JHV-2024.pdf\" target=\"_blank\" rel=\"noreferrer noopener\">Protokoll JHV 2024-06-20<\/a><a href=\"https:\/\/gymnasium-eckhorst.de\/homepage\/wp-content\/uploads\/2024\/07\/Protokoll-JHV-2024.pdf\" class=\"wp-block-file__button wp-element-button\" download aria-describedby=\"wp-block-file--media-65b62079-b1b2-43be-878f-f259e4ab9189\">Herunterladen<\/a><\/div>\n\n\n\n<div class=\"wp-block-file\"><a id=\"wp-block-file--media-1620d285-6892-4679-b0ec-3ac74b753ef4\" href=\"https:\/\/gymnasium-eckhorst.de\/homepage\/wp-content\/uploads\/2023\/10\/Protokoll-JHV-2023.pdf\" target=\"_blank\" rel=\"noreferrer noopener\">Protokoll JHV 2023-10-12<\/a><a href=\"https:\/\/gymnasium-eckhorst.de\/homepage\/wp-content\/uploads\/2023\/10\/Protokoll-JHV-2023.pdf\" class=\"wp-block-file__button wp-element-button\" download aria-describedby=\"wp-block-file--media-1620d285-6892-4679-b0ec-3ac74b753ef4\">Herunterladen<\/a><\/div>\n\n\n\n<div class=\"wp-block-file\"><a id=\"wp-block-file--media-e07fdd34-b7f6-4015-bd05-66618de5516b\" href=\"https:\/\/gymnasium-eckhorst.de\/homepage\/wp-content\/uploads\/2023\/01\/Protokoll-zweiter-Teil-2022.pdf\">Protokoll JHV 2022-12-14<\/a><a href=\"https:\/\/gymnasium-eckhorst.de\/homepage\/wp-content\/uploads\/2023\/01\/Protokoll-zweiter-Teil-2022.pdf\" class=\"wp-block-file__button wp-element-button\" download aria-describedby=\"wp-block-file--media-e07fdd34-b7f6-4015-bd05-66618de5516b\">Herunterladen<\/a><\/div>\n","protected":false},"excerpt":{"rendered":"<p>Gymnasium Eckhorst &#8211; Wir sind eine Gemeinschaft Seit Bestehen unserer Schule &#8211; also seit 1983 &#8211; gibt es auch unseren Schulverein. Ansprechpartner: 1. Vorsitzender: Herr Meyer (Antr\u00e4ge, Fragen, OGS) stellv. Vorsitzender: Herr Finke (Aktivit\u00e4ten) Kassenwart: Herr Abrell (Finanzen, Mitgliederverwaltung) Beir\u00e4te: Herr Schwarz (f\u00fcr FSJ, Zukunftsschule) &nbsp; Herr Wolfk\u00fchler (Anschaffungsw\u00fcnsche FS und Schule, Klassenaktivit\u00e4ten, Unterst\u00fctzung AGs) [&hellip;]<\/p>\n","protected":false},"author":17,"featured_media":0,"parent":0,"menu_order":0,"comment_status":"closed","ping_status":"closed","template":"","meta":{"footnotes":""},"class_list":["post-305","page","type-page","status-publish","hentry"],"_links":{"self":[{"href":"https:\/\/gymnasium-eckhorst.de\/homepage\/wp-json\/wp\/v2\/pages\/305","targetHints":{"allow":["GET"]}}],"collection":[{"href":"https:\/\/gymnasium-eckhorst.de\/homepage\/wp-json\/wp\/v2\/pages"}],"about":[{"href":"https:\/\/gymnasium-eckhorst.de\/homepage\/wp-json\/wp\/v2\/types\/page"}],"author":[{"embeddable":true,"href":"https:\/\/gymnasium-eckhorst.de\/homepage\/wp-json\/wp\/v2\/users\/17"}],"replies":[{"embeddable":true,"href":"https:\/\/gymnasium-eckhorst.de\/homepage\/wp-json\/wp\/v2\/comments?post=305"}],"version-history":[{"count":32,"href":"https:\/\/gymnasium-eckhorst.de\/homepage\/wp-json\/wp\/v2\/pages\/305\/revisions"}],"predecessor-version":[{"id":17284,"href":"https:\/\/gymnasium-eckhorst.de\/homepage\/wp-json\/wp\/v2\/pages\/305\/revisions\/17284"}],"wp:attachment":[{"href":"https:\/\/gymnasium-eckhorst.de\/homepage\/wp-json\/wp\/v2\/media?parent=305"}],"curies":[{"name":"wp","href":"https:\/\/api.w.org\/{rel}","templated":true}]}}