{"id":1747,"date":"2020-08-13T19:45:57","date_gmt":"2020-08-13T17:45:57","guid":{"rendered":"https:\/\/gymnasium-eckhorst.de\/homepage\/?page_id=1747"},"modified":"2023-12-01T14:08:28","modified_gmt":"2023-12-01T13:08:28","slug":"homepage-ag","status":"publish","type":"page","link":"https:\/\/gymnasium-eckhorst.de\/homepage\/homepage-ag\/","title":{"rendered":"Homepage AG"},"content":{"rendered":"<div  id=\"_ytid_73963\" class=\"__youtube_prefs__  __youtube_prefs_gdpr__ \" allowfullscreen data-no-lazy=\"1\" data-skipgform_ajax_framebjll=\"\"><p><strong>Wir ben\u00f6tigen Ihre Zustimmung, um Ihnen dieses Video zeigen zu k\u00f6nnen.<\/strong><\/p>\n<p>Wenn Sie dieses Video ansehen, erkl\u00e4ren Sie sich damit einverstanden, Cookies und Daten von Youtube\/Google zu laden, was die \u00dcbermittlung Ihrer IP-Adresse voraussetzt. Genauere Informationen finden Sie hier:<\/p>\n<p><a href=\"https:\/\/policies.google.com\/privacy\" target=\"_blank\" rel=\"noopener\">YouTube\/Google Datenschutzerkl\u00e4rung<\/a><\/p>\n<p>Wenn Sie akzeptieren, wird Ihre Zustimmung \u00fcber einen Cookie gespeichert und die Seite wird neu geladen.<\/p>\n<button type=\"button\" class=\"__youtube_prefs_gdpr__\">Akzeptieren<img decoding=\"async\" src=\"https:\/\/gymnasium-eckhorst.de\/homepage\/wp-content\/plugins\/youtube-embed-plus\/images\/icon-check.png\" alt=\"accept\" data-no-lazy=\"1\" data-skipgform_ajax_framebjll=\"\" \/><\/button><\/div>\n\n\n<p>Klassenausfl\u00fcge, Schulfeste, besondere Unterrichtsprojekte, (sportliche) Wettk\u00e4mpfe \u2013 an unserer Schule passiert so vieles, auf das wir stolz sein k\u00f6nnen. All diese besonderen Momente sind es wert geteilt zu werden. Wenn du Lust hast, zu einem \u201eMomentmultiplikator\u201c zu werden, solltest du jetzt unbedingt weiterlesen!<\/p>\n\n\n\n<div class=\"wp-block-columns alignwide is-layout-flex wp-container-core-columns-is-layout-9d6595d7 wp-block-columns-is-layout-flex\">\n<div class=\"wp-block-column is-layout-flow wp-block-column-is-layout-flow\"><div class=\"wp-block-image\">\n<figure class=\"aligncenter size-large is-resized\"><img fetchpriority=\"high\" decoding=\"async\" width=\"1024\" height=\"682\" src=\"https:\/\/gymnasium-eckhorst.de\/homepage\/wp-content\/uploads\/2020\/08\/ipad-820272_1280-1024x682.jpg\" alt=\"\" class=\"wp-image-1751\" style=\"width:512px;height:341px\" srcset=\"https:\/\/gymnasium-eckhorst.de\/homepage\/wp-content\/uploads\/2020\/08\/ipad-820272_1280-1024x682.jpg 1024w, https:\/\/gymnasium-eckhorst.de\/homepage\/wp-content\/uploads\/2020\/08\/ipad-820272_1280-300x200.jpg 300w, https:\/\/gymnasium-eckhorst.de\/homepage\/wp-content\/uploads\/2020\/08\/ipad-820272_1280-768x512.jpg 768w, https:\/\/gymnasium-eckhorst.de\/homepage\/wp-content\/uploads\/2020\/08\/ipad-820272_1280-1200x800.jpg 1200w, https:\/\/gymnasium-eckhorst.de\/homepage\/wp-content\/uploads\/2020\/08\/ipad-820272_1280.jpg 1280w\" sizes=\"(max-width: 1024px) 100vw, 1024px\" \/><\/figure>\n<\/div><\/div>\n\n\n\n<div class=\"wp-block-column is-layout-flow wp-block-column-is-layout-flow\">\n<p><br><br><em><strong>Wer?<\/strong><\/em>  Sch\u00fcler*innen der Jahrg\u00e4nge 7-Q2<\/p>\n\n\n\n<p><em><strong>Was solltest du mitbringen?<\/strong><\/em> Spa\u00df am Verfassen von Artikeln, am Fotografieren, am Interviewen; Zuverl\u00e4ssigkeit und Teamf\u00e4higkeit<\/p>\n\n\n\n<p><em><strong>Wann?<\/strong><\/em> Jeden Freitag in der 7. (evtl. auch 8. Stunde) trifft sich die Redaktion. Hier wollen wir besprechen, was in der Woche ansteht, Zust\u00e4ndigkeiten f\u00fcr Artikel und Fotos verteilen, die neuesten Beitr\u00e4ge ver\u00f6ffentlichen und die Homepage noch besser machen.<\/p>\n\n\n\n<p><em><strong>Wo?<\/strong><\/em> Medienzentrum<\/p>\n\n\n\n<p>Das ist deine Chance, die neue Homepage mitzugestalten. Komm\u2018 vorbei, wir freuen uns auf dich!<\/p>\n\n\n\n<p><em>V. L\u00fcthje und T. Gloyer<\/em><\/p>\n<\/div>\n<\/div>\n","protected":false},"excerpt":{"rendered":"<p>Klassenausfl\u00fcge, Schulfeste, besondere Unterrichtsprojekte, (sportliche) Wettk\u00e4mpfe \u2013 an unserer Schule passiert so vieles, auf das wir stolz sein k\u00f6nnen. All diese besonderen Momente sind es wert geteilt zu werden. Wenn du Lust hast, zu einem \u201eMomentmultiplikator\u201c zu werden, solltest du jetzt unbedingt weiterlesen! Wer? Sch\u00fcler*innen der Jahrg\u00e4nge 7-Q2 Was solltest du mitbringen? Spa\u00df am Verfassen [&hellip;]<\/p>\n","protected":false},"author":17,"featured_media":0,"parent":0,"menu_order":0,"comment_status":"closed","ping_status":"closed","template":"","meta":{"footnotes":""},"class_list":["post-1747","page","type-page","status-publish","hentry"],"_links":{"self":[{"href":"https:\/\/gymnasium-eckhorst.de\/homepage\/wp-json\/wp\/v2\/pages\/1747","targetHints":{"allow":["GET"]}}],"collection":[{"href":"https:\/\/gymnasium-eckhorst.de\/homepage\/wp-json\/wp\/v2\/pages"}],"about":[{"href":"https:\/\/gymnasium-eckhorst.de\/homepage\/wp-json\/wp\/v2\/types\/page"}],"author":[{"embeddable":true,"href":"https:\/\/gymnasium-eckhorst.de\/homepage\/wp-json\/wp\/v2\/users\/17"}],"replies":[{"embeddable":true,"href":"https:\/\/gymnasium-eckhorst.de\/homepage\/wp-json\/wp\/v2\/comments?post=1747"}],"version-history":[{"count":8,"href":"https:\/\/gymnasium-eckhorst.de\/homepage\/wp-json\/wp\/v2\/pages\/1747\/revisions"}],"predecessor-version":[{"id":7137,"href":"https:\/\/gymnasium-eckhorst.de\/homepage\/wp-json\/wp\/v2\/pages\/1747\/revisions\/7137"}],"wp:attachment":[{"href":"https:\/\/gymnasium-eckhorst.de\/homepage\/wp-json\/wp\/v2\/media?parent=1747"}],"curies":[{"name":"wp","href":"https:\/\/api.w.org\/{rel}","templated":true}]}}

<div  id="_ytid_73963" class="__youtube_prefs__  __youtube_prefs_gdpr__ " allowfullscreen data-no-lazy="1" data-skipgform_ajax_framebjll=""><p><strong>Wir benötigen Ihre Zustimmung, um Ihnen dieses Video zeigen zu können.</strong></p>
<p>Wenn Sie dieses Video ansehen, erklären Sie sich damit einverstanden, Cookies und Daten von Youtube/Google zu laden, was die Übermittlung Ihrer IP-Adresse voraussetzt. Genauere Informationen finden Sie hier:</p>
<p><a href="https://policies.google.com/privacy" target="_blank" rel="noopener">YouTube/Google Datenschutzerklärung</a></p>
<p>Wenn Sie akzeptieren, wird Ihre Zustimmung über einen Cookie gespeichert und die Seite wird neu geladen.</p>
<button type="button" class="__youtube_prefs_gdpr__">Akzeptieren<img decoding="async" src="https://gymnasium-eckhorst.de/homepage/wp-content/plugins/youtube-embed-plus/images/icon-check.png" alt="accept" data-no-lazy="1" data-skipgform_ajax_framebjll="" /></button></div>


<p>Klassenausflüge, Schulfeste, besondere Unterrichtsprojekte, (sportliche) Wettkämpfe – an unserer Schule passiert so vieles, auf das wir stolz sein können. All diese besonderen Momente sind es wert geteilt zu werden. Wenn du Lust hast, zu einem „Momentmultiplikator“ zu werden, solltest du jetzt unbedingt weiterlesen!</p>



<div class="wp-block-columns alignwide is-layout-flex wp-container-core-columns-is-layout-9d6595d7 wp-block-columns-is-layout-flex">
<div class="wp-block-column is-layout-flow wp-block-column-is-layout-flow"><div class="wp-block-image">
<figure class="aligncenter size-large is-resized"><img fetchpriority="high" decoding="async" width="1024" height="682" src="https://gymnasium-eckhorst.de/homepage/wp-content/uploads/2020/08/ipad-820272_1280-1024x682.jpg" alt="" class="wp-image-1751" style="width:512px;height:341px" srcset="https://gymnasium-eckhorst.de/homepage/wp-content/uploads/2020/08/ipad-820272_1280-1024x682.jpg 1024w, https://gymnasium-eckhorst.de/homepage/wp-content/uploads/2020/08/ipad-820272_1280-300x200.jpg 300w, https://gymnasium-eckhorst.de/homepage/wp-content/uploads/2020/08/ipad-820272_1280-768x512.jpg 768w, https://gymnasium-eckhorst.de/homepage/wp-content/uploads/2020/08/ipad-820272_1280-1200x800.jpg 1200w, https://gymnasium-eckhorst.de/homepage/wp-content/uploads/2020/08/ipad-820272_1280.jpg 1280w" sizes="(max-width: 1024px) 100vw, 1024px" /></figure>
</div></div>



<div class="wp-block-column is-layout-flow wp-block-column-is-layout-flow">
<p><br><br><em><strong>Wer?</strong></em>  Schüler*innen der Jahrgänge 7-Q2</p>



<p><em><strong>Was solltest du mitbringen?</strong></em> Spaß am Verfassen von Artikeln, am Fotografieren, am Interviewen; Zuverlässigkeit und Teamfähigkeit</p>



<p><em><strong>Wann?</strong></em> Jeden Freitag in der 7. (evtl. auch 8. Stunde) trifft sich die Redaktion. Hier wollen wir besprechen, was in der Woche ansteht, Zuständigkeiten für Artikel und Fotos verteilen, die neuesten Beiträge veröffentlichen und die Homepage noch besser machen.</p>



<p><em><strong>Wo?</strong></em> Medienzentrum</p>



<p>Das ist deine Chance, die neue Homepage mitzugestalten. Komm‘ vorbei, wir freuen uns auf dich!</p>



<p><em>V. Lüthje und T. Gloyer</em></p>
</div>
</div>

<p>Klassenausflüge, Schulfeste, besondere Unterrichtsprojekte, (sportliche) Wettkämpfe – an unserer Schule passiert so vieles, auf das wir stolz sein können. All diese besonderen Momente sind es wert geteilt zu werden. Wenn du Lust hast, zu einem „Momentmultiplikator“ zu werden, solltest du jetzt unbedingt weiterlesen! Wer? Schüler*innen der Jahrgänge 7-Q2 Was solltest du mitbringen? Spaß am Verfassen [&hellip;]</p>
