{"id":16639,"date":"2025-02-12T16:48:15","date_gmt":"2025-02-12T15:48:15","guid":{"rendered":"https:\/\/gymnasium-eckhorst.de\/homepage\/?page_id=16639"},"modified":"2025-07-28T09:33:06","modified_gmt":"2025-07-28T07:33:06","slug":"europaschule","status":"publish","type":"page","link":"https:\/\/gymnasium-eckhorst.de\/homepage\/europaschule\/","title":{"rendered":"Europaschule"},"content":{"rendered":"\n<figure class=\"wp-block-image size-large\"><img fetchpriority=\"high\" decoding=\"async\" width=\"1024\" height=\"683\" src=\"https:\/\/gymnasium-eckhorst.de\/homepage\/wp-content\/uploads\/2025\/02\/Flag_of_Europe.svg_-1024x683.png\" alt=\"\" class=\"wp-image-16640\" srcset=\"https:\/\/gymnasium-eckhorst.de\/homepage\/wp-content\/uploads\/2025\/02\/Flag_of_Europe.svg_-1024x683.png 1024w, https:\/\/gymnasium-eckhorst.de\/homepage\/wp-content\/uploads\/2025\/02\/Flag_of_Europe.svg_-300x200.png 300w, https:\/\/gymnasium-eckhorst.de\/homepage\/wp-content\/uploads\/2025\/02\/Flag_of_Europe.svg_-768x512.png 768w, https:\/\/gymnasium-eckhorst.de\/homepage\/wp-content\/uploads\/2025\/02\/Flag_of_Europe.svg_-1536x1024.png 1536w, https:\/\/gymnasium-eckhorst.de\/homepage\/wp-content\/uploads\/2025\/02\/Flag_of_Europe.svg_-2048x1365.png 2048w, https:\/\/gymnasium-eckhorst.de\/homepage\/wp-content\/uploads\/2025\/02\/Flag_of_Europe.svg_-1200x800.png 1200w, https:\/\/gymnasium-eckhorst.de\/homepage\/wp-content\/uploads\/2025\/02\/Flag_of_Europe.svg_-1980x1320.png 1980w\" sizes=\"(max-width: 1024px) 100vw, 1024px\" \/><\/figure>\n\n\n\n<p><strong>Das Gymnasium Eckhorst geh\u00f6rt seit dem Jahr 2018 zur Gruppe der \u201eEuropaschulen von Schleswig-Holstein\u201c.<\/strong><\/p>\n\n\n\n<p>Als Europaschule verfolgen wir zentrale Ziele, die auf die F\u00f6rderung von europ\u00e4ischer Identit\u00e4t und interkulturellem Verst\u00e4ndnis abzielen. Es geht verst\u00e4rkt darum Kompetenz, Verst\u00e4ndnis und die Wertsch\u00e4tzung unterschiedlicher Kulturen, Toleranz und Respekt zu f\u00f6rdern.<\/p>\n\n\n\n<p>Eine Europaschule orientiert sich intensiv an europ\u00e4ischen Werten, wie Demokratie, Menschenrechten, Verantwortungsbereitschaft und Solidarit\u00e4t, um ein Bewusstsein f\u00fcr die europ\u00e4ische Gemeinschaft zu entwickeln.<\/p>\n\n\n\n<p>Letztendlich m\u00f6chten wir unsere Lerngemeinschaft dahingehend f\u00f6rdern, sich aktiv in gesellschaftliche und politische Prozesse einzubringen und Verantwortung f\u00fcr ihre Gemeinschaft zu \u00fcbernehmen.<\/p>\n\n\n\n<p>Diese Ziele tragen dazu bei, die Sch\u00fclerinnen und Sch\u00fcler auf ein Leben in einer zunehmend globalisierten Welt vorzubereiten.<\/p>\n\n\n\n<p>Eine <strong>\u00dcbersicht \u00fcber aktuelle Projekte und Aktionen<\/strong> mit europ\u00e4ischem Bezug finden Sie <a href=\"https:\/\/gymnasium-eckhorst.de\/homepage\/europaeische-projekte\/\" data-type=\"page\" data-id=\"16749\">hier<\/a>.<\/p>\n\n\n\n<h3 class=\"wp-block-heading\"><strong>Was zeichnet das Gymnasium Eckhorst nun konkret als eine Europaschule aus?<\/strong><\/h3>\n\n\n\n<h4 class=\"wp-block-heading\">1. <strong>Ein breites Fremdsprachenangebot<\/strong><\/h4>\n\n\n\n<p>a. Fremdsprachenunterricht:<\/p>\n\n\n\n<ul class=\"wp-block-list\">\n<li>1. Fremdsprache ab Klasse 5: Englisch<\/li>\n\n\n\n<li>2. Fremdsprache ab Klasse 7: Franz\u00f6sisch oder Spanisch oder Latein<\/li>\n\n\n\n<li>3. Fremdsprachen ab Klasse 9 (als Wahlpflichtkurs; falls angew\u00e4hlt): Spanisch, Latein, Franz\u00f6sisch<\/li>\n\n\n\n<li>zus\u00e4tzlich m\u00f6glich: Italienisch-AG<\/li>\n<\/ul>\n\n\n\n<p>b. Fremdsprachen-Zertifikate: &#8211; Camebridge Certificate (Englisch)<\/p>\n\n\n\n<ul class=\"wp-block-list\">\n<li>DELF-Zertifikat (Franz\u00f6sisch)<\/li>\n\n\n\n<li>DELE-Zertifikat (Spanisch)<\/li>\n\n\n\n<li>Latinum und Gro\u00dfes Latinum (Latein)<\/li>\n<\/ul>\n\n\n\n<h4 class=\"wp-block-heading\">2. <strong>Ein eigenes Unterrichtsfach zu Europa <\/strong><\/h4>\n\n\n\n<ul class=\"wp-block-list\">\n<li>Wahlpflichtkurs \u201eEuropa\u201c in den Klassen 9 und 10<\/li>\n<\/ul>\n\n\n\n<h4 class=\"wp-block-heading\"><strong>3. Teilnahme an europaorientierten Wettbewerben<\/strong><\/h4>\n\n\n\n<ul class=\"wp-block-list\">\n<li>Europ\u00e4ischer Wettbewerb (WPK-Kurs Europa)<\/li>\n\n\n\n<li>Bundeswettbewerb Fremdsprachen (WPK-Kurs Europa)<\/li>\n\n\n\n<li>Jugend trainiert f\u00fcr Olympia in verschiedenen Disziplinen<\/li>\n<\/ul>\n\n\n\n<h4 class=\"wp-block-heading\">4. <strong>Schulpartnerschaften und Austauschprogramme<\/strong><\/h4>\n\n\n\n<ul class=\"wp-block-list\">\n<li>Frankreich-Austausch mit La Rochelle<\/li>\n\n\n\n<li>Sch\u00fcleraustausch mit Chile (im Aufbau)<\/li>\n\n\n\n<li>Sch\u00fclerpraktika k\u00f6nnen im Ausland absolviert werden<\/li>\n<\/ul>\n\n\n\n<h4 class=\"wp-block-heading\">5. <strong>Arbeitsgemeinschaften und Projekte, die sich mit zentralen europ\u00e4ischen Themen befassen.<\/strong><\/h4>\n\n\n\n<ul class=\"wp-block-list\">\n<li>AG \u201eNachhaltigkeit\u201c<\/li>\n\n\n\n<li>AG \u201eB\u00f6rsenspiel\u201c<\/li>\n\n\n\n<li>AG &#8222;REB \u2013 Radio Eckhorst Bargteheide&#8220;<\/li>\n\n\n\n<li>AG \u201eREB \u2013 TV\u201c<\/li>\n\n\n\n<li>Dreht\u00fcrkurs \u201eFinanzen und B\u00f6rse\u201c<\/li>\n\n\n\n<li>Projekt \u201eWeihnachtsp\u00e4ckchenkonvoi f\u00fcr arme Kinder in Osteuropa<\/li>\n\n\n\n<li>Einsatz einer Fremdsprachenassistentin in Franz\u00f6sisch<\/li>\n<\/ul>\n\n\n\n<h4 class=\"wp-block-heading\">6. <strong>Die Integration europ\u00e4ischer Themen im Unterricht \u00fcber den Lehrplan hinaus<\/strong><\/h4>\n\n\n\n<p>Zum Beispiel:<\/p>\n\n\n\n<ul class=\"wp-block-list\">\n<li>In Biologie Klasse 5: Kurzreferate zum Thema \u201eKennzeichen des Lebendigen an Tierbeispielen in Europa\u201c<\/li>\n\n\n\n<li>In Musik in den Klassen 7 und 10: Nationalhymnen in verschiedenen L\u00e4ndern<\/li>\n<\/ul>\n\n\n\n<h4 class=\"wp-block-heading\">7. <strong>Teilnahme der Lehrkr\u00e4fte an europaorientierten Fortbildungen<\/strong><\/h4>\n\n\n\n<p>Zum Beispiel:<\/p>\n\n\n\n<ul class=\"wp-block-list\">\n<li>Zertifikatskurs Europa-Kompetenz<\/li>\n\n\n\n<li>Vorbereitungskurse zum Europ\u00e4ischen Wettbewerb<\/li>\n<\/ul>\n\n\n\n<p><em>Stand: 02\/2025, He<\/em><\/p>\n","protected":false},"excerpt":{"rendered":"<p>Das Gymnasium Eckhorst geh\u00f6rt seit dem Jahr 2018 zur Gruppe der \u201eEuropaschulen von Schleswig-Holstein\u201c. Als Europaschule verfolgen wir zentrale Ziele, die auf die F\u00f6rderung von europ\u00e4ischer Identit\u00e4t und interkulturellem Verst\u00e4ndnis abzielen. Es geht verst\u00e4rkt darum Kompetenz, Verst\u00e4ndnis und die Wertsch\u00e4tzung unterschiedlicher Kulturen, Toleranz und Respekt zu f\u00f6rdern. Eine Europaschule orientiert sich intensiv an europ\u00e4ischen Werten, [&hellip;]<\/p>\n","protected":false},"author":17,"featured_media":0,"parent":0,"menu_order":0,"comment_status":"closed","ping_status":"closed","template":"","meta":{"footnotes":""},"class_list":["post-16639","page","type-page","status-publish","hentry"],"_links":{"self":[{"href":"https:\/\/gymnasium-eckhorst.de\/homepage\/wp-json\/wp\/v2\/pages\/16639","targetHints":{"allow":["GET"]}}],"collection":[{"href":"https:\/\/gymnasium-eckhorst.de\/homepage\/wp-json\/wp\/v2\/pages"}],"about":[{"href":"https:\/\/gymnasium-eckhorst.de\/homepage\/wp-json\/wp\/v2\/types\/page"}],"author":[{"embeddable":true,"href":"https:\/\/gymnasium-eckhorst.de\/homepage\/wp-json\/wp\/v2\/users\/17"}],"replies":[{"embeddable":true,"href":"https:\/\/gymnasium-eckhorst.de\/homepage\/wp-json\/wp\/v2\/comments?post=16639"}],"version-history":[{"count":6,"href":"https:\/\/gymnasium-eckhorst.de\/homepage\/wp-json\/wp\/v2\/pages\/16639\/revisions"}],"predecessor-version":[{"id":17307,"href":"https:\/\/gymnasium-eckhorst.de\/homepage\/wp-json\/wp\/v2\/pages\/16639\/revisions\/17307"}],"wp:attachment":[{"href":"https:\/\/gymnasium-eckhorst.de\/homepage\/wp-json\/wp\/v2\/media?parent=16639"}],"curies":[{"name":"wp","href":"https:\/\/api.w.org\/{rel}","templated":true}]}}

<figure class="wp-block-image size-large"><img fetchpriority="high" decoding="async" width="1024" height="683" src="https://gymnasium-eckhorst.de/homepage/wp-content/uploads/2025/02/Flag_of_Europe.svg_-1024x683.png" alt="" class="wp-image-16640" srcset="https://gymnasium-eckhorst.de/homepage/wp-content/uploads/2025/02/Flag_of_Europe.svg_-1024x683.png 1024w, https://gymnasium-eckhorst.de/homepage/wp-content/uploads/2025/02/Flag_of_Europe.svg_-300x200.png 300w, https://gymnasium-eckhorst.de/homepage/wp-content/uploads/2025/02/Flag_of_Europe.svg_-768x512.png 768w, https://gymnasium-eckhorst.de/homepage/wp-content/uploads/2025/02/Flag_of_Europe.svg_-1536x1024.png 1536w, https://gymnasium-eckhorst.de/homepage/wp-content/uploads/2025/02/Flag_of_Europe.svg_-2048x1365.png 2048w, https://gymnasium-eckhorst.de/homepage/wp-content/uploads/2025/02/Flag_of_Europe.svg_-1200x800.png 1200w, https://gymnasium-eckhorst.de/homepage/wp-content/uploads/2025/02/Flag_of_Europe.svg_-1980x1320.png 1980w" sizes="(max-width: 1024px) 100vw, 1024px" /></figure>



<p><strong>Das Gymnasium Eckhorst gehört seit dem Jahr 2018 zur Gruppe der „Europaschulen von Schleswig-Holstein“.</strong></p>



<p>Als Europaschule verfolgen wir zentrale Ziele, die auf die Förderung von europäischer Identität und interkulturellem Verständnis abzielen. Es geht verstärkt darum Kompetenz, Verständnis und die Wertschätzung unterschiedlicher Kulturen, Toleranz und Respekt zu fördern.</p>



<p>Eine Europaschule orientiert sich intensiv an europäischen Werten, wie Demokratie, Menschenrechten, Verantwortungsbereitschaft und Solidarität, um ein Bewusstsein für die europäische Gemeinschaft zu entwickeln.</p>



<p>Letztendlich möchten wir unsere Lerngemeinschaft dahingehend fördern, sich aktiv in gesellschaftliche und politische Prozesse einzubringen und Verantwortung für ihre Gemeinschaft zu übernehmen.</p>



<p>Diese Ziele tragen dazu bei, die Schülerinnen und Schüler auf ein Leben in einer zunehmend globalisierten Welt vorzubereiten.</p>



<p>Eine <strong>Übersicht über aktuelle Projekte und Aktionen</strong> mit europäischem Bezug finden Sie <a href="https://gymnasium-eckhorst.de/homepage/europaeische-projekte/" data-type="page" data-id="16749">hier</a>.</p>



<h3 class="wp-block-heading"><strong>Was zeichnet das Gymnasium Eckhorst nun konkret als eine Europaschule aus?</strong></h3>



<h4 class="wp-block-heading">1. <strong>Ein breites Fremdsprachenangebot</strong></h4>



<p>a. Fremdsprachenunterricht:</p>



<ul class="wp-block-list">
<li>1. Fremdsprache ab Klasse 5: Englisch</li>



<li>2. Fremdsprache ab Klasse 7: Französisch oder Spanisch oder Latein</li>



<li>3. Fremdsprachen ab Klasse 9 (als Wahlpflichtkurs; falls angewählt): Spanisch, Latein, Französisch</li>



<li>zusätzlich möglich: Italienisch-AG</li>
</ul>



<p>b. Fremdsprachen-Zertifikate: &#8211; Camebridge Certificate (Englisch)</p>



<ul class="wp-block-list">
<li>DELF-Zertifikat (Französisch)</li>



<li>DELE-Zertifikat (Spanisch)</li>



<li>Latinum und Großes Latinum (Latein)</li>
</ul>



<h4 class="wp-block-heading">2. <strong>Ein eigenes Unterrichtsfach zu Europa </strong></h4>



<ul class="wp-block-list">
<li>Wahlpflichtkurs „Europa“ in den Klassen 9 und 10</li>
</ul>



<h4 class="wp-block-heading"><strong>3. Teilnahme an europaorientierten Wettbewerben</strong></h4>



<ul class="wp-block-list">
<li>Europäischer Wettbewerb (WPK-Kurs Europa)</li>



<li>Bundeswettbewerb Fremdsprachen (WPK-Kurs Europa)</li>



<li>Jugend trainiert für Olympia in verschiedenen Disziplinen</li>
</ul>



<h4 class="wp-block-heading">4. <strong>Schulpartnerschaften und Austauschprogramme</strong></h4>



<ul class="wp-block-list">
<li>Frankreich-Austausch mit La Rochelle</li>



<li>Schüleraustausch mit Chile (im Aufbau)</li>



<li>Schülerpraktika können im Ausland absolviert werden</li>
</ul>



<h4 class="wp-block-heading">5. <strong>Arbeitsgemeinschaften und Projekte, die sich mit zentralen europäischen Themen befassen.</strong></h4>



<ul class="wp-block-list">
<li>AG „Nachhaltigkeit“</li>



<li>AG „Börsenspiel“</li>



<li>AG &#8222;REB – Radio Eckhorst Bargteheide&#8220;</li>



<li>AG „REB – TV“</li>



<li>Drehtürkurs „Finanzen und Börse“</li>



<li>Projekt „Weihnachtspäckchenkonvoi für arme Kinder in Osteuropa</li>



<li>Einsatz einer Fremdsprachenassistentin in Französisch</li>
</ul>



<h4 class="wp-block-heading">6. <strong>Die Integration europäischer Themen im Unterricht über den Lehrplan hinaus</strong></h4>



<p>Zum Beispiel:</p>



<ul class="wp-block-list">
<li>In Biologie Klasse 5: Kurzreferate zum Thema „Kennzeichen des Lebendigen an Tierbeispielen in Europa“</li>



<li>In Musik in den Klassen 7 und 10: Nationalhymnen in verschiedenen Ländern</li>
</ul>



<h4 class="wp-block-heading">7. <strong>Teilnahme der Lehrkräfte an europaorientierten Fortbildungen</strong></h4>



<p>Zum Beispiel:</p>



<ul class="wp-block-list">
<li>Zertifikatskurs Europa-Kompetenz</li>



<li>Vorbereitungskurse zum Europäischen Wettbewerb</li>
</ul>



<p><em>Stand: 02/2025, He</em></p>

<p>Das Gymnasium Eckhorst gehört seit dem Jahr 2018 zur Gruppe der „Europaschulen von Schleswig-Holstein“. Als Europaschule verfolgen wir zentrale Ziele, die auf die Förderung von europäischer Identität und interkulturellem Verständnis abzielen. Es geht verstärkt darum Kompetenz, Verständnis und die Wertschätzung unterschiedlicher Kulturen, Toleranz und Respekt zu fördern. Eine Europaschule orientiert sich intensiv an europäischen Werten, [&hellip;]</p>
