{"id":16613,"date":"2025-02-07T14:47:24","date_gmt":"2025-02-07T13:47:24","guid":{"rendered":"https:\/\/gymnasium-eckhorst.de\/homepage\/?page_id=16613"},"modified":"2025-02-18T13:13:17","modified_gmt":"2025-02-18T12:13:17","slug":"legasthenie-foerderung","status":"publish","type":"page","link":"https:\/\/gymnasium-eckhorst.de\/homepage\/legasthenie-foerderung\/","title":{"rendered":"F\u00f6rderung bei Legasthenie"},"content":{"rendered":"<div class=\"wp-block-image\">\n<figure class=\"aligncenter size-large\"><img fetchpriority=\"high\" decoding=\"async\" width=\"1024\" height=\"768\" src=\"https:\/\/gymnasium-eckhorst.de\/homepage\/wp-content\/uploads\/2025\/02\/IMG_0205-1024x768.jpeg\" alt=\"\" class=\"wp-image-16614\" srcset=\"https:\/\/gymnasium-eckhorst.de\/homepage\/wp-content\/uploads\/2025\/02\/IMG_0205-1024x768.jpeg 1024w, https:\/\/gymnasium-eckhorst.de\/homepage\/wp-content\/uploads\/2025\/02\/IMG_0205-300x225.jpeg 300w, https:\/\/gymnasium-eckhorst.de\/homepage\/wp-content\/uploads\/2025\/02\/IMG_0205-768x576.jpeg 768w, https:\/\/gymnasium-eckhorst.de\/homepage\/wp-content\/uploads\/2025\/02\/IMG_0205-1536x1152.jpeg 1536w, https:\/\/gymnasium-eckhorst.de\/homepage\/wp-content\/uploads\/2025\/02\/IMG_0205-2048x1536.jpeg 2048w, https:\/\/gymnasium-eckhorst.de\/homepage\/wp-content\/uploads\/2025\/02\/IMG_0205-1200x900.jpeg 1200w, https:\/\/gymnasium-eckhorst.de\/homepage\/wp-content\/uploads\/2025\/02\/IMG_0205-1980x1485.jpeg 1980w\" sizes=\"(max-width: 1024px) 100vw, 1024px\" \/><\/figure>\n<\/div>\n\n\n<p>Anerkannten Legasthenikerinnen und Legasthenikern wird eine schulischen F\u00f6rderung angeboten, mit der sie ihre Rechtschreibleistungen verbessern k\u00f6nnen.<\/p>\n\n\n\n<p><strong>Diese F\u00f6rderung findet f\u00fcr die Klassenstufen 5 \/ 6 und 7 \/ 8 jeweils einmal w\u00f6chentlich in einer 7. Stunde statt.<\/strong><\/p>\n\n\n\n<p>In dieser F\u00f6rderung werden spezielle Rechtschreibstrategien (Ableiten, Verl\u00e4ngern, Zerlegung in Silben, etc.) methodisch vielf\u00e4ltig und vertiefend trainiert. Auch das sinnerfassende Lesen findet dort seinen Platz.<\/p>\n\n\n\n<p>Eine Teilnahme f\u00fcr Kinder mit anerkannter Legasthenie ist dringend zu empfehlen. Entscheiden sich Eltern daf\u00fcr, dieses Angebot anzunehmen, so ist die <strong>Teilnahme verbindlich<\/strong>.<\/p>\n\n\n<div class=\"wp-block-image\">\n<figure class=\"aligncenter size-large\"><img decoding=\"async\" width=\"1024\" height=\"768\" src=\"https:\/\/gymnasium-eckhorst.de\/homepage\/wp-content\/uploads\/2025\/02\/IMG_0209-1024x768.jpeg\" alt=\"\" class=\"wp-image-16615\" srcset=\"https:\/\/gymnasium-eckhorst.de\/homepage\/wp-content\/uploads\/2025\/02\/IMG_0209-1024x768.jpeg 1024w, https:\/\/gymnasium-eckhorst.de\/homepage\/wp-content\/uploads\/2025\/02\/IMG_0209-300x225.jpeg 300w, https:\/\/gymnasium-eckhorst.de\/homepage\/wp-content\/uploads\/2025\/02\/IMG_0209-768x576.jpeg 768w, https:\/\/gymnasium-eckhorst.de\/homepage\/wp-content\/uploads\/2025\/02\/IMG_0209-1536x1152.jpeg 1536w, https:\/\/gymnasium-eckhorst.de\/homepage\/wp-content\/uploads\/2025\/02\/IMG_0209-2048x1536.jpeg 2048w, https:\/\/gymnasium-eckhorst.de\/homepage\/wp-content\/uploads\/2025\/02\/IMG_0209-1200x900.jpeg 1200w, https:\/\/gymnasium-eckhorst.de\/homepage\/wp-content\/uploads\/2025\/02\/IMG_0209-1980x1485.jpeg 1980w\" sizes=\"(max-width: 1024px) 100vw, 1024px\" \/><\/figure>\n<\/div>\n\n\n<p>Auch auff\u00e4llig rechtschreibschwache Sch\u00fclerinnen und Sch\u00fcler ohne offizielle LRS-Anerkennung d\u00fcrfen gern &#8211; nach R\u00fccksprache mit der Deutschlehrkraft und der entsprechenden LRS-Fachkraft &#8211; an der F\u00f6rderung teilnehmen. Eventuelle Nachtestungen auf LRS sind m\u00f6glich, wenn die Voraussetzungen nach aktueller Erlasslage hierf\u00fcr erf\u00fcllt sind.<\/p>\n\n\n<div class=\"wp-block-image\">\n<figure class=\"aligncenter size-full\"><img decoding=\"async\" width=\"640\" height=\"427\" src=\"https:\/\/gymnasium-eckhorst.de\/homepage\/wp-content\/uploads\/2025\/02\/pexels-tima-miroshnichenko-5303501.jpg\" alt=\"\" class=\"wp-image-16616\" srcset=\"https:\/\/gymnasium-eckhorst.de\/homepage\/wp-content\/uploads\/2025\/02\/pexels-tima-miroshnichenko-5303501.jpg 640w, https:\/\/gymnasium-eckhorst.de\/homepage\/wp-content\/uploads\/2025\/02\/pexels-tima-miroshnichenko-5303501-300x200.jpg 300w\" sizes=\"(max-width: 640px) 100vw, 640px\" \/><\/figure>\n<\/div>","protected":false},"excerpt":{"rendered":"<p>Anerkannten Legasthenikerinnen und Legasthenikern wird eine schulischen F\u00f6rderung angeboten, mit der sie ihre Rechtschreibleistungen verbessern k\u00f6nnen. Diese F\u00f6rderung findet f\u00fcr die Klassenstufen 5 \/ 6 und 7 \/ 8 jeweils einmal w\u00f6chentlich in einer 7. Stunde statt. In dieser F\u00f6rderung werden spezielle Rechtschreibstrategien (Ableiten, Verl\u00e4ngern, Zerlegung in Silben, etc.) methodisch vielf\u00e4ltig und vertiefend trainiert. Auch [&hellip;]<\/p>\n","protected":false},"author":17,"featured_media":0,"parent":0,"menu_order":0,"comment_status":"closed","ping_status":"closed","template":"","meta":{"footnotes":""},"class_list":["post-16613","page","type-page","status-publish","hentry"],"_links":{"self":[{"href":"https:\/\/gymnasium-eckhorst.de\/homepage\/wp-json\/wp\/v2\/pages\/16613","targetHints":{"allow":["GET"]}}],"collection":[{"href":"https:\/\/gymnasium-eckhorst.de\/homepage\/wp-json\/wp\/v2\/pages"}],"about":[{"href":"https:\/\/gymnasium-eckhorst.de\/homepage\/wp-json\/wp\/v2\/types\/page"}],"author":[{"embeddable":true,"href":"https:\/\/gymnasium-eckhorst.de\/homepage\/wp-json\/wp\/v2\/users\/17"}],"replies":[{"embeddable":true,"href":"https:\/\/gymnasium-eckhorst.de\/homepage\/wp-json\/wp\/v2\/comments?post=16613"}],"version-history":[{"count":3,"href":"https:\/\/gymnasium-eckhorst.de\/homepage\/wp-json\/wp\/v2\/pages\/16613\/revisions"}],"predecessor-version":[{"id":16653,"href":"https:\/\/gymnasium-eckhorst.de\/homepage\/wp-json\/wp\/v2\/pages\/16613\/revisions\/16653"}],"wp:attachment":[{"href":"https:\/\/gymnasium-eckhorst.de\/homepage\/wp-json\/wp\/v2\/media?parent=16613"}],"curies":[{"name":"wp","href":"https:\/\/api.w.org\/{rel}","templated":true}]}}

Förderung bei Legasthenie

<div class="wp-block-image">
<figure class="aligncenter size-large"><img fetchpriority="high" decoding="async" width="1024" height="768" src="https://gymnasium-eckhorst.de/homepage/wp-content/uploads/2025/02/IMG_0205-1024x768.jpeg" alt="" class="wp-image-16614" srcset="https://gymnasium-eckhorst.de/homepage/wp-content/uploads/2025/02/IMG_0205-1024x768.jpeg 1024w, https://gymnasium-eckhorst.de/homepage/wp-content/uploads/2025/02/IMG_0205-300x225.jpeg 300w, https://gymnasium-eckhorst.de/homepage/wp-content/uploads/2025/02/IMG_0205-768x576.jpeg 768w, https://gymnasium-eckhorst.de/homepage/wp-content/uploads/2025/02/IMG_0205-1536x1152.jpeg 1536w, https://gymnasium-eckhorst.de/homepage/wp-content/uploads/2025/02/IMG_0205-2048x1536.jpeg 2048w, https://gymnasium-eckhorst.de/homepage/wp-content/uploads/2025/02/IMG_0205-1200x900.jpeg 1200w, https://gymnasium-eckhorst.de/homepage/wp-content/uploads/2025/02/IMG_0205-1980x1485.jpeg 1980w" sizes="(max-width: 1024px) 100vw, 1024px" /></figure>
</div>


<p>Anerkannten Legasthenikerinnen und Legasthenikern wird eine schulischen Förderung angeboten, mit der sie ihre Rechtschreibleistungen verbessern können.</p>



<p><strong>Diese Förderung findet für die Klassenstufen 5 / 6 und 7 / 8 jeweils einmal wöchentlich in einer 7. Stunde statt.</strong></p>



<p>In dieser Förderung werden spezielle Rechtschreibstrategien (Ableiten, Verlängern, Zerlegung in Silben, etc.) methodisch vielfältig und vertiefend trainiert. Auch das sinnerfassende Lesen findet dort seinen Platz.</p>



<p>Eine Teilnahme für Kinder mit anerkannter Legasthenie ist dringend zu empfehlen. Entscheiden sich Eltern dafür, dieses Angebot anzunehmen, so ist die <strong>Teilnahme verbindlich</strong>.</p>


<div class="wp-block-image">
<figure class="aligncenter size-large"><img decoding="async" width="1024" height="768" src="https://gymnasium-eckhorst.de/homepage/wp-content/uploads/2025/02/IMG_0209-1024x768.jpeg" alt="" class="wp-image-16615" srcset="https://gymnasium-eckhorst.de/homepage/wp-content/uploads/2025/02/IMG_0209-1024x768.jpeg 1024w, https://gymnasium-eckhorst.de/homepage/wp-content/uploads/2025/02/IMG_0209-300x225.jpeg 300w, https://gymnasium-eckhorst.de/homepage/wp-content/uploads/2025/02/IMG_0209-768x576.jpeg 768w, https://gymnasium-eckhorst.de/homepage/wp-content/uploads/2025/02/IMG_0209-1536x1152.jpeg 1536w, https://gymnasium-eckhorst.de/homepage/wp-content/uploads/2025/02/IMG_0209-2048x1536.jpeg 2048w, https://gymnasium-eckhorst.de/homepage/wp-content/uploads/2025/02/IMG_0209-1200x900.jpeg 1200w, https://gymnasium-eckhorst.de/homepage/wp-content/uploads/2025/02/IMG_0209-1980x1485.jpeg 1980w" sizes="(max-width: 1024px) 100vw, 1024px" /></figure>
</div>


<p>Auch auffällig rechtschreibschwache Schülerinnen und Schüler ohne offizielle LRS-Anerkennung dürfen gern &#8211; nach Rücksprache mit der Deutschlehrkraft und der entsprechenden LRS-Fachkraft &#8211; an der Förderung teilnehmen. Eventuelle Nachtestungen auf LRS sind möglich, wenn die Voraussetzungen nach aktueller Erlasslage hierfür erfüllt sind.</p>


<div class="wp-block-image">
<figure class="aligncenter size-full"><img decoding="async" width="640" height="427" src="https://gymnasium-eckhorst.de/homepage/wp-content/uploads/2025/02/pexels-tima-miroshnichenko-5303501.jpg" alt="" class="wp-image-16616" srcset="https://gymnasium-eckhorst.de/homepage/wp-content/uploads/2025/02/pexels-tima-miroshnichenko-5303501.jpg 640w, https://gymnasium-eckhorst.de/homepage/wp-content/uploads/2025/02/pexels-tima-miroshnichenko-5303501-300x200.jpg 300w" sizes="(max-width: 640px) 100vw, 640px" /></figure>
</div>

<p>Anerkannten Legasthenikerinnen und Legasthenikern wird eine schulischen Förderung angeboten, mit der sie ihre Rechtschreibleistungen verbessern können. Diese Förderung findet für die Klassenstufen 5 / 6 und 7 / 8 jeweils einmal wöchentlich in einer 7. Stunde statt. In dieser Förderung werden spezielle Rechtschreibstrategien (Ableiten, Verlängern, Zerlegung in Silben, etc.) methodisch vielfältig und vertiefend trainiert. Auch [&hellip;]</p>
