{"id":1393,"date":"2020-07-26T10:47:02","date_gmt":"2020-07-26T08:47:02","guid":{"rendered":"https:\/\/gymnasium-eckhorst.de\/homepage\/?page_id=1393"},"modified":"2023-11-27T12:44:40","modified_gmt":"2023-11-27T11:44:40","slug":"foerdern-und-fordern-2","status":"publish","type":"page","link":"https:\/\/gymnasium-eckhorst.de\/homepage\/foerdern-und-fordern-2\/","title":{"rendered":"F\u00f6rdern und Fordern &#8211; Unterricht"},"content":{"rendered":"\n<div class=\"wp-block-columns is-layout-flex wp-container-core-columns-is-layout-9d6595d7 wp-block-columns-is-layout-flex\">\n<div class=\"wp-block-column is-layout-flow wp-block-column-is-layout-flow\"><div class=\"wp-block-image\">\n<figure class=\"aligncenter size-large is-resized\"><img fetchpriority=\"high\" decoding=\"async\" width=\"531\" height=\"637\" src=\"https:\/\/gymnasium-eckhorst.de\/homepage\/wp-content\/uploads\/2020\/07\/IMG_0027.jpg\" alt=\"\" class=\"wp-image-1418\" style=\"width:266px;height:319px\" srcset=\"https:\/\/gymnasium-eckhorst.de\/homepage\/wp-content\/uploads\/2020\/07\/IMG_0027.jpg 531w, https:\/\/gymnasium-eckhorst.de\/homepage\/wp-content\/uploads\/2020\/07\/IMG_0027-250x300.jpg 250w\" sizes=\"(max-width: 531px) 100vw, 531px\" \/><\/figure>\n<\/div><\/div>\n\n\n\n<div class=\"wp-block-column is-layout-flow wp-block-column-is-layout-flow\"><div class=\"wp-block-image\">\n<figure class=\"aligncenter size-large is-resized\"><img decoding=\"async\" width=\"517\" height=\"589\" src=\"https:\/\/gymnasium-eckhorst.de\/homepage\/wp-content\/uploads\/2020\/07\/IMG_0028.jpg\" alt=\"\" class=\"wp-image-1419\" style=\"width:259px;height:295px\" srcset=\"https:\/\/gymnasium-eckhorst.de\/homepage\/wp-content\/uploads\/2020\/07\/IMG_0028.jpg 517w, https:\/\/gymnasium-eckhorst.de\/homepage\/wp-content\/uploads\/2020\/07\/IMG_0028-263x300.jpg 263w\" sizes=\"(max-width: 517px) 100vw, 517px\" \/><\/figure>\n<\/div><\/div>\n<\/div>\n\n\n\n<h4 class=\"wp-block-heading\">Konzeptionelles<\/h4>\n\n\n\n<p>Zur Unterst\u00fctzung der schulischen Begleitung finden immer im Herbst und im Fr\u00fchling f\u00fcr die Klassenstufen 5 bis E1 p\u00e4dagogische Klassenkonferenzen statt. Diese Konferenzen dienen dem Austausch zwischen Kollegium, Elternvertretern und ab Jahrgang 7 auch mit den Klassensprechern.<\/p>\n\n\n\n<p>Um eventuell vorhandene fachliche oder methodische Defizite bei unseren Sch\u00fclern auszugleichen, bieten wir als F\u00f6rderma\u00dfnahme ein Sch\u00fclertraining an. Dieses kann auf jeder Konferenz beschlossen werden und wird von unseren eigens daf\u00fcr ausgebildeten Sch\u00fclertrainern durchgef\u00fchrt. Die Trainingsstunde, die in der Regel einmal in der Woche stattfindet, ist fester Bestandteil des Stundenplans der betreffenden Sch\u00fclerin oder des betreffenden Sch\u00fclers; die Teilnahme ist somit verpflichtend. Die daf\u00fcr entstehenden Kosten werden vom Schulverein \u00fcbernommen.<\/p>\n\n\n\n<p>Beschlie\u00dft die p\u00e4dagogische Konferenz kein Sch\u00fclertraining, so kann trotzdem eine F\u00f6rderung im Rahmen von WUFF in Anspruch genommen werden, falls entsprechende Sch\u00fclertrainer zur Verf\u00fcgung stehen. Im Gegensatz zum Sch\u00fclertraining wird WUFF kein fester Bestandteil des Stundenplans. Auch die Kosten m\u00fcssen von den Eltern direkt \u00fcbernommen werden. Das Formular zur Anmeldung finden Sie im Bereich &#8222;Downloads&#8220; oder direkt <a href=\"https:\/\/gymnasium-eckhorst.de\/homepage\/wp-content\/uploads\/2022\/08\/wuff-anmeldung.pdf\" target=\"_blank\" rel=\"noreferrer noopener\">hier<\/a>.\u00a0<\/p>\n\n\n\n<p>Neben dem Ausgleich von Defiziten fordern wir mit unterschiedlichen Angeboten auch Sch\u00fcler, die schnell lernen und die in einzelnen Fachbereichen oder im Sozialverhalten \u00fcberdurchschnittlich begabt sind. Auch hier\u00fcber entscheidet die Klassenkonferenz (in der Regel zu den Halbjahreszeugnissen).<\/p>\n\n\n\n<p>Ziel dieses F\u00f6rder- und Forderkonzeptes ist, dass schnell und gezielt auf die Lernbed\u00fcrfnisse unserer Sch\u00fcler eingegangen und der Aufbau von Defiziten verhindert werden kann, damit alle unsere Sch\u00fcler die Sekundarstufe I erfolgreich durchlaufen. Hierbei sind wir nat\u00fcrlich auch sehr auf die Mitwirkung und Mitverantwortung der Eltern angewiesen.<\/p>\n\n\n\n<h4 class=\"wp-block-heading\">Unterst\u00fctzung durch Sch\u00fclertrainerinnen und Sch\u00fclertrainer<\/h4>\n\n\n\n<p>Peer to Peer funktioniert \u2013 das wissen wir am Eckhorst. Deshalb setzen wir seit einigen Jahren auf das Modell \u201eSch\u00fclertrainer\u201c, das zugleich f\u00f6rdert und fordert.<\/p>\n\n\n\n<p>Zu Beginn jedes Schuljahres k\u00f6nnen sich fachlich und sozial besonders leistungsstarke Sch\u00fclerinnen und Sch\u00fcler f\u00fcr die zweit\u00e4gige Sch\u00fclertrainerausbildung bewerben. In diesem Seminar werden sie mit viel Praxis und Spa\u00df f\u00fcr die \u00dcbernahme \u00fcberschaubarer Nachhilfe-Gruppen in den einzelnen Jahrg\u00e4ngen ausgebildet. Auch in der Ganztagsschule oder im Lernsommer k\u00f6nnen sie nach Abschluss ihrer Ausbildung f\u00fcr die Gestaltung inhaltlicher Angebote eingesetzt werden. Die Vorteile liegen auf der Hand:<\/p>\n\n\n\n<ul class=\"wp-block-list\">\n<li>Die Schule verf\u00fcgt \u00fcber selbst ausgew\u00e4hlte und ausgebildete \u201eNachhilfekr\u00e4fte\u201c, die alle Spielregeln am Eckhorst kennen und vom Verbindungslehrer zur OGS (Herr Wolfk\u00fchler) als Nachhilfekr\u00e4fte im Bereich der F\u00f6rderung vermittelt werden k\u00f6nnen.<\/li>\n\n\n\n<li>Der Schulverein kann auf einen verl\u00e4sslichen Pool an Sch\u00fclern f\u00fcr F\u00f6rderma\u00dfnahmen und Angebote im Ganztag zur\u00fcckgreifen.<\/li>\n\n\n\n<li>Sozial und fachlich besonders leistungsf\u00e4hige Sch\u00fcler k\u00f6nnen ihr Portfolio im Rahmen der Begabungsf\u00f6rderung um die Sch\u00fclertrainerausbildung erg\u00e4nzen.<\/li>\n\n\n\n<li>Sch\u00fcler mit F\u00f6rderbedarf k\u00f6nnen gut ausgebildete Sch\u00fclertrainer mit dem direkten Draht ins Lehrerkollegium zur Nachhilfe vermittelt werden.<\/li>\n<\/ul>\n\n\n\n<p>Diese Sch\u00fcler (ab Klassenstufe 9 aufwachsend) werden von uns ausgebildet und f\u00fcr den Einsatz in kleinen Nachhilfegruppen qualifiziert. Diese Unterst\u00fctzung ist f\u00fcr Sch\u00fcler gedacht, deren Schw\u00e4chen noch nicht so gravierend sind, die aber doch Hilfe ben\u00f6tigen. Ansprechpartner f\u00fcr die Sch\u00fclertrainerausbildung sind Herr Schwarz und Herr Wolfk\u00fchler. Der Einsatz der Sch\u00fclertrainer wird von Herrn Wolfk\u00fchler koordiniert.<\/p>\n\n\n\n<h4 class=\"wp-block-heading\">Die Hausaufgabenbetreuung<\/h4>\n\n\n\n<p>Sie wird im Rahmen der offenen Ganztagsschule schwerpunktm\u00e4\u00dfig von durch die Schule ausgebildeten Sch\u00fclertrainern angeboten.<\/p>\n\n\n\n<p><em>23.11.2023, Wk<\/em><\/p>\n","protected":false},"excerpt":{"rendered":"<p>Konzeptionelles Zur Unterst\u00fctzung der schulischen Begleitung finden immer im Herbst und im Fr\u00fchling f\u00fcr die Klassenstufen 5 bis E1 p\u00e4dagogische Klassenkonferenzen statt. Diese Konferenzen dienen dem Austausch zwischen Kollegium, Elternvertretern und ab Jahrgang 7 auch mit den Klassensprechern. Um eventuell vorhandene fachliche oder methodische Defizite bei unseren Sch\u00fclern auszugleichen, bieten wir als F\u00f6rderma\u00dfnahme ein Sch\u00fclertraining [&hellip;]<\/p>\n","protected":false},"author":17,"featured_media":0,"parent":0,"menu_order":0,"comment_status":"closed","ping_status":"closed","template":"","meta":{"footnotes":""},"class_list":["post-1393","page","type-page","status-publish","hentry"],"_links":{"self":[{"href":"https:\/\/gymnasium-eckhorst.de\/homepage\/wp-json\/wp\/v2\/pages\/1393","targetHints":{"allow":["GET"]}}],"collection":[{"href":"https:\/\/gymnasium-eckhorst.de\/homepage\/wp-json\/wp\/v2\/pages"}],"about":[{"href":"https:\/\/gymnasium-eckhorst.de\/homepage\/wp-json\/wp\/v2\/types\/page"}],"author":[{"embeddable":true,"href":"https:\/\/gymnasium-eckhorst.de\/homepage\/wp-json\/wp\/v2\/users\/17"}],"replies":[{"embeddable":true,"href":"https:\/\/gymnasium-eckhorst.de\/homepage\/wp-json\/wp\/v2\/comments?post=1393"}],"version-history":[{"count":14,"href":"https:\/\/gymnasium-eckhorst.de\/homepage\/wp-json\/wp\/v2\/pages\/1393\/revisions"}],"predecessor-version":[{"id":7099,"href":"https:\/\/gymnasium-eckhorst.de\/homepage\/wp-json\/wp\/v2\/pages\/1393\/revisions\/7099"}],"wp:attachment":[{"href":"https:\/\/gymnasium-eckhorst.de\/homepage\/wp-json\/wp\/v2\/media?parent=1393"}],"curies":[{"name":"wp","href":"https:\/\/api.w.org\/{rel}","templated":true}]}}

Fördern und Fordern &#8211; Unterricht

<div class="wp-block-columns is-layout-flex wp-container-core-columns-is-layout-9d6595d7 wp-block-columns-is-layout-flex">
<div class="wp-block-column is-layout-flow wp-block-column-is-layout-flow"><div class="wp-block-image">
<figure class="aligncenter size-large is-resized"><img fetchpriority="high" decoding="async" width="531" height="637" src="https://gymnasium-eckhorst.de/homepage/wp-content/uploads/2020/07/IMG_0027.jpg" alt="" class="wp-image-1418" style="width:266px;height:319px" srcset="https://gymnasium-eckhorst.de/homepage/wp-content/uploads/2020/07/IMG_0027.jpg 531w, https://gymnasium-eckhorst.de/homepage/wp-content/uploads/2020/07/IMG_0027-250x300.jpg 250w" sizes="(max-width: 531px) 100vw, 531px" /></figure>
</div></div>



<div class="wp-block-column is-layout-flow wp-block-column-is-layout-flow"><div class="wp-block-image">
<figure class="aligncenter size-large is-resized"><img decoding="async" width="517" height="589" src="https://gymnasium-eckhorst.de/homepage/wp-content/uploads/2020/07/IMG_0028.jpg" alt="" class="wp-image-1419" style="width:259px;height:295px" srcset="https://gymnasium-eckhorst.de/homepage/wp-content/uploads/2020/07/IMG_0028.jpg 517w, https://gymnasium-eckhorst.de/homepage/wp-content/uploads/2020/07/IMG_0028-263x300.jpg 263w" sizes="(max-width: 517px) 100vw, 517px" /></figure>
</div></div>
</div>



<h4 class="wp-block-heading">Konzeptionelles</h4>



<p>Zur Unterstützung der schulischen Begleitung finden immer im Herbst und im Frühling für die Klassenstufen 5 bis E1 pädagogische Klassenkonferenzen statt. Diese Konferenzen dienen dem Austausch zwischen Kollegium, Elternvertretern und ab Jahrgang 7 auch mit den Klassensprechern.</p>



<p>Um eventuell vorhandene fachliche oder methodische Defizite bei unseren Schülern auszugleichen, bieten wir als Fördermaßnahme ein Schülertraining an. Dieses kann auf jeder Konferenz beschlossen werden und wird von unseren eigens dafür ausgebildeten Schülertrainern durchgeführt. Die Trainingsstunde, die in der Regel einmal in der Woche stattfindet, ist fester Bestandteil des Stundenplans der betreffenden Schülerin oder des betreffenden Schülers; die Teilnahme ist somit verpflichtend. Die dafür entstehenden Kosten werden vom Schulverein übernommen.</p>



<p>Beschließt die pädagogische Konferenz kein Schülertraining, so kann trotzdem eine Förderung im Rahmen von WUFF in Anspruch genommen werden, falls entsprechende Schülertrainer zur Verfügung stehen. Im Gegensatz zum Schülertraining wird WUFF kein fester Bestandteil des Stundenplans. Auch die Kosten müssen von den Eltern direkt übernommen werden. Das Formular zur Anmeldung finden Sie im Bereich &#8222;Downloads&#8220; oder direkt <a href="https://gymnasium-eckhorst.de/homepage/wp-content/uploads/2022/08/wuff-anmeldung.pdf" target="_blank" rel="noreferrer noopener">hier</a>. </p>



<p>Neben dem Ausgleich von Defiziten fordern wir mit unterschiedlichen Angeboten auch Schüler, die schnell lernen und die in einzelnen Fachbereichen oder im Sozialverhalten überdurchschnittlich begabt sind. Auch hierüber entscheidet die Klassenkonferenz (in der Regel zu den Halbjahreszeugnissen).</p>



<p>Ziel dieses Förder- und Forderkonzeptes ist, dass schnell und gezielt auf die Lernbedürfnisse unserer Schüler eingegangen und der Aufbau von Defiziten verhindert werden kann, damit alle unsere Schüler die Sekundarstufe I erfolgreich durchlaufen. Hierbei sind wir natürlich auch sehr auf die Mitwirkung und Mitverantwortung der Eltern angewiesen.</p>



<h4 class="wp-block-heading">Unterstützung durch Schülertrainerinnen und Schülertrainer</h4>



<p>Peer to Peer funktioniert – das wissen wir am Eckhorst. Deshalb setzen wir seit einigen Jahren auf das Modell „Schülertrainer“, das zugleich fördert und fordert.</p>



<p>Zu Beginn jedes Schuljahres können sich fachlich und sozial besonders leistungsstarke Schülerinnen und Schüler für die zweitägige Schülertrainerausbildung bewerben. In diesem Seminar werden sie mit viel Praxis und Spaß für die Übernahme überschaubarer Nachhilfe-Gruppen in den einzelnen Jahrgängen ausgebildet. Auch in der Ganztagsschule oder im Lernsommer können sie nach Abschluss ihrer Ausbildung für die Gestaltung inhaltlicher Angebote eingesetzt werden. Die Vorteile liegen auf der Hand:</p>



<ul class="wp-block-list">
<li>Die Schule verfügt über selbst ausgewählte und ausgebildete „Nachhilfekräfte“, die alle Spielregeln am Eckhorst kennen und vom Verbindungslehrer zur OGS (Herr Wolfkühler) als Nachhilfekräfte im Bereich der Förderung vermittelt werden können.</li>



<li>Der Schulverein kann auf einen verlässlichen Pool an Schülern für Fördermaßnahmen und Angebote im Ganztag zurückgreifen.</li>



<li>Sozial und fachlich besonders leistungsfähige Schüler können ihr Portfolio im Rahmen der Begabungsförderung um die Schülertrainerausbildung ergänzen.</li>



<li>Schüler mit Förderbedarf können gut ausgebildete Schülertrainer mit dem direkten Draht ins Lehrerkollegium zur Nachhilfe vermittelt werden.</li>
</ul>



<p>Diese Schüler (ab Klassenstufe 9 aufwachsend) werden von uns ausgebildet und für den Einsatz in kleinen Nachhilfegruppen qualifiziert. Diese Unterstützung ist für Schüler gedacht, deren Schwächen noch nicht so gravierend sind, die aber doch Hilfe benötigen. Ansprechpartner für die Schülertrainerausbildung sind Herr Schwarz und Herr Wolfkühler. Der Einsatz der Schülertrainer wird von Herrn Wolfkühler koordiniert.</p>



<h4 class="wp-block-heading">Die Hausaufgabenbetreuung</h4>



<p>Sie wird im Rahmen der offenen Ganztagsschule schwerpunktmäßig von durch die Schule ausgebildeten Schülertrainern angeboten.</p>



<p><em>23.11.2023, Wk</em></p>

<p>Konzeptionelles Zur Unterstützung der schulischen Begleitung finden immer im Herbst und im Frühling für die Klassenstufen 5 bis E1 pädagogische Klassenkonferenzen statt. Diese Konferenzen dienen dem Austausch zwischen Kollegium, Elternvertretern und ab Jahrgang 7 auch mit den Klassensprechern. Um eventuell vorhandene fachliche oder methodische Defizite bei unseren Schülern auszugleichen, bieten wir als Fördermaßnahme ein Schülertraining [&hellip;]</p>
