{"id":1303,"date":"2020-07-25T13:22:40","date_gmt":"2020-07-25T11:22:40","guid":{"rendered":"https:\/\/gymnasium-eckhorst.de\/homepage\/?page_id=1303"},"modified":"2026-02-25T13:04:07","modified_gmt":"2026-02-25T12:04:07","slug":"religion","status":"publish","type":"page","link":"https:\/\/gymnasium-eckhorst.de\/homepage\/religion\/","title":{"rendered":"Religion"},"content":{"rendered":"\n<h4 class=\"wp-block-heading has-text-align-center\"><br>Bei uns geht es um den Menschen<\/h4>\n\n\n\n<p>Unser Religionsunterricht soll die Sch\u00fcler*innen in zeitgem\u00e4\u00dfer und lockerer Form auf die Probleme des gesellschaftlichen Lebens vorbereiten und sie in die Lage versetzen, Entscheidungen f\u00fcr die Zukunft treffen zu k\u00f6nnen. Sie lernen das eigene Handeln und dessen Auswirkungen, z. B. auf die Umwelt, abzusch\u00e4tzen.&nbsp;<\/p>\n\n\n\n<p>Eines unserer Hauptanliegen ist die Vermittlung der Grundrechte menschlichen Zusammenlebens, z. B. Menschenrechte, Zusammenleben mit anderen Kulturen und Religionen, aber auch der sorgsame Umgang mit Natur und Tieren, basierend auf den Grunds\u00e4tzen der christlichen Religion. Wir wollen damit den Sch\u00fcler*innen Wertorientierung bieten und die Selbstkompetenz der Sch\u00fcler*innen f\u00f6rdern.<\/p>\n\n\n\n<p>Unser Religionsunterricht zeichnet sich durch methodische Vielfalt aus. Die Sch\u00fcler*innen werden an der Themenwahl beteiligt. Es werden oder wurden verschiedenste Themen und Projekte, z.B. \u201eUmgang miteinander\u201c oder auch ein \u201eProjekt zum Reformationsjubil\u00e4um\u201c, durchgef\u00fchrt.<\/p>\n\n\n\n<p>In den Klassen 5 und 6 wird mit einem Teil der Sch\u00fcler*innen konfessionell-kooperativer Unterricht von einer katholischen Religionskollegin und einer evangelischen Religionskollegin durchgef\u00fchrt.<\/p>\n\n\n\n<p>In der Orientierungsstufe findet eine Exkursion nach Schleswig ins Bibelzentrum und eine Besichtigung des Schleswiger Domes statt, um die Vielfalt und Entstehung des christlichen Glaubens zu verdeutlichen.<\/p>\n\n\n\n<p>Zu Beginn eines jeden Schuljahres veranstalten wir einen Schulwechselgottesdient f\u00fcr die Sch\u00fcler*innen der neuen 5. Klassen. Er wird von Sch\u00fcler*innen der 6. Klassen durch Spielszenen mitgestaltet und in einer Fachkonferenz gemeinsam mit den Pastoren \/ Pfarrern der drei Bargteheider Kirchengemeinden vorbereitet.<\/p>\n\n\n\n<p>So vermitteln wir den Sch\u00fcler*innen auch lebendigen \/ gelebten Glauben.<\/p>\n\n\n\n<figure class=\"wp-block-gallery has-nested-images columns-2 is-cropped wp-block-gallery-1 is-layout-flex wp-block-gallery-is-layout-flex\">\n<figure class=\"wp-block-image size-large\"><img fetchpriority=\"high\" decoding=\"async\" width=\"1024\" height=\"536\" data-id=\"2592\" src=\"https:\/\/gymnasium-eckhorst.de\/homepage\/wp-content\/uploads\/2020\/12\/bell-3652226_1280-1024x536.jpg\" alt=\"\" class=\"wp-image-2592\" srcset=\"https:\/\/gymnasium-eckhorst.de\/homepage\/wp-content\/uploads\/2020\/12\/bell-3652226_1280-1024x536.jpg 1024w, https:\/\/gymnasium-eckhorst.de\/homepage\/wp-content\/uploads\/2020\/12\/bell-3652226_1280-300x157.jpg 300w, https:\/\/gymnasium-eckhorst.de\/homepage\/wp-content\/uploads\/2020\/12\/bell-3652226_1280-768x402.jpg 768w, https:\/\/gymnasium-eckhorst.de\/homepage\/wp-content\/uploads\/2020\/12\/bell-3652226_1280-1200x628.jpg 1200w, https:\/\/gymnasium-eckhorst.de\/homepage\/wp-content\/uploads\/2020\/12\/bell-3652226_1280.jpg 1280w\" sizes=\"(max-width: 1024px) 100vw, 1024px\" \/><\/figure>\n\n\n\n<figure class=\"wp-block-image size-large\"><img decoding=\"async\" width=\"1024\" height=\"554\" data-id=\"2593\" src=\"https:\/\/gymnasium-eckhorst.de\/homepage\/wp-content\/uploads\/2020\/12\/bible-2167783_1280-1024x554.jpg\" alt=\"\" class=\"wp-image-2593\" srcset=\"https:\/\/gymnasium-eckhorst.de\/homepage\/wp-content\/uploads\/2020\/12\/bible-2167783_1280-1024x554.jpg 1024w, https:\/\/gymnasium-eckhorst.de\/homepage\/wp-content\/uploads\/2020\/12\/bible-2167783_1280-300x162.jpg 300w, https:\/\/gymnasium-eckhorst.de\/homepage\/wp-content\/uploads\/2020\/12\/bible-2167783_1280-768x415.jpg 768w, https:\/\/gymnasium-eckhorst.de\/homepage\/wp-content\/uploads\/2020\/12\/bible-2167783_1280-1200x649.jpg 1200w, https:\/\/gymnasium-eckhorst.de\/homepage\/wp-content\/uploads\/2020\/12\/bible-2167783_1280.jpg 1280w\" sizes=\"(max-width: 1024px) 100vw, 1024px\" \/><\/figure>\n\n\n\n<figure class=\"wp-block-image size-large\"><img decoding=\"async\" width=\"1024\" height=\"768\" data-id=\"2597\" src=\"https:\/\/gymnasium-eckhorst.de\/homepage\/wp-content\/uploads\/2020\/12\/st-peters-basilica-2677061_1280-1024x768.jpg\" alt=\"\" class=\"wp-image-2597\" srcset=\"https:\/\/gymnasium-eckhorst.de\/homepage\/wp-content\/uploads\/2020\/12\/st-peters-basilica-2677061_1280-1024x768.jpg 1024w, https:\/\/gymnasium-eckhorst.de\/homepage\/wp-content\/uploads\/2020\/12\/st-peters-basilica-2677061_1280-300x225.jpg 300w, https:\/\/gymnasium-eckhorst.de\/homepage\/wp-content\/uploads\/2020\/12\/st-peters-basilica-2677061_1280-768x576.jpg 768w, https:\/\/gymnasium-eckhorst.de\/homepage\/wp-content\/uploads\/2020\/12\/st-peters-basilica-2677061_1280-1200x900.jpg 1200w, https:\/\/gymnasium-eckhorst.de\/homepage\/wp-content\/uploads\/2020\/12\/st-peters-basilica-2677061_1280.jpg 1280w\" sizes=\"(max-width: 1024px) 100vw, 1024px\" \/><\/figure>\n\n\n\n<figure class=\"wp-block-image size-large\"><img loading=\"lazy\" decoding=\"async\" width=\"440\" height=\"640\" data-id=\"2594\" src=\"https:\/\/gymnasium-eckhorst.de\/homepage\/wp-content\/uploads\/2020\/12\/dresden-3786745_640.jpg\" alt=\"\" class=\"wp-image-2594\" srcset=\"https:\/\/gymnasium-eckhorst.de\/homepage\/wp-content\/uploads\/2020\/12\/dresden-3786745_640.jpg 440w, https:\/\/gymnasium-eckhorst.de\/homepage\/wp-content\/uploads\/2020\/12\/dresden-3786745_640-206x300.jpg 206w\" sizes=\"(max-width: 440px) 100vw, 440px\" \/><\/figure>\n\n\n\n<figure class=\"wp-block-image size-large\"><img loading=\"lazy\" decoding=\"async\" width=\"1024\" height=\"682\" data-id=\"2595\" src=\"https:\/\/gymnasium-eckhorst.de\/homepage\/wp-content\/uploads\/2020\/12\/jerusalem-1314895_1280-1024x682.jpg\" alt=\"\" class=\"wp-image-2595\" srcset=\"https:\/\/gymnasium-eckhorst.de\/homepage\/wp-content\/uploads\/2020\/12\/jerusalem-1314895_1280-1024x682.jpg 1024w, https:\/\/gymnasium-eckhorst.de\/homepage\/wp-content\/uploads\/2020\/12\/jerusalem-1314895_1280-300x200.jpg 300w, https:\/\/gymnasium-eckhorst.de\/homepage\/wp-content\/uploads\/2020\/12\/jerusalem-1314895_1280-768x512.jpg 768w, https:\/\/gymnasium-eckhorst.de\/homepage\/wp-content\/uploads\/2020\/12\/jerusalem-1314895_1280-1200x800.jpg 1200w, https:\/\/gymnasium-eckhorst.de\/homepage\/wp-content\/uploads\/2020\/12\/jerusalem-1314895_1280.jpg 1280w\" sizes=\"(max-width: 1024px) 100vw, 1024px\" \/><\/figure>\n\n\n\n<figure class=\"wp-block-image size-large\"><img loading=\"lazy\" decoding=\"async\" width=\"1024\" height=\"530\" data-id=\"2596\" src=\"https:\/\/gymnasium-eckhorst.de\/homepage\/wp-content\/uploads\/2020\/12\/Licht-in-der-Dunkelheit-1024x530.jpg\" alt=\"\" class=\"wp-image-2596\" srcset=\"https:\/\/gymnasium-eckhorst.de\/homepage\/wp-content\/uploads\/2020\/12\/Licht-in-der-Dunkelheit-1024x530.jpg 1024w, https:\/\/gymnasium-eckhorst.de\/homepage\/wp-content\/uploads\/2020\/12\/Licht-in-der-Dunkelheit-300x155.jpg 300w, https:\/\/gymnasium-eckhorst.de\/homepage\/wp-content\/uploads\/2020\/12\/Licht-in-der-Dunkelheit-768x397.jpg 768w, https:\/\/gymnasium-eckhorst.de\/homepage\/wp-content\/uploads\/2020\/12\/Licht-in-der-Dunkelheit-1200x621.jpg 1200w, https:\/\/gymnasium-eckhorst.de\/homepage\/wp-content\/uploads\/2020\/12\/Licht-in-der-Dunkelheit.jpg 1280w\" sizes=\"(max-width: 1024px) 100vw, 1024px\" \/><\/figure>\n<\/figure>\n","protected":false},"excerpt":{"rendered":"<p>Bei uns geht es um den Menschen Unser Religionsunterricht soll die Sch\u00fcler*innen in zeitgem\u00e4\u00dfer und lockerer Form auf die Probleme des gesellschaftlichen Lebens vorbereiten und sie in die Lage versetzen, Entscheidungen f\u00fcr die Zukunft treffen zu k\u00f6nnen. Sie lernen das eigene Handeln und dessen Auswirkungen, z. B. auf die Umwelt, abzusch\u00e4tzen.&nbsp; Eines unserer Hauptanliegen ist [&hellip;]<\/p>\n","protected":false},"author":17,"featured_media":0,"parent":0,"menu_order":0,"comment_status":"closed","ping_status":"closed","template":"","meta":{"footnotes":""},"class_list":["post-1303","page","type-page","status-publish","hentry"],"_links":{"self":[{"href":"https:\/\/gymnasium-eckhorst.de\/homepage\/wp-json\/wp\/v2\/pages\/1303","targetHints":{"allow":["GET"]}}],"collection":[{"href":"https:\/\/gymnasium-eckhorst.de\/homepage\/wp-json\/wp\/v2\/pages"}],"about":[{"href":"https:\/\/gymnasium-eckhorst.de\/homepage\/wp-json\/wp\/v2\/types\/page"}],"author":[{"embeddable":true,"href":"https:\/\/gymnasium-eckhorst.de\/homepage\/wp-json\/wp\/v2\/users\/17"}],"replies":[{"embeddable":true,"href":"https:\/\/gymnasium-eckhorst.de\/homepage\/wp-json\/wp\/v2\/comments?post=1303"}],"version-history":[{"count":6,"href":"https:\/\/gymnasium-eckhorst.de\/homepage\/wp-json\/wp\/v2\/pages\/1303\/revisions"}],"predecessor-version":[{"id":18048,"href":"https:\/\/gymnasium-eckhorst.de\/homepage\/wp-json\/wp\/v2\/pages\/1303\/revisions\/18048"}],"wp:attachment":[{"href":"https:\/\/gymnasium-eckhorst.de\/homepage\/wp-json\/wp\/v2\/media?parent=1303"}],"curies":[{"name":"wp","href":"https:\/\/api.w.org\/{rel}","templated":true}]}}