{"id":1302,"date":"2020-07-25T13:22:25","date_gmt":"2020-07-25T11:22:25","guid":{"rendered":"https:\/\/gymnasium-eckhorst.de\/homepage\/?page_id=1302"},"modified":"2026-02-02T11:02:30","modified_gmt":"2026-02-02T10:02:30","slug":"philosophie","status":"publish","type":"page","link":"https:\/\/gymnasium-eckhorst.de\/homepage\/philosophie\/","title":{"rendered":"Philosophie"},"content":{"rendered":"\n<p class=\"has-text-align-center\"><strong>\u201eIch denke, also bin ich\u201c<\/strong>&nbsp;&#8211; Ren\u00e9 Descartes (1596-1650)<\/p>\n\n\n<div  id=\"_ytid_99985\" class=\"__youtube_prefs__  __youtube_prefs_gdpr__ \" allowfullscreen data-no-lazy=\"1\" data-skipgform_ajax_framebjll=\"\"><p><strong>Wir ben\u00f6tigen Ihre Zustimmung, um Ihnen dieses Video zeigen zu k\u00f6nnen.<\/strong><\/p>\n<p>Wenn Sie dieses Video ansehen, erkl\u00e4ren Sie sich damit einverstanden, Cookies und Daten von Youtube\/Google zu laden, was die \u00dcbermittlung Ihrer IP-Adresse voraussetzt. Genauere Informationen finden Sie hier:<\/p>\n<p><a href=\"https:\/\/policies.google.com\/privacy\" target=\"_blank\" rel=\"noopener\">YouTube\/Google Datenschutzerkl\u00e4rung<\/a><\/p>\n<p>Wenn Sie akzeptieren, wird Ihre Zustimmung \u00fcber einen Cookie gespeichert und die Seite wird neu geladen.<\/p>\n<button type=\"button\" class=\"__youtube_prefs_gdpr__\">Akzeptieren<img decoding=\"async\" src=\"https:\/\/gymnasium-eckhorst.de\/homepage\/wp-content\/plugins\/youtube-embed-plus\/images\/icon-check.png\" alt=\"accept\" data-no-lazy=\"1\" data-skipgform_ajax_framebjll=\"\" \/><\/button><\/div>\n\n\n<blockquote class=\"wp-block-quote is-layout-flow wp-block-quote-is-layout-flow\">\n<p>Was mir besonders am Fach Philosophie gef\u00e4llt, ist, dass es in dem Sinne kein Richtig oder Falsch gibt. Man diskutiert \u00fcber Themen aller Art und lernt&nbsp; Aussagen und Gedanken von Philosoph*innen kennen und merkt, dass diese oft auch nach vielen Jahrhunderten oder Jahrtausenden noch aktuell sind.<br>Hierzu debattieren wir, analysieren Situationen, interpretieren Zitate und vieles mehr. Bei fast jedem Thema kann man die eigenen Gedanken und Meinungen teilen. Es ist interessant, die Gedanken der anderen zu h\u00f6ren, da es sehr viele verschiedene Denkweisen gibt und man von alleine vielleicht gar nicht auf die eine oder andere Idee gekommen w\u00e4re. Dadurch erweitert man die eigene Art zu denken und lernt viel durch die anderen Sch\u00fcler*innen dazu. Im Gro\u00dfen und Ganzen bin ich der Meinung, dass das Fach Philosophie einen inspiriert und zum kreativen Denken anregt.<\/p>\n<cite>Dalia, 8b<\/cite><\/blockquote>\n\n\n\n<h5 class=\"wp-block-heading has-text-align-left\">Eckhorster*innen aus Jahrgang 6 beantworten die Frage: &#8222;Was ist Philosophie?&#8220; und berichten aus dem Unterricht:<\/h5>\n\n\n\n<div class=\"wp-block-columns alignwide is-layout-flex wp-container-core-columns-is-layout-9d6595d7 wp-block-columns-is-layout-flex\">\n<div class=\"wp-block-column is-layout-flow wp-block-column-is-layout-flow\"><div  id=\"_ytid_51161\" class=\"__youtube_prefs__  __youtube_prefs_gdpr__ \" allowfullscreen data-no-lazy=\"1\" data-skipgform_ajax_framebjll=\"\"><p><strong>Wir ben\u00f6tigen Ihre Zustimmung, um Ihnen dieses Video zeigen zu k\u00f6nnen.<\/strong><\/p>\n<p>Wenn Sie dieses Video ansehen, erkl\u00e4ren Sie sich damit einverstanden, Cookies und Daten von Youtube\/Google zu laden, was die \u00dcbermittlung Ihrer IP-Adresse voraussetzt. Genauere Informationen finden Sie hier:<\/p>\n<p><a href=\"https:\/\/policies.google.com\/privacy\" target=\"_blank\" rel=\"noopener\">YouTube\/Google Datenschutzerkl\u00e4rung<\/a><\/p>\n<p>Wenn Sie akzeptieren, wird Ihre Zustimmung \u00fcber einen Cookie gespeichert und die Seite wird neu geladen.<\/p>\n<button type=\"button\" class=\"__youtube_prefs_gdpr__\">Akzeptieren<img decoding=\"async\" src=\"https:\/\/gymnasium-eckhorst.de\/homepage\/wp-content\/plugins\/youtube-embed-plus\/images\/icon-check.png\" alt=\"accept\" data-no-lazy=\"1\" data-skipgform_ajax_framebjll=\"\" \/><\/button><\/div><\/div>\n\n\n\n<div class=\"wp-block-column is-layout-flow wp-block-column-is-layout-flow\"><div  id=\"_ytid_96951\" class=\"__youtube_prefs__  __youtube_prefs_gdpr__ \" allowfullscreen data-no-lazy=\"1\" data-skipgform_ajax_framebjll=\"\"><p><strong>Wir ben\u00f6tigen Ihre Zustimmung, um Ihnen dieses Video zeigen zu k\u00f6nnen.<\/strong><\/p>\n<p>Wenn Sie dieses Video ansehen, erkl\u00e4ren Sie sich damit einverstanden, Cookies und Daten von Youtube\/Google zu laden, was die \u00dcbermittlung Ihrer IP-Adresse voraussetzt. Genauere Informationen finden Sie hier:<\/p>\n<p><a href=\"https:\/\/policies.google.com\/privacy\" target=\"_blank\" rel=\"noopener\">YouTube\/Google Datenschutzerkl\u00e4rung<\/a><\/p>\n<p>Wenn Sie akzeptieren, wird Ihre Zustimmung \u00fcber einen Cookie gespeichert und die Seite wird neu geladen.<\/p>\n<button type=\"button\" class=\"__youtube_prefs_gdpr__\">Akzeptieren<img decoding=\"async\" src=\"https:\/\/gymnasium-eckhorst.de\/homepage\/wp-content\/plugins\/youtube-embed-plus\/images\/icon-check.png\" alt=\"accept\" data-no-lazy=\"1\" data-skipgform_ajax_framebjll=\"\" \/><\/button><\/div><\/div>\n\n\n\n<div class=\"wp-block-column is-layout-flow wp-block-column-is-layout-flow\"><div  id=\"_ytid_50460\" class=\"__youtube_prefs__  __youtube_prefs_gdpr__ \" allowfullscreen data-no-lazy=\"1\" data-skipgform_ajax_framebjll=\"\"><p><strong>Wir ben\u00f6tigen Ihre Zustimmung, um Ihnen dieses Video zeigen zu k\u00f6nnen.<\/strong><\/p>\n<p>Wenn Sie dieses Video ansehen, erkl\u00e4ren Sie sich damit einverstanden, Cookies und Daten von Youtube\/Google zu laden, was die \u00dcbermittlung Ihrer IP-Adresse voraussetzt. Genauere Informationen finden Sie hier:<\/p>\n<p><a href=\"https:\/\/policies.google.com\/privacy\" target=\"_blank\" rel=\"noopener\">YouTube\/Google Datenschutzerkl\u00e4rung<\/a><\/p>\n<p>Wenn Sie akzeptieren, wird Ihre Zustimmung \u00fcber einen Cookie gespeichert und die Seite wird neu geladen.<\/p>\n<button type=\"button\" class=\"__youtube_prefs_gdpr__\">Akzeptieren<img decoding=\"async\" src=\"https:\/\/gymnasium-eckhorst.de\/homepage\/wp-content\/plugins\/youtube-embed-plus\/images\/icon-check.png\" alt=\"accept\" data-no-lazy=\"1\" data-skipgform_ajax_framebjll=\"\" \/><\/button><\/div><\/div>\n<\/div>\n\n\n\n<p>Unser Philosophieunterricht am Gymnasium Eckhorst ist modern, aktuell und lebendig. Wir lernen keine Lexikonartikel oder Geburtsdaten von Philosoph*innen auswendig, denn die Auseinandersetzung im philosophischen Sinne schafft viel mehr als Buchstaben und Zahlen. Wir wollen das Denken \u00fcben.<br>Immanuel Kant fragt nach dem Wesen des Menschen (<strong>Was ist der Mensch?<\/strong>), nach der Moral (<strong>Was soll ich tun?<\/strong>), nach der Erkenntnisf\u00e4higkeit (<strong>Was kann ich wissen?<\/strong>) und nach dem, was wir Hoffnung\/Glaube nennen (<strong>Was darf ich hoffen?<\/strong>). An diesen Fragen orientiert sich der Philosophieunterricht in Schleswig-Holstein verbindlich.<br>Diese scheinbar schwer(m\u00fctig)en Themen bieten allerdings sehr viel Freiheit im Denken und Ausprobieren. Wer bin ich? \u2192 Wer bist du? \u2192 Wer sind wir? \u2192 Was ist der Mensch? Eines f\u00fchrt zum anderen, stellt einen Kreislauf dar. Kein Endergebnis haben zu m\u00fcssen, macht den Reiz des Faches aus, frei nach dem Motto: \u201eDer (Denk-)Weg ist das Ziel!\u201c Dieses \u201eZiel\u201c soll mittels Gedankenexperimenten, Diskussionen, Debatten, Essayschreiben, Medienarbeit u.v.a. Methoden St\u00fcck f\u00fcr St\u00fcck angegangen und gesch\u00e4rft werden. Dabei spielen sowohl traditionelle als auch moderne Inhalte und Autorit\u00e4ten\/Philosoph*innen eine tragende Rolle.<br>Ob in modernen Medienprojekten oder klassischer Partnerarbeit: Unser Philosophieunterricht ist abwechslungsreich und sch\u00fcler*innenorientiert.&nbsp;<\/p>\n\n\n\n<p><em>Nadine Mroz f\u00fcr die Fachschaft&nbsp;Philosophie, 23.01.2022<\/em><\/p>\n\n\n\n<p>Philosophie wird am Gymnasium Eckhorst neben Religion in den Jahrgangsstufen 5, 6, 10 und der Oberstufe unterrichtet.<\/p>\n\n\n\n<hr class=\"wp-block-separator has-css-opacity\"\/>\n\n\n\n<p>Die beiden folgenden Flyer zum Thema Nachhaltigkeit sind im Philosophieunterricht der 5. Klassen, Schuljahr 21\/22, entstanden:<\/p>\n\n\n\n<div class=\"wp-block-columns alignwide is-layout-flex wp-container-core-columns-is-layout-9d6595d7 wp-block-columns-is-layout-flex\">\n<div class=\"wp-block-column is-layout-flow wp-block-column-is-layout-flow\">\n<div data-wp-interactive=\"core\/file\" class=\"wp-block-file\"><object data-wp-bind--hidden=\"!state.hasPdfPreview\" hidden class=\"wp-block-file__embed\" data=\"https:\/\/gymnasium-eckhorst.de\/homepage\/wp-content\/uploads\/2022\/02\/Luisa-Philosophie.pdf\" type=\"application\/pdf\" style=\"width:100%;height:600px\" aria-label=\"PDF-Einbettung\"><\/object><\/div>\n<\/div>\n\n\n\n<div class=\"wp-block-column is-layout-flow wp-block-column-is-layout-flow\">\n<div data-wp-interactive=\"core\/file\" class=\"wp-block-file\"><object data-wp-bind--hidden=\"!state.hasPdfPreview\" hidden class=\"wp-block-file__embed\" data=\"https:\/\/gymnasium-eckhorst.de\/homepage\/wp-content\/uploads\/2022\/02\/Mila-Philosophie.pdf\" type=\"application\/pdf\" style=\"width:100%;height:600px\" aria-label=\"PDF-Einbettung\"><\/object><\/div>\n<\/div>\n<\/div>\n\n\n\n<hr class=\"wp-block-separator has-css-opacity\"\/>\n\n\n\n<h4 class=\"wp-block-heading\" id=\"schulinterne-fachcurricula\">Schulinterne Fachcurricula<\/h4>\n\n\n\n<p><em>Die unten aufgef\u00fchrten schulinternen Fachcurricula sind Kurzfassungen, die einen \u00dcberblick \u00fcber die Schwerpunkte, Besonderheiten und zu erbringenden Leistungsnachweise liefern sollen. Einzelheiten k\u00f6nnen bei den jeweiligen Fachlehrkr\u00e4ften erfragt werden.<\/em><\/p>\n\n\n\n<p class=\"has-text-align-center\"><a href=\"https:\/\/gymnasium-eckhorst.de\/homepage\/wp-content\/uploads\/2026\/02\/Uebersicht-Philosophie-Curriculum-5.pdf\" target=\"_blank\" rel=\"noreferrer noopener\">Klasse 5<\/a><\/p>\n\n\n\n<p class=\"has-text-align-center\"><a href=\"https:\/\/gymnasium-eckhorst.de\/homepage\/wp-content\/uploads\/2026\/02\/Uebersicht-Philosophie-Curriculum-6.pdf\" target=\"_blank\" rel=\"noreferrer noopener\">Klasse 6<\/a><\/p>\n\n\n\n<p class=\"has-text-align-center\"><a href=\"https:\/\/gymnasium-eckhorst.de\/homepage\/wp-content\/uploads\/2026\/02\/Uebersicht-Philosophie-Curriculum-10.pdf\" target=\"_blank\" rel=\"noreferrer noopener\">Klasse 10<\/a><\/p>\n\n\n\n<p class=\"has-text-align-center\"><a href=\"https:\/\/gymnasium-eckhorst.de\/homepage\/wp-content\/uploads\/2026\/02\/Uebersicht-Philosophie-Curriculum-E.pdf\" target=\"_blank\" rel=\"noreferrer noopener\">E-Jhg.<\/a><\/p>\n\n\n\n<p class=\"has-text-align-center\"><a href=\"https:\/\/gymnasium-eckhorst.de\/homepage\/wp-content\/uploads\/2026\/02\/Uebersicht-Philosophie-Curriculum-Q1.pdf\" target=\"_blank\" rel=\"noreferrer noopener\">Q1-Jhg.<\/a><\/p>\n\n\n\n<p class=\"has-text-align-center\"><a href=\"https:\/\/gymnasium-eckhorst.de\/homepage\/wp-content\/uploads\/2026\/02\/Uebersicht-Philosophie-Curriculum-Q2.pdf\" target=\"_blank\" rel=\"noreferrer noopener\">Q2-Jhg.<\/a><\/p>\n","protected":false},"excerpt":{"rendered":"<p>\u201eIch denke, also bin ich\u201c&nbsp;&#8211; Ren\u00e9 Descartes (1596-1650) Was mir besonders am Fach Philosophie gef\u00e4llt, ist, dass es in dem Sinne kein Richtig oder Falsch gibt. Man diskutiert \u00fcber Themen aller Art und lernt&nbsp; Aussagen und Gedanken von Philosoph*innen kennen und merkt, dass diese oft auch nach vielen Jahrhunderten oder Jahrtausenden noch aktuell sind.Hierzu debattieren [&hellip;]<\/p>\n","protected":false},"author":17,"featured_media":0,"parent":0,"menu_order":0,"comment_status":"closed","ping_status":"closed","template":"","meta":{"footnotes":""},"class_list":["post-1302","page","type-page","status-publish","hentry"],"_links":{"self":[{"href":"https:\/\/gymnasium-eckhorst.de\/homepage\/wp-json\/wp\/v2\/pages\/1302","targetHints":{"allow":["GET"]}}],"collection":[{"href":"https:\/\/gymnasium-eckhorst.de\/homepage\/wp-json\/wp\/v2\/pages"}],"about":[{"href":"https:\/\/gymnasium-eckhorst.de\/homepage\/wp-json\/wp\/v2\/types\/page"}],"author":[{"embeddable":true,"href":"https:\/\/gymnasium-eckhorst.de\/homepage\/wp-json\/wp\/v2\/users\/17"}],"replies":[{"embeddable":true,"href":"https:\/\/gymnasium-eckhorst.de\/homepage\/wp-json\/wp\/v2\/comments?post=1302"}],"version-history":[{"count":15,"href":"https:\/\/gymnasium-eckhorst.de\/homepage\/wp-json\/wp\/v2\/pages\/1302\/revisions"}],"predecessor-version":[{"id":17900,"href":"https:\/\/gymnasium-eckhorst.de\/homepage\/wp-json\/wp\/v2\/pages\/1302\/revisions\/17900"}],"wp:attachment":[{"href":"https:\/\/gymnasium-eckhorst.de\/homepage\/wp-json\/wp\/v2\/media?parent=1302"}],"curies":[{"name":"wp","href":"https:\/\/api.w.org\/{rel}","templated":true}]}}

<p class="has-text-align-center"><strong>„Ich denke, also bin ich“</strong>&nbsp;&#8211; René Descartes (1596-1650)</p>


<div  id="_ytid_99985" class="__youtube_prefs__  __youtube_prefs_gdpr__ " allowfullscreen data-no-lazy="1" data-skipgform_ajax_framebjll=""><p><strong>Wir benötigen Ihre Zustimmung, um Ihnen dieses Video zeigen zu können.</strong></p>
<p>Wenn Sie dieses Video ansehen, erklären Sie sich damit einverstanden, Cookies und Daten von Youtube/Google zu laden, was die Übermittlung Ihrer IP-Adresse voraussetzt. Genauere Informationen finden Sie hier:</p>
<p><a href="https://policies.google.com/privacy" target="_blank" rel="noopener">YouTube/Google Datenschutzerklärung</a></p>
<p>Wenn Sie akzeptieren, wird Ihre Zustimmung über einen Cookie gespeichert und die Seite wird neu geladen.</p>
<button type="button" class="__youtube_prefs_gdpr__">Akzeptieren<img decoding="async" src="https://gymnasium-eckhorst.de/homepage/wp-content/plugins/youtube-embed-plus/images/icon-check.png" alt="accept" data-no-lazy="1" data-skipgform_ajax_framebjll="" /></button></div>


<blockquote class="wp-block-quote is-layout-flow wp-block-quote-is-layout-flow">
<p>Was mir besonders am Fach Philosophie gefällt, ist, dass es in dem Sinne kein Richtig oder Falsch gibt. Man diskutiert über Themen aller Art und lernt&nbsp; Aussagen und Gedanken von Philosoph*innen kennen und merkt, dass diese oft auch nach vielen Jahrhunderten oder Jahrtausenden noch aktuell sind.<br>Hierzu debattieren wir, analysieren Situationen, interpretieren Zitate und vieles mehr. Bei fast jedem Thema kann man die eigenen Gedanken und Meinungen teilen. Es ist interessant, die Gedanken der anderen zu hören, da es sehr viele verschiedene Denkweisen gibt und man von alleine vielleicht gar nicht auf die eine oder andere Idee gekommen wäre. Dadurch erweitert man die eigene Art zu denken und lernt viel durch die anderen Schüler*innen dazu. Im Großen und Ganzen bin ich der Meinung, dass das Fach Philosophie einen inspiriert und zum kreativen Denken anregt.</p>
<cite>Dalia, 8b</cite></blockquote>



<h5 class="wp-block-heading has-text-align-left">Eckhorster*innen aus Jahrgang 6 beantworten die Frage: &#8222;Was ist Philosophie?&#8220; und berichten aus dem Unterricht:</h5>



<div class="wp-block-columns alignwide is-layout-flex wp-container-core-columns-is-layout-9d6595d7 wp-block-columns-is-layout-flex">
<div class="wp-block-column is-layout-flow wp-block-column-is-layout-flow"><div  id="_ytid_51161" class="__youtube_prefs__  __youtube_prefs_gdpr__ " allowfullscreen data-no-lazy="1" data-skipgform_ajax_framebjll=""><p><strong>Wir benötigen Ihre Zustimmung, um Ihnen dieses Video zeigen zu können.</strong></p>
<p>Wenn Sie dieses Video ansehen, erklären Sie sich damit einverstanden, Cookies und Daten von Youtube/Google zu laden, was die Übermittlung Ihrer IP-Adresse voraussetzt. Genauere Informationen finden Sie hier:</p>
<p><a href="https://policies.google.com/privacy" target="_blank" rel="noopener">YouTube/Google Datenschutzerklärung</a></p>
<p>Wenn Sie akzeptieren, wird Ihre Zustimmung über einen Cookie gespeichert und die Seite wird neu geladen.</p>
<button type="button" class="__youtube_prefs_gdpr__">Akzeptieren<img decoding="async" src="https://gymnasium-eckhorst.de/homepage/wp-content/plugins/youtube-embed-plus/images/icon-check.png" alt="accept" data-no-lazy="1" data-skipgform_ajax_framebjll="" /></button></div></div>



<div class="wp-block-column is-layout-flow wp-block-column-is-layout-flow"><div  id="_ytid_96951" class="__youtube_prefs__  __youtube_prefs_gdpr__ " allowfullscreen data-no-lazy="1" data-skipgform_ajax_framebjll=""><p><strong>Wir benötigen Ihre Zustimmung, um Ihnen dieses Video zeigen zu können.</strong></p>
<p>Wenn Sie dieses Video ansehen, erklären Sie sich damit einverstanden, Cookies und Daten von Youtube/Google zu laden, was die Übermittlung Ihrer IP-Adresse voraussetzt. Genauere Informationen finden Sie hier:</p>
<p><a href="https://policies.google.com/privacy" target="_blank" rel="noopener">YouTube/Google Datenschutzerklärung</a></p>
<p>Wenn Sie akzeptieren, wird Ihre Zustimmung über einen Cookie gespeichert und die Seite wird neu geladen.</p>
<button type="button" class="__youtube_prefs_gdpr__">Akzeptieren<img decoding="async" src="https://gymnasium-eckhorst.de/homepage/wp-content/plugins/youtube-embed-plus/images/icon-check.png" alt="accept" data-no-lazy="1" data-skipgform_ajax_framebjll="" /></button></div></div>



<div class="wp-block-column is-layout-flow wp-block-column-is-layout-flow"><div  id="_ytid_50460" class="__youtube_prefs__  __youtube_prefs_gdpr__ " allowfullscreen data-no-lazy="1" data-skipgform_ajax_framebjll=""><p><strong>Wir benötigen Ihre Zustimmung, um Ihnen dieses Video zeigen zu können.</strong></p>
<p>Wenn Sie dieses Video ansehen, erklären Sie sich damit einverstanden, Cookies und Daten von Youtube/Google zu laden, was die Übermittlung Ihrer IP-Adresse voraussetzt. Genauere Informationen finden Sie hier:</p>
<p><a href="https://policies.google.com/privacy" target="_blank" rel="noopener">YouTube/Google Datenschutzerklärung</a></p>
<p>Wenn Sie akzeptieren, wird Ihre Zustimmung über einen Cookie gespeichert und die Seite wird neu geladen.</p>
<button type="button" class="__youtube_prefs_gdpr__">Akzeptieren<img decoding="async" src="https://gymnasium-eckhorst.de/homepage/wp-content/plugins/youtube-embed-plus/images/icon-check.png" alt="accept" data-no-lazy="1" data-skipgform_ajax_framebjll="" /></button></div></div>
</div>



<p>Unser Philosophieunterricht am Gymnasium Eckhorst ist modern, aktuell und lebendig. Wir lernen keine Lexikonartikel oder Geburtsdaten von Philosoph*innen auswendig, denn die Auseinandersetzung im philosophischen Sinne schafft viel mehr als Buchstaben und Zahlen. Wir wollen das Denken üben.<br>Immanuel Kant fragt nach dem Wesen des Menschen (<strong>Was ist der Mensch?</strong>), nach der Moral (<strong>Was soll ich tun?</strong>), nach der Erkenntnisfähigkeit (<strong>Was kann ich wissen?</strong>) und nach dem, was wir Hoffnung/Glaube nennen (<strong>Was darf ich hoffen?</strong>). An diesen Fragen orientiert sich der Philosophieunterricht in Schleswig-Holstein verbindlich.<br>Diese scheinbar schwer(mütig)en Themen bieten allerdings sehr viel Freiheit im Denken und Ausprobieren. Wer bin ich? → Wer bist du? → Wer sind wir? → Was ist der Mensch? Eines führt zum anderen, stellt einen Kreislauf dar. Kein Endergebnis haben zu müssen, macht den Reiz des Faches aus, frei nach dem Motto: „Der (Denk-)Weg ist das Ziel!“ Dieses „Ziel“ soll mittels Gedankenexperimenten, Diskussionen, Debatten, Essayschreiben, Medienarbeit u.v.a. Methoden Stück für Stück angegangen und geschärft werden. Dabei spielen sowohl traditionelle als auch moderne Inhalte und Autoritäten/Philosoph*innen eine tragende Rolle.<br>Ob in modernen Medienprojekten oder klassischer Partnerarbeit: Unser Philosophieunterricht ist abwechslungsreich und schüler*innenorientiert.&nbsp;</p>



<p><em>Nadine Mroz für die Fachschaft&nbsp;Philosophie, 23.01.2022</em></p>



<p>Philosophie wird am Gymnasium Eckhorst neben Religion in den Jahrgangsstufen 5, 6, 10 und der Oberstufe unterrichtet.</p>



<hr class="wp-block-separator has-css-opacity"/>



<p>Die beiden folgenden Flyer zum Thema Nachhaltigkeit sind im Philosophieunterricht der 5. Klassen, Schuljahr 21/22, entstanden:</p>



<div class="wp-block-columns alignwide is-layout-flex wp-container-core-columns-is-layout-9d6595d7 wp-block-columns-is-layout-flex">
<div class="wp-block-column is-layout-flow wp-block-column-is-layout-flow">
<div data-wp-interactive="core/file" class="wp-block-file"><object data-wp-bind--hidden="!state.hasPdfPreview" hidden class="wp-block-file__embed" data="https://gymnasium-eckhorst.de/homepage/wp-content/uploads/2022/02/Luisa-Philosophie.pdf" type="application/pdf" style="width:100%;height:600px" aria-label="PDF-Einbettung"></object></div>
</div>



<div class="wp-block-column is-layout-flow wp-block-column-is-layout-flow">
<div data-wp-interactive="core/file" class="wp-block-file"><object data-wp-bind--hidden="!state.hasPdfPreview" hidden class="wp-block-file__embed" data="https://gymnasium-eckhorst.de/homepage/wp-content/uploads/2022/02/Mila-Philosophie.pdf" type="application/pdf" style="width:100%;height:600px" aria-label="PDF-Einbettung"></object></div>
</div>
</div>



<hr class="wp-block-separator has-css-opacity"/>



<h4 class="wp-block-heading" id="schulinterne-fachcurricula">Schulinterne Fachcurricula</h4>



<p><em>Die unten aufgeführten schulinternen Fachcurricula sind Kurzfassungen, die einen Überblick über die Schwerpunkte, Besonderheiten und zu erbringenden Leistungsnachweise liefern sollen. Einzelheiten können bei den jeweiligen Fachlehrkräften erfragt werden.</em></p>



<p class="has-text-align-center"><a href="https://gymnasium-eckhorst.de/homepage/wp-content/uploads/2026/02/Uebersicht-Philosophie-Curriculum-5.pdf" target="_blank" rel="noreferrer noopener">Klasse 5</a></p>



<p class="has-text-align-center"><a href="https://gymnasium-eckhorst.de/homepage/wp-content/uploads/2026/02/Uebersicht-Philosophie-Curriculum-6.pdf" target="_blank" rel="noreferrer noopener">Klasse 6</a></p>



<p class="has-text-align-center"><a href="https://gymnasium-eckhorst.de/homepage/wp-content/uploads/2026/02/Uebersicht-Philosophie-Curriculum-10.pdf" target="_blank" rel="noreferrer noopener">Klasse 10</a></p>



<p class="has-text-align-center"><a href="https://gymnasium-eckhorst.de/homepage/wp-content/uploads/2026/02/Uebersicht-Philosophie-Curriculum-E.pdf" target="_blank" rel="noreferrer noopener">E-Jhg.</a></p>



<p class="has-text-align-center"><a href="https://gymnasium-eckhorst.de/homepage/wp-content/uploads/2026/02/Uebersicht-Philosophie-Curriculum-Q1.pdf" target="_blank" rel="noreferrer noopener">Q1-Jhg.</a></p>



<p class="has-text-align-center"><a href="https://gymnasium-eckhorst.de/homepage/wp-content/uploads/2026/02/Uebersicht-Philosophie-Curriculum-Q2.pdf" target="_blank" rel="noreferrer noopener">Q2-Jhg.</a></p>

<p>„Ich denke, also bin ich“&nbsp;&#8211; René Descartes (1596-1650) Was mir besonders am Fach Philosophie gefällt, ist, dass es in dem Sinne kein Richtig oder Falsch gibt. Man diskutiert über Themen aller Art und lernt&nbsp; Aussagen und Gedanken von Philosoph*innen kennen und merkt, dass diese oft auch nach vielen Jahrhunderten oder Jahrtausenden noch aktuell sind.Hierzu debattieren [&hellip;]</p>
