{"id":1290,"date":"2020-07-25T13:20:30","date_gmt":"2020-07-25T11:20:30","guid":{"rendered":"https:\/\/gymnasium-eckhorst.de\/homepage\/?page_id=1290"},"modified":"2026-02-02T13:24:44","modified_gmt":"2026-02-02T12:24:44","slug":"physik","status":"publish","type":"page","link":"https:\/\/gymnasium-eckhorst.de\/homepage\/physik\/","title":{"rendered":"Physik"},"content":{"rendered":"\n<h4 class=\"wp-block-heading\"><br><strong>Was machen eigentlich Physiker*innen?<\/strong><\/h4>\n\n\n\n<p>Nun, wir beschr\u00e4nken uns lieber darauf, einigerma\u00dfen kurz zusammengefasst zu beschreiben, was wir im Physikunterricht in der Schule besprechen und lernen. Ansonsten k\u00f6nnten wir hier ein Buch ver\u00f6ffentlichen \u00fcber Astronomie, theoretische Physik, Kernphysik, Laserphysik, Fahrphysik, technische Anwendungen, Physik der Sonne und des Weltraums, Festk\u00f6rperphysik und Materialpr\u00fcfung, physikalische Grundlagen medizinischer Ger\u00e4te-Diagnostik, Gravitationswellen, Geophysik usw. Ein gro\u00dfer Teil dieser Vielfalt findet sich auch im Unterricht wieder.<\/p>\n\n\n\n<div class=\"wp-block-columns alignwide is-layout-flex wp-container-core-columns-is-layout-9d6595d7 wp-block-columns-is-layout-flex\">\n<div class=\"wp-block-column is-layout-flow wp-block-column-is-layout-flow\">\n<h4 class=\"wp-block-heading\">Orientierungsstufe<\/h4>\n\n\n\n<p>Interessierte Sch\u00fcler*innen haben die M\u00f6glichkeit, an der MINT-AG oder an Wettbewerben teilzunehmen. Unterricht wird in der f\u00fcnften und sechsten Klasse noch nicht erteilt.<\/p>\n\n\n\n<h4 class=\"wp-block-heading\">Mittelstufe<\/h4>\n\n\n\n<p>Physik wird von der siebten bis zur zehnten Klasse unterrichtet mit zwei Wochenstunden. Die Inhalte sowie ihre Verteilung auf die Schuljahre sind im Fachcurriculum nachzulesen.<br>Physikalisches Lernen und Verstehen st\u00fctzt sich seit Galileo Galilei und der Zeit der Aufkl\u00e4rung auf Experimente als wesentliche \u201eArgumente\u201c. Dementsprechend werden im Unterricht viele Experimente durchgef\u00fchrt, sowohl als Demonstrationsexperimente wie auch in Gruppenarbeit durch die Sch\u00fcler*innen. Diese Durchf\u00fchrung beinhaltet auch die Planung und nat\u00fcrlich die Auswertung. Die Ergebnisse werden im Laufe der Schulzeit nat\u00fcrlich zunehmend h\u00e4ufiger mathematisch formuliert. Dabei ist es \u00e4u\u00dferst bemerkenswert, dass sehr sehr viele Gesetze einfache proportionale Zusammenh\u00e4nge benennen.<br>Die verschiedenen F\u00e4cher in der Schule unterscheiden sich auch deshalb und werden getrennt unterrichtet, weil sie jeweils eine eigene Fachsprache verwenden und die Arbeitsmethoden sowie die Fachsystematik unterschiedlich sind. Auch diese Aspekte sollen die Sch\u00fcler*innen kennenlernen und somit Abgrenzungen vornehmen k\u00f6nnen.<br>Kritikf\u00e4higkeit setzt Wissen voraus. Auch in den Naturwissenschaften ist die F\u00e4higkeit der fundierten Bewertung von Aussagen, Hypothesen und Theorien ein wichtiges Lernziel. Die Grundlagen dazu werden schon im Anfangsunterricht gelegt.<\/p>\n<\/div>\n\n\n\n<div class=\"wp-block-column is-layout-flow wp-block-column-is-layout-flow\">\n<h4 class=\"wp-block-heading\">Oberstufe<\/h4>\n\n\n\n<p>Die Regeln f\u00fcr den Unterricht in der Oberstufe werden gerade neu formuliert. Was genau f\u00fcr unsere Schule g\u00fcltig sein wird, bleibt abzuwarten. Ob alle Sch\u00fcler*innen Physik lernen d\u00fcrfen oder m\u00fcssen, l\u00e4sst sich noch nicht beantworten.<br>Bei gen\u00fcgend gro\u00dfem Interesse auf Seiten der Sch\u00fcler*innen k\u00f6nnen wir Profilkurse in Physik anbieten, also eine naturwissenschaftliche Schwerpunktsetzung im Fach Physik mit erh\u00f6hter Wochenstundenzahl und vertiefter Behandlung der Inhalte.<br>Die inhaltlichen Schwerpunkte der Oberstufenphysik sind Betrachtungen zu den Modellen a) Welle, b) Feld, c) Quant, die durch den Begriff Energie verkn\u00fcpft sind.<\/p>\n\n\n\n<figure class=\"wp-block-embed is-type-video is-provider-youtube wp-block-embed-youtube wp-embed-aspect-16-9 wp-has-aspect-ratio\"><div class=\"wp-block-embed__wrapper\">\n<div  id=\"_ytid_73255\" class=\"__youtube_prefs__  __youtube_prefs_gdpr__  epyt-is-override \" allowfullscreen data-no-lazy=\"1\" data-skipgform_ajax_framebjll=\"\"><p><strong>Wir ben\u00f6tigen Ihre Zustimmung, um Ihnen dieses Video zeigen zu k\u00f6nnen.<\/strong><\/p>\n<p>Wenn Sie dieses Video ansehen, erkl\u00e4ren Sie sich damit einverstanden, Cookies und Daten von Youtube\/Google zu laden, was die \u00dcbermittlung Ihrer IP-Adresse voraussetzt. Genauere Informationen finden Sie hier:<\/p>\n<p><a href=\"https:\/\/policies.google.com\/privacy\" target=\"_blank\" rel=\"noopener\">YouTube\/Google Datenschutzerkl\u00e4rung<\/a><\/p>\n<p>Wenn Sie akzeptieren, wird Ihre Zustimmung \u00fcber einen Cookie gespeichert und die Seite wird neu geladen.<\/p>\n<button type=\"button\" class=\"__youtube_prefs_gdpr__\">Akzeptieren<img decoding=\"async\" src=\"https:\/\/gymnasium-eckhorst.de\/homepage\/wp-content\/plugins\/youtube-embed-plus\/images\/icon-check.png\" alt=\"accept\" data-no-lazy=\"1\" data-skipgform_ajax_framebjll=\"\" \/><\/button><\/div>\n<\/div><figcaption class=\"wp-element-caption\">Ein Video zum Erdmagnetfeld von Oberstufensch\u00fclerinnen der Q2<\/figcaption><\/figure>\n<\/div>\n<\/div>\n\n\n\n<hr class=\"wp-block-separator has-css-opacity\"\/>\n\n\n\n<h4 class=\"wp-block-heading\">Schulinterne Fachcurricula<\/h4>\n\n\n\n<p><em>Die unten aufgef\u00fchrten schulinternen Fachcurricula sind Kurzfassungen, die einen \u00dcberblick \u00fcber die Schwerpunkte, Besonderheiten und zu erbringenden Leistungsnachweise liefern sollen. Einzelheiten k\u00f6nnen bei den jeweiligen Fachlehrkr\u00e4ften erfragt werden.<\/em><\/p>\n\n\n\n<p class=\"has-text-align-center\"><a href=\"https:\/\/gymnasium-eckhorst.de\/homepage\/wp-content\/uploads\/2026\/02\/PhysikKlasse7-2026.pdf\" target=\"_blank\" rel=\"noreferrer noopener\">Klasse 7<\/a><\/p>\n\n\n\n<p class=\"has-text-align-center\"><a href=\"https:\/\/gymnasium-eckhorst.de\/homepage\/wp-content\/uploads\/2026\/02\/PhysikKlasse8-2026.pdf\" target=\"_blank\" rel=\"noreferrer noopener\">Klasse 8<\/a><\/p>\n\n\n\n<p class=\"has-text-align-center\"><a href=\"https:\/\/gymnasium-eckhorst.de\/homepage\/wp-content\/uploads\/2026\/02\/PhysikKlasse9-2026.pdf\" target=\"_blank\" rel=\"noreferrer noopener\">Klasse 9<\/a><\/p>\n\n\n\n<p class=\"has-text-align-center\"><a href=\"https:\/\/gymnasium-eckhorst.de\/homepage\/wp-content\/uploads\/2026\/02\/PhysikKlasse10-2026.pdf\" target=\"_blank\" rel=\"noreferrer noopener\">Klasse 10<\/a><\/p>\n\n\n\n<p class=\"has-text-align-center\"><a href=\"https:\/\/gymnasium-eckhorst.de\/homepage\/wp-content\/uploads\/2026\/02\/Physik-Oberstufe-2026.pdf\" target=\"_blank\" rel=\"noreferrer noopener\">Oberstufe<\/a><\/p>\n","protected":false},"excerpt":{"rendered":"<p>Was machen eigentlich Physiker*innen? Nun, wir beschr\u00e4nken uns lieber darauf, einigerma\u00dfen kurz zusammengefasst zu beschreiben, was wir im Physikunterricht in der Schule besprechen und lernen. Ansonsten k\u00f6nnten wir hier ein Buch ver\u00f6ffentlichen \u00fcber Astronomie, theoretische Physik, Kernphysik, Laserphysik, Fahrphysik, technische Anwendungen, Physik der Sonne und des Weltraums, Festk\u00f6rperphysik und Materialpr\u00fcfung, physikalische Grundlagen medizinischer Ger\u00e4te-Diagnostik, Gravitationswellen, [&hellip;]<\/p>\n","protected":false},"author":17,"featured_media":0,"parent":0,"menu_order":0,"comment_status":"closed","ping_status":"closed","template":"","meta":{"footnotes":""},"class_list":["post-1290","page","type-page","status-publish","hentry"],"_links":{"self":[{"href":"https:\/\/gymnasium-eckhorst.de\/homepage\/wp-json\/wp\/v2\/pages\/1290","targetHints":{"allow":["GET"]}}],"collection":[{"href":"https:\/\/gymnasium-eckhorst.de\/homepage\/wp-json\/wp\/v2\/pages"}],"about":[{"href":"https:\/\/gymnasium-eckhorst.de\/homepage\/wp-json\/wp\/v2\/types\/page"}],"author":[{"embeddable":true,"href":"https:\/\/gymnasium-eckhorst.de\/homepage\/wp-json\/wp\/v2\/users\/17"}],"replies":[{"embeddable":true,"href":"https:\/\/gymnasium-eckhorst.de\/homepage\/wp-json\/wp\/v2\/comments?post=1290"}],"version-history":[{"count":10,"href":"https:\/\/gymnasium-eckhorst.de\/homepage\/wp-json\/wp\/v2\/pages\/1290\/revisions"}],"predecessor-version":[{"id":17914,"href":"https:\/\/gymnasium-eckhorst.de\/homepage\/wp-json\/wp\/v2\/pages\/1290\/revisions\/17914"}],"wp:attachment":[{"href":"https:\/\/gymnasium-eckhorst.de\/homepage\/wp-json\/wp\/v2\/media?parent=1290"}],"curies":[{"name":"wp","href":"https:\/\/api.w.org\/{rel}","templated":true}]}}