{"id":1289,"date":"2020-07-25T13:20:02","date_gmt":"2020-07-25T11:20:02","guid":{"rendered":"https:\/\/gymnasium-eckhorst.de\/homepage\/?page_id=1289"},"modified":"2025-10-07T10:32:52","modified_gmt":"2025-10-07T08:32:52","slug":"mathematik","status":"publish","type":"page","link":"https:\/\/gymnasium-eckhorst.de\/homepage\/mathematik\/","title":{"rendered":"Mathematik"},"content":{"rendered":"\n<h4 class=\"wp-block-heading has-text-align-center\"><br><strong>Was ist Mathematik? <\/strong><br><strong>Und wof\u00fcr braucht man das?<\/strong><\/h4>\n\n\n\n<div class=\"wp-block-columns alignwide is-layout-flex wp-container-core-columns-is-layout-9d6595d7 wp-block-columns-is-layout-flex\">\n<div class=\"wp-block-column is-layout-flow wp-block-column-is-layout-flow\">\n<p>Ausgehend von dem \u00fcblichen, aber n\u00fcchternen Definitionsversuch, welcher Mathematik beschreibt als ,,<em>die Wissenschaft, die durch logische Definitionen selbstgeschaffene abstrakte Strukturen mittels der Logik auf ihre Eigenschaften und Muster untersucht\u201c <\/em>(nach Wikipedia.de, 2020), beschreibt G. M. Ziegler die Mathematik als wesentlich vielf\u00e4ltiger:<\/p>\n\n\n\n<p>Mathematik ist f\u00fcr ihn z. B.:<\/p>\n\n\n\n<ul class=\"wp-block-list\">\n<li>Emotion<\/li>\n\n\n\n<li>Kulturgut<\/li>\n\n\n\n<li>gro\u00df<\/li>\n\n\n\n<li>schwierig<\/li>\n\n\n\n<li>wichtig<\/li>\n\n\n\n<li>Kunst<\/li>\n\n\n\n<li>etwas, das Menschen machen<\/li>\n<\/ul>\n<\/div>\n\n\n\n<div class=\"wp-block-column is-layout-flow wp-block-column-is-layout-flow\">\n<figure class=\"wp-block-gallery has-nested-images columns-default is-cropped wp-block-gallery-1 is-layout-flex wp-block-gallery-is-layout-flex\">\n<figure class=\"wp-block-image size-large\"><img fetchpriority=\"high\" decoding=\"async\" width=\"561\" height=\"750\" data-id=\"2201\" src=\"https:\/\/gymnasium-eckhorst.de\/homepage\/wp-content\/uploads\/2020\/10\/mathe1.png\" alt=\"\" class=\"wp-image-2201\" srcset=\"https:\/\/gymnasium-eckhorst.de\/homepage\/wp-content\/uploads\/2020\/10\/mathe1.png 561w, https:\/\/gymnasium-eckhorst.de\/homepage\/wp-content\/uploads\/2020\/10\/mathe1-224x300.png 224w\" sizes=\"(max-width: 561px) 100vw, 561px\" \/><\/figure>\n\n\n\n<figure class=\"wp-block-image size-large\"><img decoding=\"async\" width=\"562\" height=\"754\" data-id=\"2202\" src=\"https:\/\/gymnasium-eckhorst.de\/homepage\/wp-content\/uploads\/2020\/10\/mathe2.png\" alt=\"\" class=\"wp-image-2202\" srcset=\"https:\/\/gymnasium-eckhorst.de\/homepage\/wp-content\/uploads\/2020\/10\/mathe2.png 562w, https:\/\/gymnasium-eckhorst.de\/homepage\/wp-content\/uploads\/2020\/10\/mathe2-224x300.png 224w\" sizes=\"(max-width: 562px) 100vw, 562px\" \/><\/figure>\n<\/figure>\n<\/div>\n<\/div>\n\n\n\n<div class=\"wp-block-columns alignwide is-layout-flex wp-container-core-columns-is-layout-9d6595d7 wp-block-columns-is-layout-flex\">\n<div class=\"wp-block-column is-layout-flow wp-block-column-is-layout-flow\">\n<p>Zu jedem dieser Aspekte findet man auf der Homepage der Deutschen Mathematiker-Vereinigung eine kleine Abhandlung von G.M.Ziegler (<a href=\"https:\/\/www.mathematik.de\/mathematik\/was-ist-mathematik\">https:\/\/www.mathematik.de\/mathematik\/was-ist-mathematik<\/a>, 26.10.2020)<\/p>\n\n\n\n<p>Wir hoffen, dass wir in unserem Mathematikunterricht m\u00f6glichst viele dieser Facetten der Mathematik aufgreifen und vermitteln und somit die Mathematik als wichtiges, spannendes und vielleicht sogar praxisnahes Fach erlebbar machen k\u00f6nnen.<\/p>\n<\/div>\n\n\n\n<div class=\"wp-block-column is-layout-flow wp-block-column-is-layout-flow\">\n<figure class=\"wp-block-gallery has-nested-images columns-2 is-cropped wp-block-gallery-2 is-layout-flex wp-block-gallery-is-layout-flex\">\n<figure class=\"wp-block-image size-large\"><img decoding=\"async\" width=\"867\" height=\"649\" data-id=\"2203\" src=\"https:\/\/gymnasium-eckhorst.de\/homepage\/wp-content\/uploads\/2020\/10\/mathe3.png\" alt=\"\" class=\"wp-image-2203\" srcset=\"https:\/\/gymnasium-eckhorst.de\/homepage\/wp-content\/uploads\/2020\/10\/mathe3.png 867w, https:\/\/gymnasium-eckhorst.de\/homepage\/wp-content\/uploads\/2020\/10\/mathe3-300x225.png 300w, https:\/\/gymnasium-eckhorst.de\/homepage\/wp-content\/uploads\/2020\/10\/mathe3-768x575.png 768w\" sizes=\"(max-width: 867px) 100vw, 867px\" \/><\/figure>\n\n\n\n<figure class=\"wp-block-image size-large\"><img loading=\"lazy\" decoding=\"async\" width=\"870\" height=\"652\" data-id=\"2204\" src=\"https:\/\/gymnasium-eckhorst.de\/homepage\/wp-content\/uploads\/2020\/10\/mathe4.png\" alt=\"\" class=\"wp-image-2204\" srcset=\"https:\/\/gymnasium-eckhorst.de\/homepage\/wp-content\/uploads\/2020\/10\/mathe4.png 870w, https:\/\/gymnasium-eckhorst.de\/homepage\/wp-content\/uploads\/2020\/10\/mathe4-300x225.png 300w, https:\/\/gymnasium-eckhorst.de\/homepage\/wp-content\/uploads\/2020\/10\/mathe4-768x576.png 768w\" sizes=\"(max-width: 870px) 100vw, 870px\" \/><\/figure>\n<\/figure>\n<\/div>\n<\/div>\n\n\n\n<hr class=\"wp-block-separator has-css-opacity\"\/>\n\n\n\n<h4 class=\"wp-block-heading\">Schulinterne Fachcurricula<\/h4>\n\n\n\n<p><em>Die unten aufgef\u00fchrten schulinternen Fachcurricula sind Kurzfassungen, die einen \u00dcberblick \u00fcber die Schwerpunkte, Besonderheiten und zu erbringenden Leistungsnachweise liefern sollen. Einzelheiten k\u00f6nnen bei den jeweiligen Fachlehrkr\u00e4ften erfragt werden.<\/em><\/p>\n\n\n\n<p class=\"has-text-align-center\"><a href=\"https:\/\/gymnasium-eckhorst.de\/homepage\/wp-content\/uploads\/2025\/10\/Uebersicht-Curriculum-Klasse-5-Okt-25.pdf\">Klasse 5<\/a><\/p>\n\n\n\n<p class=\"has-text-align-center\"><a href=\"https:\/\/gymnasium-eckhorst.de\/homepage\/wp-content\/uploads\/2025\/10\/Uebersicht-Curriculum-Klasse-6-Okt-25.pdf\">Klasse 6<\/a><\/p>\n\n\n\n<p class=\"has-text-align-center\"><a href=\"https:\/\/gymnasium-eckhorst.de\/homepage\/wp-content\/uploads\/2025\/10\/Uebersicht-Curriculum-Klasse-7-Okt-25.pdf\">Klasse 7<\/a><\/p>\n\n\n\n<p class=\"has-text-align-center\"><a href=\"https:\/\/gymnasium-eckhorst.de\/homepage\/wp-content\/uploads\/2025\/10\/Uebersicht-Curriculum-Klasse-8-Okt-25.pdf\">Klasse 8<\/a><\/p>\n\n\n\n<p class=\"has-text-align-center\"><a href=\"https:\/\/gymnasium-eckhorst.de\/homepage\/wp-content\/uploads\/2025\/10\/Uebersicht-Curriculum-Klasse-9-Okt-25.pdf\">Klasse 9<\/a><\/p>\n\n\n\n<p class=\"has-text-align-center\"><a href=\"https:\/\/gymnasium-eckhorst.de\/homepage\/wp-content\/uploads\/2025\/10\/Uebersicht-Curriculum-Klasse-10-Okt-25.pdf\">Klasse 10<\/a><\/p>\n","protected":false},"excerpt":{"rendered":"<p>Was ist Mathematik? Und wof\u00fcr braucht man das? Ausgehend von dem \u00fcblichen, aber n\u00fcchternen Definitionsversuch, welcher Mathematik beschreibt als ,,die Wissenschaft, die durch logische Definitionen selbstgeschaffene abstrakte Strukturen mittels der Logik auf ihre Eigenschaften und Muster untersucht\u201c (nach Wikipedia.de, 2020), beschreibt G. M. Ziegler die Mathematik als wesentlich vielf\u00e4ltiger: Mathematik ist f\u00fcr ihn z. B.: [&hellip;]<\/p>\n","protected":false},"author":17,"featured_media":0,"parent":0,"menu_order":0,"comment_status":"closed","ping_status":"closed","template":"","meta":{"footnotes":""},"class_list":["post-1289","page","type-page","status-publish","hentry"],"_links":{"self":[{"href":"https:\/\/gymnasium-eckhorst.de\/homepage\/wp-json\/wp\/v2\/pages\/1289","targetHints":{"allow":["GET"]}}],"collection":[{"href":"https:\/\/gymnasium-eckhorst.de\/homepage\/wp-json\/wp\/v2\/pages"}],"about":[{"href":"https:\/\/gymnasium-eckhorst.de\/homepage\/wp-json\/wp\/v2\/types\/page"}],"author":[{"embeddable":true,"href":"https:\/\/gymnasium-eckhorst.de\/homepage\/wp-json\/wp\/v2\/users\/17"}],"replies":[{"embeddable":true,"href":"https:\/\/gymnasium-eckhorst.de\/homepage\/wp-json\/wp\/v2\/comments?post=1289"}],"version-history":[{"count":8,"href":"https:\/\/gymnasium-eckhorst.de\/homepage\/wp-json\/wp\/v2\/pages\/1289\/revisions"}],"predecessor-version":[{"id":17573,"href":"https:\/\/gymnasium-eckhorst.de\/homepage\/wp-json\/wp\/v2\/pages\/1289\/revisions\/17573"}],"wp:attachment":[{"href":"https:\/\/gymnasium-eckhorst.de\/homepage\/wp-json\/wp\/v2\/media?parent=1289"}],"curies":[{"name":"wp","href":"https:\/\/api.w.org\/{rel}","templated":true}]}}

<h4 class="wp-block-heading has-text-align-center"><br><strong>Was ist Mathematik? </strong><br><strong>Und wofür braucht man das?</strong></h4>



<div class="wp-block-columns alignwide is-layout-flex wp-container-core-columns-is-layout-9d6595d7 wp-block-columns-is-layout-flex">
<div class="wp-block-column is-layout-flow wp-block-column-is-layout-flow">
<p>Ausgehend von dem üblichen, aber nüchternen Definitionsversuch, welcher Mathematik beschreibt als ,,<em>die Wissenschaft, die durch logische Definitionen selbstgeschaffene abstrakte Strukturen mittels der Logik auf ihre Eigenschaften und Muster untersucht“ </em>(nach Wikipedia.de, 2020), beschreibt G. M. Ziegler die Mathematik als wesentlich vielfältiger:</p>



<p>Mathematik ist für ihn z. B.:</p>



<ul class="wp-block-list">
<li>Emotion</li>



<li>Kulturgut</li>



<li>groß</li>



<li>schwierig</li>



<li>wichtig</li>



<li>Kunst</li>



<li>etwas, das Menschen machen</li>
</ul>
</div>



<div class="wp-block-column is-layout-flow wp-block-column-is-layout-flow">
<figure class="wp-block-gallery has-nested-images columns-default is-cropped wp-block-gallery-1 is-layout-flex wp-block-gallery-is-layout-flex">
<figure class="wp-block-image size-large"><img fetchpriority="high" decoding="async" width="561" height="750" data-id="2201" src="https://gymnasium-eckhorst.de/homepage/wp-content/uploads/2020/10/mathe1.png" alt="" class="wp-image-2201" srcset="https://gymnasium-eckhorst.de/homepage/wp-content/uploads/2020/10/mathe1.png 561w, https://gymnasium-eckhorst.de/homepage/wp-content/uploads/2020/10/mathe1-224x300.png 224w" sizes="(max-width: 561px) 100vw, 561px" /></figure>



<figure class="wp-block-image size-large"><img decoding="async" width="562" height="754" data-id="2202" src="https://gymnasium-eckhorst.de/homepage/wp-content/uploads/2020/10/mathe2.png" alt="" class="wp-image-2202" srcset="https://gymnasium-eckhorst.de/homepage/wp-content/uploads/2020/10/mathe2.png 562w, https://gymnasium-eckhorst.de/homepage/wp-content/uploads/2020/10/mathe2-224x300.png 224w" sizes="(max-width: 562px) 100vw, 562px" /></figure>
</figure>
</div>
</div>



<div class="wp-block-columns alignwide is-layout-flex wp-container-core-columns-is-layout-9d6595d7 wp-block-columns-is-layout-flex">
<div class="wp-block-column is-layout-flow wp-block-column-is-layout-flow">
<p>Zu jedem dieser Aspekte findet man auf der Homepage der Deutschen Mathematiker-Vereinigung eine kleine Abhandlung von G.M.Ziegler (<a href="https://www.mathematik.de/mathematik/was-ist-mathematik">https://www.mathematik.de/mathematik/was-ist-mathematik</a>, 26.10.2020)</p>



<p>Wir hoffen, dass wir in unserem Mathematikunterricht möglichst viele dieser Facetten der Mathematik aufgreifen und vermitteln und somit die Mathematik als wichtiges, spannendes und vielleicht sogar praxisnahes Fach erlebbar machen können.</p>
</div>



<div class="wp-block-column is-layout-flow wp-block-column-is-layout-flow">
<figure class="wp-block-gallery has-nested-images columns-2 is-cropped wp-block-gallery-2 is-layout-flex wp-block-gallery-is-layout-flex">
<figure class="wp-block-image size-large"><img decoding="async" width="867" height="649" data-id="2203" src="https://gymnasium-eckhorst.de/homepage/wp-content/uploads/2020/10/mathe3.png" alt="" class="wp-image-2203" srcset="https://gymnasium-eckhorst.de/homepage/wp-content/uploads/2020/10/mathe3.png 867w, https://gymnasium-eckhorst.de/homepage/wp-content/uploads/2020/10/mathe3-300x225.png 300w, https://gymnasium-eckhorst.de/homepage/wp-content/uploads/2020/10/mathe3-768x575.png 768w" sizes="(max-width: 867px) 100vw, 867px" /></figure>



<figure class="wp-block-image size-large"><img loading="lazy" decoding="async" width="870" height="652" data-id="2204" src="https://gymnasium-eckhorst.de/homepage/wp-content/uploads/2020/10/mathe4.png" alt="" class="wp-image-2204" srcset="https://gymnasium-eckhorst.de/homepage/wp-content/uploads/2020/10/mathe4.png 870w, https://gymnasium-eckhorst.de/homepage/wp-content/uploads/2020/10/mathe4-300x225.png 300w, https://gymnasium-eckhorst.de/homepage/wp-content/uploads/2020/10/mathe4-768x576.png 768w" sizes="(max-width: 870px) 100vw, 870px" /></figure>
</figure>
</div>
</div>



<hr class="wp-block-separator has-css-opacity"/>



<h4 class="wp-block-heading">Schulinterne Fachcurricula</h4>



<p><em>Die unten aufgeführten schulinternen Fachcurricula sind Kurzfassungen, die einen Überblick über die Schwerpunkte, Besonderheiten und zu erbringenden Leistungsnachweise liefern sollen. Einzelheiten können bei den jeweiligen Fachlehrkräften erfragt werden.</em></p>



<p class="has-text-align-center"><a href="https://gymnasium-eckhorst.de/homepage/wp-content/uploads/2025/10/Uebersicht-Curriculum-Klasse-5-Okt-25.pdf">Klasse 5</a></p>



<p class="has-text-align-center"><a href="https://gymnasium-eckhorst.de/homepage/wp-content/uploads/2025/10/Uebersicht-Curriculum-Klasse-6-Okt-25.pdf">Klasse 6</a></p>



<p class="has-text-align-center"><a href="https://gymnasium-eckhorst.de/homepage/wp-content/uploads/2025/10/Uebersicht-Curriculum-Klasse-7-Okt-25.pdf">Klasse 7</a></p>



<p class="has-text-align-center"><a href="https://gymnasium-eckhorst.de/homepage/wp-content/uploads/2025/10/Uebersicht-Curriculum-Klasse-8-Okt-25.pdf">Klasse 8</a></p>



<p class="has-text-align-center"><a href="https://gymnasium-eckhorst.de/homepage/wp-content/uploads/2025/10/Uebersicht-Curriculum-Klasse-9-Okt-25.pdf">Klasse 9</a></p>



<p class="has-text-align-center"><a href="https://gymnasium-eckhorst.de/homepage/wp-content/uploads/2025/10/Uebersicht-Curriculum-Klasse-10-Okt-25.pdf">Klasse 10</a></p>

<p>Was ist Mathematik? Und wofür braucht man das? Ausgehend von dem üblichen, aber nüchternen Definitionsversuch, welcher Mathematik beschreibt als ,,die Wissenschaft, die durch logische Definitionen selbstgeschaffene abstrakte Strukturen mittels der Logik auf ihre Eigenschaften und Muster untersucht“ (nach Wikipedia.de, 2020), beschreibt G. M. Ziegler die Mathematik als wesentlich vielfältiger: Mathematik ist für ihn z. B.: [&hellip;]</p>
