{"id":1283,"date":"2020-07-25T13:18:32","date_gmt":"2020-07-25T11:18:32","guid":{"rendered":"https:\/\/gymnasium-eckhorst.de\/homepage\/?page_id=1283"},"modified":"2026-02-11T13:51:01","modified_gmt":"2026-02-11T12:51:01","slug":"musik","status":"publish","type":"page","link":"https:\/\/gymnasium-eckhorst.de\/homepage\/musik\/","title":{"rendered":"Musik"},"content":{"rendered":"\n<p><br><br>Die Musik am Gymnasium Eckhorst hat einen besonderen Stellenwert. In der Geschichte des Gymnasiums blicken wir auf regelm\u00e4\u00dfige, gro\u00df angelegte Musikprojekte zur\u00fcck. Es fanden Musical-Produktionen mit Band- oder Orchesterbegleitung in Kooperation mit der Theater-AG oder auch Kirchenkonzerte mit Chor und Orchester statt, die sich auch \u00fcberregional pr\u00e4sentierten. Aufgrund dieser Dichte wurde schon seit 2006 ein Schwerpunkt auf die Musikpraxis gelegt, die zum Aufbau eines Musikzweiges, seit 2014 mit Musikklassen und seit 2017 durch Bl\u00e4serklassen erg\u00e4nzt, gef\u00fchrt haben. Durch den Musikzweig verf\u00fcgt das Gymnasium \u00fcber eine gro\u00dfe Bandbreite an Musik-AGs mit einer eigenen B\u00fchnentechnik bzw. Tontechnik-AG. Die inzwischen hervorragende personelle Versorgung erm\u00f6glicht, dass das Angebot permanent erweitert wird. <br>Weitere Informationen \u00fcber den Musikzweig und die angebotenen Musik-AGs finden Sie <a href=\"https:\/\/gymnasium-eckhorst.de\/homepage\/musikzweig\/\" data-type=\"page\" data-id=\"618\">hier<\/a><\/p>\n\n\n\n<figure class=\"wp-block-gallery has-nested-images columns-2 is-cropped wp-block-gallery-1 is-layout-flex wp-block-gallery-is-layout-flex\">\n<figure class=\"wp-block-image size-large\"><img fetchpriority=\"high\" decoding=\"async\" width=\"1024\" height=\"678\" data-id=\"2184\" src=\"https:\/\/gymnasium-eckhorst.de\/homepage\/wp-content\/uploads\/2020\/10\/Buffy-2013-1024x678.jpg\" alt=\"\" class=\"wp-image-2184\" srcset=\"https:\/\/gymnasium-eckhorst.de\/homepage\/wp-content\/uploads\/2020\/10\/Buffy-2013-1024x678.jpg 1024w, https:\/\/gymnasium-eckhorst.de\/homepage\/wp-content\/uploads\/2020\/10\/Buffy-2013-300x199.jpg 300w, https:\/\/gymnasium-eckhorst.de\/homepage\/wp-content\/uploads\/2020\/10\/Buffy-2013-768x509.jpg 768w, https:\/\/gymnasium-eckhorst.de\/homepage\/wp-content\/uploads\/2020\/10\/Buffy-2013-1536x1017.jpg 1536w, https:\/\/gymnasium-eckhorst.de\/homepage\/wp-content\/uploads\/2020\/10\/Buffy-2013-2048x1356.jpg 2048w, https:\/\/gymnasium-eckhorst.de\/homepage\/wp-content\/uploads\/2020\/10\/Buffy-2013-1200x795.jpg 1200w, https:\/\/gymnasium-eckhorst.de\/homepage\/wp-content\/uploads\/2020\/10\/Buffy-2013-1980x1311.jpg 1980w\" sizes=\"(max-width: 1024px) 100vw, 1024px\" \/><\/figure>\n\n\n\n<figure class=\"wp-block-image size-large\"><img decoding=\"async\" width=\"1024\" height=\"768\" data-id=\"2186\" src=\"https:\/\/gymnasium-eckhorst.de\/homepage\/wp-content\/uploads\/2020\/10\/Djungeljunge-2007-1024x768.jpg\" alt=\"\" class=\"wp-image-2186\" srcset=\"https:\/\/gymnasium-eckhorst.de\/homepage\/wp-content\/uploads\/2020\/10\/Djungeljunge-2007-1024x768.jpg 1024w, https:\/\/gymnasium-eckhorst.de\/homepage\/wp-content\/uploads\/2020\/10\/Djungeljunge-2007-300x225.jpg 300w, https:\/\/gymnasium-eckhorst.de\/homepage\/wp-content\/uploads\/2020\/10\/Djungeljunge-2007-768x576.jpg 768w, https:\/\/gymnasium-eckhorst.de\/homepage\/wp-content\/uploads\/2020\/10\/Djungeljunge-2007-1536x1152.jpg 1536w, https:\/\/gymnasium-eckhorst.de\/homepage\/wp-content\/uploads\/2020\/10\/Djungeljunge-2007-1200x900.jpg 1200w, https:\/\/gymnasium-eckhorst.de\/homepage\/wp-content\/uploads\/2020\/10\/Djungeljunge-2007.jpg 1600w\" sizes=\"(max-width: 1024px) 100vw, 1024px\" \/><\/figure>\n\n\n\n<figure class=\"wp-block-image size-large\"><img decoding=\"async\" width=\"1024\" height=\"683\" data-id=\"2187\" src=\"https:\/\/gymnasium-eckhorst.de\/homepage\/wp-content\/uploads\/2020\/10\/Lucia-2007-1024x683.jpg\" alt=\"\" class=\"wp-image-2187\" srcset=\"https:\/\/gymnasium-eckhorst.de\/homepage\/wp-content\/uploads\/2020\/10\/Lucia-2007-1024x683.jpg 1024w, https:\/\/gymnasium-eckhorst.de\/homepage\/wp-content\/uploads\/2020\/10\/Lucia-2007-300x200.jpg 300w, https:\/\/gymnasium-eckhorst.de\/homepage\/wp-content\/uploads\/2020\/10\/Lucia-2007-768x512.jpg 768w, https:\/\/gymnasium-eckhorst.de\/homepage\/wp-content\/uploads\/2020\/10\/Lucia-2007-1536x1024.jpg 1536w, https:\/\/gymnasium-eckhorst.de\/homepage\/wp-content\/uploads\/2020\/10\/Lucia-2007-2048x1365.jpg 2048w, https:\/\/gymnasium-eckhorst.de\/homepage\/wp-content\/uploads\/2020\/10\/Lucia-2007-1200x800.jpg 1200w, https:\/\/gymnasium-eckhorst.de\/homepage\/wp-content\/uploads\/2020\/10\/Lucia-2007-1980x1320.jpg 1980w\" sizes=\"(max-width: 1024px) 100vw, 1024px\" \/><\/figure>\n\n\n\n<figure class=\"wp-block-image size-large\"><img loading=\"lazy\" decoding=\"async\" width=\"1024\" height=\"683\" data-id=\"2188\" src=\"https:\/\/gymnasium-eckhorst.de\/homepage\/wp-content\/uploads\/2020\/10\/Mittsommerspiel-2017-1024x683.jpg\" alt=\"\" class=\"wp-image-2188\" srcset=\"https:\/\/gymnasium-eckhorst.de\/homepage\/wp-content\/uploads\/2020\/10\/Mittsommerspiel-2017-1024x683.jpg 1024w, https:\/\/gymnasium-eckhorst.de\/homepage\/wp-content\/uploads\/2020\/10\/Mittsommerspiel-2017-300x200.jpg 300w, https:\/\/gymnasium-eckhorst.de\/homepage\/wp-content\/uploads\/2020\/10\/Mittsommerspiel-2017-768x512.jpg 768w, https:\/\/gymnasium-eckhorst.de\/homepage\/wp-content\/uploads\/2020\/10\/Mittsommerspiel-2017-1536x1024.jpg 1536w, https:\/\/gymnasium-eckhorst.de\/homepage\/wp-content\/uploads\/2020\/10\/Mittsommerspiel-2017-2048x1365.jpg 2048w, https:\/\/gymnasium-eckhorst.de\/homepage\/wp-content\/uploads\/2020\/10\/Mittsommerspiel-2017-1200x800.jpg 1200w, https:\/\/gymnasium-eckhorst.de\/homepage\/wp-content\/uploads\/2020\/10\/Mittsommerspiel-2017-1980x1320.jpg 1980w\" sizes=\"(max-width: 1024px) 100vw, 1024px\" \/><\/figure>\n\n\n\n<figure class=\"wp-block-image size-large\"><img loading=\"lazy\" decoding=\"async\" width=\"1024\" height=\"682\" data-id=\"2189\" src=\"https:\/\/gymnasium-eckhorst.de\/homepage\/wp-content\/uploads\/2020\/10\/Orchester2016-1024x682.jpg\" alt=\"\" class=\"wp-image-2189\" srcset=\"https:\/\/gymnasium-eckhorst.de\/homepage\/wp-content\/uploads\/2020\/10\/Orchester2016-1024x682.jpg 1024w, https:\/\/gymnasium-eckhorst.de\/homepage\/wp-content\/uploads\/2020\/10\/Orchester2016-300x200.jpg 300w, https:\/\/gymnasium-eckhorst.de\/homepage\/wp-content\/uploads\/2020\/10\/Orchester2016-768x512.jpg 768w, https:\/\/gymnasium-eckhorst.de\/homepage\/wp-content\/uploads\/2020\/10\/Orchester2016-1200x800.jpg 1200w, https:\/\/gymnasium-eckhorst.de\/homepage\/wp-content\/uploads\/2020\/10\/Orchester2016.jpg 1280w\" sizes=\"(max-width: 1024px) 100vw, 1024px\" \/><\/figure>\n\n\n\n<figure class=\"wp-block-image size-large\"><img loading=\"lazy\" decoding=\"async\" width=\"1024\" height=\"768\" data-id=\"2190\" src=\"https:\/\/gymnasium-eckhorst.de\/homepage\/wp-content\/uploads\/2020\/10\/Trommelkurs-2006-1024x768.jpg\" alt=\"\" class=\"wp-image-2190\" srcset=\"https:\/\/gymnasium-eckhorst.de\/homepage\/wp-content\/uploads\/2020\/10\/Trommelkurs-2006-1024x768.jpg 1024w, https:\/\/gymnasium-eckhorst.de\/homepage\/wp-content\/uploads\/2020\/10\/Trommelkurs-2006-300x225.jpg 300w, https:\/\/gymnasium-eckhorst.de\/homepage\/wp-content\/uploads\/2020\/10\/Trommelkurs-2006-768x576.jpg 768w, https:\/\/gymnasium-eckhorst.de\/homepage\/wp-content\/uploads\/2020\/10\/Trommelkurs-2006-1536x1152.jpg 1536w, https:\/\/gymnasium-eckhorst.de\/homepage\/wp-content\/uploads\/2020\/10\/Trommelkurs-2006-1200x900.jpg 1200w, https:\/\/gymnasium-eckhorst.de\/homepage\/wp-content\/uploads\/2020\/10\/Trommelkurs-2006.jpg 1600w\" sizes=\"(max-width: 1024px) 100vw, 1024px\" \/><\/figure>\n\n\n\n<figure class=\"wp-block-image size-large\"><img loading=\"lazy\" decoding=\"async\" width=\"1024\" height=\"682\" data-id=\"2185\" src=\"https:\/\/gymnasium-eckhorst.de\/homepage\/wp-content\/uploads\/2020\/10\/Chor-2016-1024x682.jpg\" alt=\"\" class=\"wp-image-2185\" srcset=\"https:\/\/gymnasium-eckhorst.de\/homepage\/wp-content\/uploads\/2020\/10\/Chor-2016-1024x682.jpg 1024w, https:\/\/gymnasium-eckhorst.de\/homepage\/wp-content\/uploads\/2020\/10\/Chor-2016-300x200.jpg 300w, https:\/\/gymnasium-eckhorst.de\/homepage\/wp-content\/uploads\/2020\/10\/Chor-2016-768x512.jpg 768w, https:\/\/gymnasium-eckhorst.de\/homepage\/wp-content\/uploads\/2020\/10\/Chor-2016-1200x800.jpg 1200w, https:\/\/gymnasium-eckhorst.de\/homepage\/wp-content\/uploads\/2020\/10\/Chor-2016.jpg 1280w\" sizes=\"(max-width: 1024px) 100vw, 1024px\" \/><\/figure>\n<\/figure>\n\n\n\n<hr class=\"wp-block-separator has-css-opacity\"\/>\n\n\n\n<h4 class=\"wp-block-heading\">Schulinterne Fachcurricula<\/h4>\n\n\n\n<p><em>Die unten aufgef\u00fchrten schulinternen Fachcurricula sind Kurzfassungen, die einen \u00dcberblick \u00fcber die Schwerpunkte, Besonderheiten und zu erbringenden Leistungsnachweise liefern sollen. Einzelheiten k\u00f6nnen bei den jeweiligen Fachlehrkr\u00e4ften erfragt werden.<\/em><\/p>\n\n\n\n<p class=\"has-text-align-center\"><a href=\"https:\/\/gymnasium-eckhorst.de\/homepage\/wp-content\/uploads\/2026\/02\/SiC_Mu_Sek.-I.pdf\" target=\"_blank\" rel=\"noreferrer noopener\">Klassen 5-10<\/a><\/p>\n\n\n\n<p class=\"has-text-align-center\"><a href=\"https:\/\/gymnasium-eckhorst.de\/homepage\/wp-content\/uploads\/2026\/02\/SiC_Mu_Sek.-II.pdf\" target=\"_blank\" rel=\"noreferrer noopener\">Oberstufe<\/a><\/p>\n","protected":false},"excerpt":{"rendered":"<p>Die Musik am Gymnasium Eckhorst hat einen besonderen Stellenwert. In der Geschichte des Gymnasiums blicken wir auf regelm\u00e4\u00dfige, gro\u00df angelegte Musikprojekte zur\u00fcck. Es fanden Musical-Produktionen mit Band- oder Orchesterbegleitung in Kooperation mit der Theater-AG oder auch Kirchenkonzerte mit Chor und Orchester statt, die sich auch \u00fcberregional pr\u00e4sentierten. Aufgrund dieser Dichte wurde schon seit 2006 ein [&hellip;]<\/p>\n","protected":false},"author":17,"featured_media":0,"parent":0,"menu_order":0,"comment_status":"closed","ping_status":"closed","template":"","meta":{"footnotes":""},"class_list":["post-1283","page","type-page","status-publish","hentry"],"_links":{"self":[{"href":"https:\/\/gymnasium-eckhorst.de\/homepage\/wp-json\/wp\/v2\/pages\/1283","targetHints":{"allow":["GET"]}}],"collection":[{"href":"https:\/\/gymnasium-eckhorst.de\/homepage\/wp-json\/wp\/v2\/pages"}],"about":[{"href":"https:\/\/gymnasium-eckhorst.de\/homepage\/wp-json\/wp\/v2\/types\/page"}],"author":[{"embeddable":true,"href":"https:\/\/gymnasium-eckhorst.de\/homepage\/wp-json\/wp\/v2\/users\/17"}],"replies":[{"embeddable":true,"href":"https:\/\/gymnasium-eckhorst.de\/homepage\/wp-json\/wp\/v2\/comments?post=1283"}],"version-history":[{"count":15,"href":"https:\/\/gymnasium-eckhorst.de\/homepage\/wp-json\/wp\/v2\/pages\/1283\/revisions"}],"predecessor-version":[{"id":17999,"href":"https:\/\/gymnasium-eckhorst.de\/homepage\/wp-json\/wp\/v2\/pages\/1283\/revisions\/17999"}],"wp:attachment":[{"href":"https:\/\/gymnasium-eckhorst.de\/homepage\/wp-json\/wp\/v2\/media?parent=1283"}],"curies":[{"name":"wp","href":"https:\/\/api.w.org\/{rel}","templated":true}]}}

<p><br><br>Die Musik am Gymnasium Eckhorst hat einen besonderen Stellenwert. In der Geschichte des Gymnasiums blicken wir auf regelmäßige, groß angelegte Musikprojekte zurück. Es fanden Musical-Produktionen mit Band- oder Orchesterbegleitung in Kooperation mit der Theater-AG oder auch Kirchenkonzerte mit Chor und Orchester statt, die sich auch überregional präsentierten. Aufgrund dieser Dichte wurde schon seit 2006 ein Schwerpunkt auf die Musikpraxis gelegt, die zum Aufbau eines Musikzweiges, seit 2014 mit Musikklassen und seit 2017 durch Bläserklassen ergänzt, geführt haben. Durch den Musikzweig verfügt das Gymnasium über eine große Bandbreite an Musik-AGs mit einer eigenen Bühnentechnik bzw. Tontechnik-AG. Die inzwischen hervorragende personelle Versorgung ermöglicht, dass das Angebot permanent erweitert wird. <br>Weitere Informationen über den Musikzweig und die angebotenen Musik-AGs finden Sie <a href="https://gymnasium-eckhorst.de/homepage/musikzweig/" data-type="page" data-id="618">hier</a></p>



<figure class="wp-block-gallery has-nested-images columns-2 is-cropped wp-block-gallery-1 is-layout-flex wp-block-gallery-is-layout-flex">
<figure class="wp-block-image size-large"><img fetchpriority="high" decoding="async" width="1024" height="678" data-id="2184" src="https://gymnasium-eckhorst.de/homepage/wp-content/uploads/2020/10/Buffy-2013-1024x678.jpg" alt="" class="wp-image-2184" srcset="https://gymnasium-eckhorst.de/homepage/wp-content/uploads/2020/10/Buffy-2013-1024x678.jpg 1024w, https://gymnasium-eckhorst.de/homepage/wp-content/uploads/2020/10/Buffy-2013-300x199.jpg 300w, https://gymnasium-eckhorst.de/homepage/wp-content/uploads/2020/10/Buffy-2013-768x509.jpg 768w, https://gymnasium-eckhorst.de/homepage/wp-content/uploads/2020/10/Buffy-2013-1536x1017.jpg 1536w, https://gymnasium-eckhorst.de/homepage/wp-content/uploads/2020/10/Buffy-2013-2048x1356.jpg 2048w, https://gymnasium-eckhorst.de/homepage/wp-content/uploads/2020/10/Buffy-2013-1200x795.jpg 1200w, https://gymnasium-eckhorst.de/homepage/wp-content/uploads/2020/10/Buffy-2013-1980x1311.jpg 1980w" sizes="(max-width: 1024px) 100vw, 1024px" /></figure>



<figure class="wp-block-image size-large"><img decoding="async" width="1024" height="768" data-id="2186" src="https://gymnasium-eckhorst.de/homepage/wp-content/uploads/2020/10/Djungeljunge-2007-1024x768.jpg" alt="" class="wp-image-2186" srcset="https://gymnasium-eckhorst.de/homepage/wp-content/uploads/2020/10/Djungeljunge-2007-1024x768.jpg 1024w, https://gymnasium-eckhorst.de/homepage/wp-content/uploads/2020/10/Djungeljunge-2007-300x225.jpg 300w, https://gymnasium-eckhorst.de/homepage/wp-content/uploads/2020/10/Djungeljunge-2007-768x576.jpg 768w, https://gymnasium-eckhorst.de/homepage/wp-content/uploads/2020/10/Djungeljunge-2007-1536x1152.jpg 1536w, https://gymnasium-eckhorst.de/homepage/wp-content/uploads/2020/10/Djungeljunge-2007-1200x900.jpg 1200w, https://gymnasium-eckhorst.de/homepage/wp-content/uploads/2020/10/Djungeljunge-2007.jpg 1600w" sizes="(max-width: 1024px) 100vw, 1024px" /></figure>



<figure class="wp-block-image size-large"><img decoding="async" width="1024" height="683" data-id="2187" src="https://gymnasium-eckhorst.de/homepage/wp-content/uploads/2020/10/Lucia-2007-1024x683.jpg" alt="" class="wp-image-2187" srcset="https://gymnasium-eckhorst.de/homepage/wp-content/uploads/2020/10/Lucia-2007-1024x683.jpg 1024w, https://gymnasium-eckhorst.de/homepage/wp-content/uploads/2020/10/Lucia-2007-300x200.jpg 300w, https://gymnasium-eckhorst.de/homepage/wp-content/uploads/2020/10/Lucia-2007-768x512.jpg 768w, https://gymnasium-eckhorst.de/homepage/wp-content/uploads/2020/10/Lucia-2007-1536x1024.jpg 1536w, https://gymnasium-eckhorst.de/homepage/wp-content/uploads/2020/10/Lucia-2007-2048x1365.jpg 2048w, https://gymnasium-eckhorst.de/homepage/wp-content/uploads/2020/10/Lucia-2007-1200x800.jpg 1200w, https://gymnasium-eckhorst.de/homepage/wp-content/uploads/2020/10/Lucia-2007-1980x1320.jpg 1980w" sizes="(max-width: 1024px) 100vw, 1024px" /></figure>



<figure class="wp-block-image size-large"><img loading="lazy" decoding="async" width="1024" height="683" data-id="2188" src="https://gymnasium-eckhorst.de/homepage/wp-content/uploads/2020/10/Mittsommerspiel-2017-1024x683.jpg" alt="" class="wp-image-2188" srcset="https://gymnasium-eckhorst.de/homepage/wp-content/uploads/2020/10/Mittsommerspiel-2017-1024x683.jpg 1024w, https://gymnasium-eckhorst.de/homepage/wp-content/uploads/2020/10/Mittsommerspiel-2017-300x200.jpg 300w, https://gymnasium-eckhorst.de/homepage/wp-content/uploads/2020/10/Mittsommerspiel-2017-768x512.jpg 768w, https://gymnasium-eckhorst.de/homepage/wp-content/uploads/2020/10/Mittsommerspiel-2017-1536x1024.jpg 1536w, https://gymnasium-eckhorst.de/homepage/wp-content/uploads/2020/10/Mittsommerspiel-2017-2048x1365.jpg 2048w, https://gymnasium-eckhorst.de/homepage/wp-content/uploads/2020/10/Mittsommerspiel-2017-1200x800.jpg 1200w, https://gymnasium-eckhorst.de/homepage/wp-content/uploads/2020/10/Mittsommerspiel-2017-1980x1320.jpg 1980w" sizes="(max-width: 1024px) 100vw, 1024px" /></figure>



<figure class="wp-block-image size-large"><img loading="lazy" decoding="async" width="1024" height="682" data-id="2189" src="https://gymnasium-eckhorst.de/homepage/wp-content/uploads/2020/10/Orchester2016-1024x682.jpg" alt="" class="wp-image-2189" srcset="https://gymnasium-eckhorst.de/homepage/wp-content/uploads/2020/10/Orchester2016-1024x682.jpg 1024w, https://gymnasium-eckhorst.de/homepage/wp-content/uploads/2020/10/Orchester2016-300x200.jpg 300w, https://gymnasium-eckhorst.de/homepage/wp-content/uploads/2020/10/Orchester2016-768x512.jpg 768w, https://gymnasium-eckhorst.de/homepage/wp-content/uploads/2020/10/Orchester2016-1200x800.jpg 1200w, https://gymnasium-eckhorst.de/homepage/wp-content/uploads/2020/10/Orchester2016.jpg 1280w" sizes="(max-width: 1024px) 100vw, 1024px" /></figure>



<figure class="wp-block-image size-large"><img loading="lazy" decoding="async" width="1024" height="768" data-id="2190" src="https://gymnasium-eckhorst.de/homepage/wp-content/uploads/2020/10/Trommelkurs-2006-1024x768.jpg" alt="" class="wp-image-2190" srcset="https://gymnasium-eckhorst.de/homepage/wp-content/uploads/2020/10/Trommelkurs-2006-1024x768.jpg 1024w, https://gymnasium-eckhorst.de/homepage/wp-content/uploads/2020/10/Trommelkurs-2006-300x225.jpg 300w, https://gymnasium-eckhorst.de/homepage/wp-content/uploads/2020/10/Trommelkurs-2006-768x576.jpg 768w, https://gymnasium-eckhorst.de/homepage/wp-content/uploads/2020/10/Trommelkurs-2006-1536x1152.jpg 1536w, https://gymnasium-eckhorst.de/homepage/wp-content/uploads/2020/10/Trommelkurs-2006-1200x900.jpg 1200w, https://gymnasium-eckhorst.de/homepage/wp-content/uploads/2020/10/Trommelkurs-2006.jpg 1600w" sizes="(max-width: 1024px) 100vw, 1024px" /></figure>



<figure class="wp-block-image size-large"><img loading="lazy" decoding="async" width="1024" height="682" data-id="2185" src="https://gymnasium-eckhorst.de/homepage/wp-content/uploads/2020/10/Chor-2016-1024x682.jpg" alt="" class="wp-image-2185" srcset="https://gymnasium-eckhorst.de/homepage/wp-content/uploads/2020/10/Chor-2016-1024x682.jpg 1024w, https://gymnasium-eckhorst.de/homepage/wp-content/uploads/2020/10/Chor-2016-300x200.jpg 300w, https://gymnasium-eckhorst.de/homepage/wp-content/uploads/2020/10/Chor-2016-768x512.jpg 768w, https://gymnasium-eckhorst.de/homepage/wp-content/uploads/2020/10/Chor-2016-1200x800.jpg 1200w, https://gymnasium-eckhorst.de/homepage/wp-content/uploads/2020/10/Chor-2016.jpg 1280w" sizes="(max-width: 1024px) 100vw, 1024px" /></figure>
</figure>



<hr class="wp-block-separator has-css-opacity"/>



<h4 class="wp-block-heading">Schulinterne Fachcurricula</h4>



<p><em>Die unten aufgeführten schulinternen Fachcurricula sind Kurzfassungen, die einen Überblick über die Schwerpunkte, Besonderheiten und zu erbringenden Leistungsnachweise liefern sollen. Einzelheiten können bei den jeweiligen Fachlehrkräften erfragt werden.</em></p>



<p class="has-text-align-center"><a href="https://gymnasium-eckhorst.de/homepage/wp-content/uploads/2026/02/SiC_Mu_Sek.-I.pdf" target="_blank" rel="noreferrer noopener">Klassen 5-10</a></p>



<p class="has-text-align-center"><a href="https://gymnasium-eckhorst.de/homepage/wp-content/uploads/2026/02/SiC_Mu_Sek.-II.pdf" target="_blank" rel="noreferrer noopener">Oberstufe</a></p>

<p>Die Musik am Gymnasium Eckhorst hat einen besonderen Stellenwert. In der Geschichte des Gymnasiums blicken wir auf regelmäßige, groß angelegte Musikprojekte zurück. Es fanden Musical-Produktionen mit Band- oder Orchesterbegleitung in Kooperation mit der Theater-AG oder auch Kirchenkonzerte mit Chor und Orchester statt, die sich auch überregional präsentierten. Aufgrund dieser Dichte wurde schon seit 2006 ein [&hellip;]</p>
