{"id":1278,"date":"2020-07-25T13:17:20","date_gmt":"2020-07-25T11:17:20","guid":{"rendered":"https:\/\/gymnasium-eckhorst.de\/homepage\/?page_id=1278"},"modified":"2025-11-11T13:01:13","modified_gmt":"2025-11-11T12:01:13","slug":"spanisch","status":"publish","type":"page","link":"https:\/\/gymnasium-eckhorst.de\/homepage\/spanisch\/","title":{"rendered":"Spanisch"},"content":{"rendered":"\n<div class=\"wp-block-columns alignwide is-layout-flex wp-container-core-columns-is-layout-9d6595d7 wp-block-columns-is-layout-flex\">\n<div class=\"wp-block-column is-layout-flow wp-block-column-is-layout-flow\" style=\"flex-basis:66.66%\">\n<p><br><br>Am Gymnasium Eckhorst bieten wir schon seit vielen Jahren erfolgreich das Fach Spanisch als <strong>sp\u00e4tbeginnende Fremdsprache<\/strong> in der Oberstufe an, welche dann drei Jahre lang intensiv gelernt wird. Da die Sch\u00fcler*innen hierbei bereits Erfahrungen aus mindestens zwei, manchmal sogar drei Fremdsprachen (Englisch \/ Franz\u00f6sisch und \/ oder Latein) mitbringen, ist das Lerntempo erfreulich hoch, was sehr motivierend ist und dazu f\u00fchrt, dass auch nach \u201enur\u201c drei Jahren Oberstufenunterricht in der Regel ein wirklich hohes Niveau erreicht wird \u2013 eine Tatsache, die auch von den Sch\u00fclerinnen unter Beweis gestellt wurde, die sich in den letzten Jahren sogar im <strong>m\u00fcndlichen Abitur<\/strong> f\u00fcr das Fach Spanisch entschieden haben!<\/p>\n\n\n\n<p>Grundlage des Unterrichts ist in den ersten drei Halbjahren haupts\u00e4chlich die Arbeit mit dem Lehrwerk <em>A_tope.com<\/em>. Wenn es sich anbietet, werden bestimmte Themen bereits \u00fcber das Angebot des reinen Lehrwerks hinaus vertieft. In den letzten drei Halbjahren werden dann unterschiedliche Themen, die sowohl f\u00fcr Spanien als auch f\u00fcr Lateinamerika wichtig sind, behandelt. Als Beispiele seien hier die Bereiche <em>turismo<\/em>, <em>migraci\u00f3n<\/em>, <em>guerra civil espa\u00f1ola<\/em>, <em>el golpe de estado de Chile<\/em> genannt.<\/p>\n<\/div>\n\n\n\n<div class=\"wp-block-column is-layout-flow wp-block-column-is-layout-flow\" style=\"flex-basis:33.33%\"><div class=\"wp-block-image\">\n<figure class=\"aligncenter size-large\"><img fetchpriority=\"high\" decoding=\"async\" width=\"768\" height=\"1024\" src=\"https:\/\/gymnasium-eckhorst.de\/homepage\/wp-content\/uploads\/2020\/11\/IMG_8906-768x1024.jpeg\" alt=\"\" class=\"wp-image-2422\" srcset=\"https:\/\/gymnasium-eckhorst.de\/homepage\/wp-content\/uploads\/2020\/11\/IMG_8906-768x1024.jpeg 768w, https:\/\/gymnasium-eckhorst.de\/homepage\/wp-content\/uploads\/2020\/11\/IMG_8906-225x300.jpeg 225w, https:\/\/gymnasium-eckhorst.de\/homepage\/wp-content\/uploads\/2020\/11\/IMG_8906.jpeg 960w\" sizes=\"(max-width: 768px) 100vw, 768px\" \/><\/figure>\n<\/div><\/div>\n<\/div>\n\n\n\n<div class=\"wp-block-columns alignwide is-layout-flex wp-container-core-columns-is-layout-9d6595d7 wp-block-columns-is-layout-flex\">\n<div class=\"wp-block-column is-layout-flow wp-block-column-is-layout-flow\" style=\"flex-basis:33.33%\"><div class=\"wp-block-image\">\n<figure class=\"aligncenter size-large\"><img decoding=\"async\" width=\"768\" height=\"1024\" src=\"https:\/\/gymnasium-eckhorst.de\/homepage\/wp-content\/uploads\/2020\/11\/IMG_7950-768x1024.jpeg\" alt=\"\" class=\"wp-image-2421\" srcset=\"https:\/\/gymnasium-eckhorst.de\/homepage\/wp-content\/uploads\/2020\/11\/IMG_7950-768x1024.jpeg 768w, https:\/\/gymnasium-eckhorst.de\/homepage\/wp-content\/uploads\/2020\/11\/IMG_7950-225x300.jpeg 225w, https:\/\/gymnasium-eckhorst.de\/homepage\/wp-content\/uploads\/2020\/11\/IMG_7950.jpeg 960w\" sizes=\"(max-width: 768px) 100vw, 768px\" \/><\/figure>\n<\/div><\/div>\n\n\n\n<div class=\"wp-block-column is-layout-flow wp-block-column-is-layout-flow\" style=\"flex-basis:66.66%\">\n<p><br><br>Seit dem Schuljahr 2020\/21 wird Spanisch nun neben Franz\u00f6sisch und Latein als <strong>zweite Fremdsprache<\/strong> angeboten! Wir arbeiten mit dem Lehrwerk <em>\u00a1Vamos! Adelante!<\/em>, welches unter anderem die rasche Hinf\u00fchrung zur Sprechf\u00e4higkeit zum Ziel hat. Wir versuchen also, die Sch\u00fcler*innen schnell zum Sprechen zu bringen: Nicht nur kleine Dialoge sondern auch erste kurze Pr\u00e4sentationen werden so bereits im ersten Lernjahr m\u00f6glich! Werden die Sprachkenntnisse dann in den Folgejahren zunehmend besser, werden zunehmend auch anspruchsvollere Aufgaben wie das Erstellen von&nbsp; Interviews, kurzen Filmszenen oder Podcasts gestellt. Dabei k\u00f6nnen die Sch\u00fcler*innen auf die gute technische Ausstattung unserer Schule bzw. unseres Medienzentrums zur\u00fcckgreifen!<\/p>\n\n\n\n<p>Das Gymnasium Eckhorst bem\u00fcht sich, einen Austausch mit einer spanischen Schule zu organisieren, damit die Sch\u00fcler*innen ihre Sprachkenntnisse auch \u201eim echten Leben\u201c anwenden und verbessern k\u00f6nnen.<\/p>\n\n\n\n<p>Der Einrichtung einer DELE-AG, die gezielt auf das DELE-Diplom, also auf ein international anerkanntes Zertifikat, vorbereitet, steht bei einer ausreichenden Anzahl engagierter Sch\u00fcler*innen ebenfalls nichts im Wege.<\/p>\n<\/div>\n<\/div>\n\n\n\n<figure class=\"wp-block-gallery has-nested-images columns-2 is-cropped wp-block-gallery-1 is-layout-flex wp-block-gallery-is-layout-flex\">\n<figure class=\"wp-block-image size-large\"><img decoding=\"async\" width=\"717\" height=\"1024\" data-id=\"2419\" src=\"https:\/\/gymnasium-eckhorst.de\/homepage\/wp-content\/uploads\/2020\/11\/IMG_7932-717x1024.jpeg\" alt=\"\" class=\"wp-image-2419\" srcset=\"https:\/\/gymnasium-eckhorst.de\/homepage\/wp-content\/uploads\/2020\/11\/IMG_7932-717x1024.jpeg 717w, https:\/\/gymnasium-eckhorst.de\/homepage\/wp-content\/uploads\/2020\/11\/IMG_7932-210x300.jpeg 210w, https:\/\/gymnasium-eckhorst.de\/homepage\/wp-content\/uploads\/2020\/11\/IMG_7932-768x1097.jpeg 768w, https:\/\/gymnasium-eckhorst.de\/homepage\/wp-content\/uploads\/2020\/11\/IMG_7932.jpeg 896w\" sizes=\"(max-width: 717px) 100vw, 717px\" \/><\/figure>\n\n\n\n<figure class=\"wp-block-image size-large\"><img loading=\"lazy\" decoding=\"async\" width=\"768\" height=\"1024\" data-id=\"2420\" src=\"https:\/\/gymnasium-eckhorst.de\/homepage\/wp-content\/uploads\/2020\/11\/IMG_7935-768x1024.jpeg\" alt=\"\" class=\"wp-image-2420\" srcset=\"https:\/\/gymnasium-eckhorst.de\/homepage\/wp-content\/uploads\/2020\/11\/IMG_7935-768x1024.jpeg 768w, https:\/\/gymnasium-eckhorst.de\/homepage\/wp-content\/uploads\/2020\/11\/IMG_7935-225x300.jpeg 225w, https:\/\/gymnasium-eckhorst.de\/homepage\/wp-content\/uploads\/2020\/11\/IMG_7935.jpeg 960w\" sizes=\"(max-width: 768px) 100vw, 768px\" \/><\/figure>\n\n\n\n<figure class=\"wp-block-image size-large\"><img loading=\"lazy\" decoding=\"async\" width=\"1024\" height=\"694\" data-id=\"2418\" src=\"https:\/\/gymnasium-eckhorst.de\/homepage\/wp-content\/uploads\/2020\/11\/IMG_8916-2-1024x694.jpeg\" alt=\"\" class=\"wp-image-2418\" srcset=\"https:\/\/gymnasium-eckhorst.de\/homepage\/wp-content\/uploads\/2020\/11\/IMG_8916-2-1024x694.jpeg 1024w, https:\/\/gymnasium-eckhorst.de\/homepage\/wp-content\/uploads\/2020\/11\/IMG_8916-2-300x203.jpeg 300w, https:\/\/gymnasium-eckhorst.de\/homepage\/wp-content\/uploads\/2020\/11\/IMG_8916-2-768x521.jpeg 768w, https:\/\/gymnasium-eckhorst.de\/homepage\/wp-content\/uploads\/2020\/11\/IMG_8916-2-1200x814.jpeg 1200w, https:\/\/gymnasium-eckhorst.de\/homepage\/wp-content\/uploads\/2020\/11\/IMG_8916-2.jpeg 1280w\" sizes=\"(max-width: 1024px) 100vw, 1024px\" \/><\/figure>\n<\/figure>\n\n\n\n<p>Als kleinen Einblick gibt es hier ein kleines Buch, das im Spanisch-Anf\u00e4ngerunterricht des E-Jahrganges entstanden ist:<\/p>\n\n\n\n<div data-wp-interactive=\"core\/file\" class=\"wp-block-file\"><object data-wp-bind--hidden=\"!state.hasPdfPreview\" hidden class=\"wp-block-file__embed\" data=\"https:\/\/gymnasium-eckhorst.de\/homepage\/wp-content\/uploads\/2025\/07\/Libro-la-conquista-America-Latina.pdf\" type=\"application\/pdf\" style=\"width:100%;height:600px\" aria-label=\"PDF-Einbettung\"><\/object><\/div>\n\n\n\n<hr class=\"wp-block-separator has-alpha-channel-opacity\"\/>\n\n\n\n<h4 class=\"wp-block-heading\">Schulinterne Fachcurricula   <\/h4>\n\n\n\n<p><em>Die unten aufgef\u00fchrten schulinternen Fachcurricula sind Kurzfassungen, die einen \u00dcberblick \u00fcber die Schwerpunkte, Besonderheiten und zu erbringenden Leistungsnachweise liefern sollen. Einzelheiten k\u00f6nnen bei den jeweiligen Fachlehrkr\u00e4ften erfragt werden.<\/em><\/p>\n\n\n\n<p class=\"has-text-align-center\"><a href=\"https:\/\/gymnasium-eckhorst.de\/homepage\/wp-content\/uploads\/2023\/05\/Fachcurriculum-SPA7.pdf\" target=\"_blank\" rel=\"noreferrer noopener\">Klasse 7<\/a><\/p>\n\n\n\n<p class=\"has-text-align-center\"><a href=\"https:\/\/gymnasium-eckhorst.de\/homepage\/wp-content\/uploads\/2023\/05\/Fachcurriculum-SPA8.pdf\" target=\"_blank\" rel=\"noreferrer noopener\">Klasse 8<\/a><\/p>\n\n\n\n<p class=\"has-text-align-center\"><a href=\"https:\/\/gymnasium-eckhorst.de\/homepage\/wp-content\/uploads\/2023\/05\/Fachcurriculum-SPA9.pdf\" target=\"_blank\" rel=\"noreferrer noopener\">Klasse 9<\/a><\/p>\n\n\n\n<p class=\"has-text-align-center\"><a href=\"https:\/\/gymnasium-eckhorst.de\/homepage\/wp-content\/uploads\/2023\/05\/Fachcurriculum-SPA10.pdf\" target=\"_blank\" rel=\"noreferrer noopener\">Klasse 10<\/a><\/p>\n\n\n\n<p class=\"has-text-align-center\"><a href=\"https:\/\/gymnasium-eckhorst.de\/homepage\/wp-content\/uploads\/2025\/11\/Fachcurriculum-der-Sekundarstufe-II.pdf\" target=\"_blank\" rel=\"noreferrer noopener\">Sek II<\/a><\/p>\n","protected":false},"excerpt":{"rendered":"<p>Am Gymnasium Eckhorst bieten wir schon seit vielen Jahren erfolgreich das Fach Spanisch als sp\u00e4tbeginnende Fremdsprache in der Oberstufe an, welche dann drei Jahre lang intensiv gelernt wird. Da die Sch\u00fcler*innen hierbei bereits Erfahrungen aus mindestens zwei, manchmal sogar drei Fremdsprachen (Englisch \/ Franz\u00f6sisch und \/ oder Latein) mitbringen, ist das Lerntempo erfreulich hoch, was [&hellip;]<\/p>\n","protected":false},"author":17,"featured_media":0,"parent":0,"menu_order":0,"comment_status":"closed","ping_status":"closed","template":"","meta":{"footnotes":""},"class_list":["post-1278","page","type-page","status-publish","hentry"],"_links":{"self":[{"href":"https:\/\/gymnasium-eckhorst.de\/homepage\/wp-json\/wp\/v2\/pages\/1278","targetHints":{"allow":["GET"]}}],"collection":[{"href":"https:\/\/gymnasium-eckhorst.de\/homepage\/wp-json\/wp\/v2\/pages"}],"about":[{"href":"https:\/\/gymnasium-eckhorst.de\/homepage\/wp-json\/wp\/v2\/types\/page"}],"author":[{"embeddable":true,"href":"https:\/\/gymnasium-eckhorst.de\/homepage\/wp-json\/wp\/v2\/users\/17"}],"replies":[{"embeddable":true,"href":"https:\/\/gymnasium-eckhorst.de\/homepage\/wp-json\/wp\/v2\/comments?post=1278"}],"version-history":[{"count":8,"href":"https:\/\/gymnasium-eckhorst.de\/homepage\/wp-json\/wp\/v2\/pages\/1278\/revisions"}],"predecessor-version":[{"id":17632,"href":"https:\/\/gymnasium-eckhorst.de\/homepage\/wp-json\/wp\/v2\/pages\/1278\/revisions\/17632"}],"wp:attachment":[{"href":"https:\/\/gymnasium-eckhorst.de\/homepage\/wp-json\/wp\/v2\/media?parent=1278"}],"curies":[{"name":"wp","href":"https:\/\/api.w.org\/{rel}","templated":true}]}}

<div class="wp-block-columns alignwide is-layout-flex wp-container-core-columns-is-layout-9d6595d7 wp-block-columns-is-layout-flex">
<div class="wp-block-column is-layout-flow wp-block-column-is-layout-flow" style="flex-basis:66.66%">
<p><br><br>Am Gymnasium Eckhorst bieten wir schon seit vielen Jahren erfolgreich das Fach Spanisch als <strong>spätbeginnende Fremdsprache</strong> in der Oberstufe an, welche dann drei Jahre lang intensiv gelernt wird. Da die Schüler*innen hierbei bereits Erfahrungen aus mindestens zwei, manchmal sogar drei Fremdsprachen (Englisch / Französisch und / oder Latein) mitbringen, ist das Lerntempo erfreulich hoch, was sehr motivierend ist und dazu führt, dass auch nach „nur“ drei Jahren Oberstufenunterricht in der Regel ein wirklich hohes Niveau erreicht wird – eine Tatsache, die auch von den Schülerinnen unter Beweis gestellt wurde, die sich in den letzten Jahren sogar im <strong>mündlichen Abitur</strong> für das Fach Spanisch entschieden haben!</p>



<p>Grundlage des Unterrichts ist in den ersten drei Halbjahren hauptsächlich die Arbeit mit dem Lehrwerk <em>A_tope.com</em>. Wenn es sich anbietet, werden bestimmte Themen bereits über das Angebot des reinen Lehrwerks hinaus vertieft. In den letzten drei Halbjahren werden dann unterschiedliche Themen, die sowohl für Spanien als auch für Lateinamerika wichtig sind, behandelt. Als Beispiele seien hier die Bereiche <em>turismo</em>, <em>migración</em>, <em>guerra civil española</em>, <em>el golpe de estado de Chile</em> genannt.</p>
</div>



<div class="wp-block-column is-layout-flow wp-block-column-is-layout-flow" style="flex-basis:33.33%"><div class="wp-block-image">
<figure class="aligncenter size-large"><img fetchpriority="high" decoding="async" width="768" height="1024" src="https://gymnasium-eckhorst.de/homepage/wp-content/uploads/2020/11/IMG_8906-768x1024.jpeg" alt="" class="wp-image-2422" srcset="https://gymnasium-eckhorst.de/homepage/wp-content/uploads/2020/11/IMG_8906-768x1024.jpeg 768w, https://gymnasium-eckhorst.de/homepage/wp-content/uploads/2020/11/IMG_8906-225x300.jpeg 225w, https://gymnasium-eckhorst.de/homepage/wp-content/uploads/2020/11/IMG_8906.jpeg 960w" sizes="(max-width: 768px) 100vw, 768px" /></figure>
</div></div>
</div>



<div class="wp-block-columns alignwide is-layout-flex wp-container-core-columns-is-layout-9d6595d7 wp-block-columns-is-layout-flex">
<div class="wp-block-column is-layout-flow wp-block-column-is-layout-flow" style="flex-basis:33.33%"><div class="wp-block-image">
<figure class="aligncenter size-large"><img decoding="async" width="768" height="1024" src="https://gymnasium-eckhorst.de/homepage/wp-content/uploads/2020/11/IMG_7950-768x1024.jpeg" alt="" class="wp-image-2421" srcset="https://gymnasium-eckhorst.de/homepage/wp-content/uploads/2020/11/IMG_7950-768x1024.jpeg 768w, https://gymnasium-eckhorst.de/homepage/wp-content/uploads/2020/11/IMG_7950-225x300.jpeg 225w, https://gymnasium-eckhorst.de/homepage/wp-content/uploads/2020/11/IMG_7950.jpeg 960w" sizes="(max-width: 768px) 100vw, 768px" /></figure>
</div></div>



<div class="wp-block-column is-layout-flow wp-block-column-is-layout-flow" style="flex-basis:66.66%">
<p><br><br>Seit dem Schuljahr 2020/21 wird Spanisch nun neben Französisch und Latein als <strong>zweite Fremdsprache</strong> angeboten! Wir arbeiten mit dem Lehrwerk <em>¡Vamos! Adelante!</em>, welches unter anderem die rasche Hinführung zur Sprechfähigkeit zum Ziel hat. Wir versuchen also, die Schüler*innen schnell zum Sprechen zu bringen: Nicht nur kleine Dialoge sondern auch erste kurze Präsentationen werden so bereits im ersten Lernjahr möglich! Werden die Sprachkenntnisse dann in den Folgejahren zunehmend besser, werden zunehmend auch anspruchsvollere Aufgaben wie das Erstellen von&nbsp; Interviews, kurzen Filmszenen oder Podcasts gestellt. Dabei können die Schüler*innen auf die gute technische Ausstattung unserer Schule bzw. unseres Medienzentrums zurückgreifen!</p>



<p>Das Gymnasium Eckhorst bemüht sich, einen Austausch mit einer spanischen Schule zu organisieren, damit die Schüler*innen ihre Sprachkenntnisse auch „im echten Leben“ anwenden und verbessern können.</p>



<p>Der Einrichtung einer DELE-AG, die gezielt auf das DELE-Diplom, also auf ein international anerkanntes Zertifikat, vorbereitet, steht bei einer ausreichenden Anzahl engagierter Schüler*innen ebenfalls nichts im Wege.</p>
</div>
</div>



<figure class="wp-block-gallery has-nested-images columns-2 is-cropped wp-block-gallery-1 is-layout-flex wp-block-gallery-is-layout-flex">
<figure class="wp-block-image size-large"><img decoding="async" width="717" height="1024" data-id="2419" src="https://gymnasium-eckhorst.de/homepage/wp-content/uploads/2020/11/IMG_7932-717x1024.jpeg" alt="" class="wp-image-2419" srcset="https://gymnasium-eckhorst.de/homepage/wp-content/uploads/2020/11/IMG_7932-717x1024.jpeg 717w, https://gymnasium-eckhorst.de/homepage/wp-content/uploads/2020/11/IMG_7932-210x300.jpeg 210w, https://gymnasium-eckhorst.de/homepage/wp-content/uploads/2020/11/IMG_7932-768x1097.jpeg 768w, https://gymnasium-eckhorst.de/homepage/wp-content/uploads/2020/11/IMG_7932.jpeg 896w" sizes="(max-width: 717px) 100vw, 717px" /></figure>



<figure class="wp-block-image size-large"><img loading="lazy" decoding="async" width="768" height="1024" data-id="2420" src="https://gymnasium-eckhorst.de/homepage/wp-content/uploads/2020/11/IMG_7935-768x1024.jpeg" alt="" class="wp-image-2420" srcset="https://gymnasium-eckhorst.de/homepage/wp-content/uploads/2020/11/IMG_7935-768x1024.jpeg 768w, https://gymnasium-eckhorst.de/homepage/wp-content/uploads/2020/11/IMG_7935-225x300.jpeg 225w, https://gymnasium-eckhorst.de/homepage/wp-content/uploads/2020/11/IMG_7935.jpeg 960w" sizes="(max-width: 768px) 100vw, 768px" /></figure>



<figure class="wp-block-image size-large"><img loading="lazy" decoding="async" width="1024" height="694" data-id="2418" src="https://gymnasium-eckhorst.de/homepage/wp-content/uploads/2020/11/IMG_8916-2-1024x694.jpeg" alt="" class="wp-image-2418" srcset="https://gymnasium-eckhorst.de/homepage/wp-content/uploads/2020/11/IMG_8916-2-1024x694.jpeg 1024w, https://gymnasium-eckhorst.de/homepage/wp-content/uploads/2020/11/IMG_8916-2-300x203.jpeg 300w, https://gymnasium-eckhorst.de/homepage/wp-content/uploads/2020/11/IMG_8916-2-768x521.jpeg 768w, https://gymnasium-eckhorst.de/homepage/wp-content/uploads/2020/11/IMG_8916-2-1200x814.jpeg 1200w, https://gymnasium-eckhorst.de/homepage/wp-content/uploads/2020/11/IMG_8916-2.jpeg 1280w" sizes="(max-width: 1024px) 100vw, 1024px" /></figure>
</figure>



<p>Als kleinen Einblick gibt es hier ein kleines Buch, das im Spanisch-Anfängerunterricht des E-Jahrganges entstanden ist:</p>



<div data-wp-interactive="core/file" class="wp-block-file"><object data-wp-bind--hidden="!state.hasPdfPreview" hidden class="wp-block-file__embed" data="https://gymnasium-eckhorst.de/homepage/wp-content/uploads/2025/07/Libro-la-conquista-America-Latina.pdf" type="application/pdf" style="width:100%;height:600px" aria-label="PDF-Einbettung"></object></div>



<hr class="wp-block-separator has-alpha-channel-opacity"/>



<h4 class="wp-block-heading">Schulinterne Fachcurricula   </h4>



<p><em>Die unten aufgeführten schulinternen Fachcurricula sind Kurzfassungen, die einen Überblick über die Schwerpunkte, Besonderheiten und zu erbringenden Leistungsnachweise liefern sollen. Einzelheiten können bei den jeweiligen Fachlehrkräften erfragt werden.</em></p>



<p class="has-text-align-center"><a href="https://gymnasium-eckhorst.de/homepage/wp-content/uploads/2023/05/Fachcurriculum-SPA7.pdf" target="_blank" rel="noreferrer noopener">Klasse 7</a></p>



<p class="has-text-align-center"><a href="https://gymnasium-eckhorst.de/homepage/wp-content/uploads/2023/05/Fachcurriculum-SPA8.pdf" target="_blank" rel="noreferrer noopener">Klasse 8</a></p>



<p class="has-text-align-center"><a href="https://gymnasium-eckhorst.de/homepage/wp-content/uploads/2023/05/Fachcurriculum-SPA9.pdf" target="_blank" rel="noreferrer noopener">Klasse 9</a></p>



<p class="has-text-align-center"><a href="https://gymnasium-eckhorst.de/homepage/wp-content/uploads/2023/05/Fachcurriculum-SPA10.pdf" target="_blank" rel="noreferrer noopener">Klasse 10</a></p>



<p class="has-text-align-center"><a href="https://gymnasium-eckhorst.de/homepage/wp-content/uploads/2025/11/Fachcurriculum-der-Sekundarstufe-II.pdf" target="_blank" rel="noreferrer noopener">Sek II</a></p>

<p>Am Gymnasium Eckhorst bieten wir schon seit vielen Jahren erfolgreich das Fach Spanisch als spätbeginnende Fremdsprache in der Oberstufe an, welche dann drei Jahre lang intensiv gelernt wird. Da die Schüler*innen hierbei bereits Erfahrungen aus mindestens zwei, manchmal sogar drei Fremdsprachen (Englisch / Französisch und / oder Latein) mitbringen, ist das Lerntempo erfreulich hoch, was [&hellip;]</p>
